{"id":574,"date":"2014-02-03T20:50:14","date_gmt":"2014-02-03T19:50:14","guid":{"rendered":"http:\/\/littorelles.org\/?page_id=574"},"modified":"2014-02-03T20:50:14","modified_gmt":"2014-02-03T19:50:14","slug":"londres-cosmopolite-londres-insolite-londres-au-coeur-du-monde","status":"publish","type":"page","link":"https:\/\/www.littorelles.org\/?page_id=574","title":{"rendered":"Londres cosmopolite, Londres insolite, Londres au c\u0153ur du monde"},"content":{"rendered":"<p><img decoding=\"async\" class=\"ngg_displayed_gallery mceItem\" alt=\"\" src=\"littorelles.org\/index.php\/nextgen-attach_to_post\/preview\/id--735\" \/><\/p>\n<p>Une journ\u00e9e originale en dehors des sentiers battus<\/p>\n<p>Tout d&rsquo;abord une visite priv\u00e9e du plus grand temple indien d&rsquo;Europe, une merveille de marbre blanc. Nous avons assist\u00e9 \u00e0 la pri\u00e8re du matin \u00e0 l&rsquo;int\u00e9rieur avec les fid\u00e8les et les offrandes.<\/p>\n<p>Apr\u00e8s un d\u00e9jeuner vietnamien, visite guid\u00e9e avec Victoria dans des galeries d&rsquo;art contemporain et du quartier de Shoreditch : \u00a0Flowers Gallery avec Simon Roberts et Freys Payne puis Idris Khan \u00e0 Victoria Miro et un artiste contemporain iranien.<\/p>\n<p>Ce fut une promenade tr\u00e8s originale dans les quartiers r\u00e9habilit\u00e9s de Londres qui deviennent \u00a0tr\u00e8s pris\u00e9s pour leurs lofts et et le style post industriel. Une d\u00e9couverte !<\/p>\n","protected":false},"excerpt":{"rendered":"<p>Une journ\u00e9e originale en dehors des sentiers battus Tout d&rsquo;abord une visite priv\u00e9e du plus grand temple indien d&rsquo;Europe, une merveille de marbre blanc. Nous avons assist\u00e9 \u00e0 la pri\u00e8re du matin \u00e0 l&rsquo;int\u00e9rieur avec les fid\u00e8les et les offrandes. Apr\u00e8s un d\u00e9jeuner vietnamien, visite guid\u00e9e avec Victoria dans des galeries d&rsquo;art contemporain et du &hellip; <a href=\"https:\/\/www.littorelles.org\/?page_id=574\" class=\"more-link\">Continuer la lecture de <span class=\"screen-reader-text\">Londres cosmopolite, Londres insolite, Londres au c\u0153ur du monde<\/span> <span class=\"meta-nav\">&rarr;<\/span><\/a><\/p>\n","protected":false},"author":1,"featured_media":0,"parent":39,"menu_order":0,"comment_status":"closed","ping_status":"open","template":"","meta":{"ngg_post_thumbnail":0,"footnotes":""},"class_list":["post-574","page","type-page","status-publish","hentry"],"_links":{"self":[{"href":"https:\/\/www.littorelles.org\/index.php?rest_route=\/wp\/v2\/pages\/574","targetHints":{"allow":["GET"]}}],"collection":[{"href":"https:\/\/www.littorelles.org\/index.php?rest_route=\/wp\/v2\/pages"}],"about":[{"href":"https:\/\/www.littorelles.org\/index.php?rest_route=\/wp\/v2\/types\/page"}],"author":[{"embeddable":true,"href":"https:\/\/www.littorelles.org\/index.php?rest_route=\/wp\/v2\/users\/1"}],"replies":[{"embeddable":true,"href":"https:\/\/www.littorelles.org\/index.php?rest_route=%2Fwp%2Fv2%2Fcomments&post=574"}],"version-history":[{"count":0,"href":"https:\/\/www.littorelles.org\/index.php?rest_route=\/wp\/v2\/pages\/574\/revisions"}],"up":[{"embeddable":true,"href":"https:\/\/www.littorelles.org\/index.php?rest_route=\/wp\/v2\/pages\/39"}],"wp:attachment":[{"href":"https:\/\/www.littorelles.org\/index.php?rest_route=%2Fwp%2Fv2%2Fmedia&parent=574"}],"curies":[{"name":"wp","href":"https:\/\/api.w.org\/{rel}","templated":true}]}}