{"id":4695,"date":"2025-12-18T16:29:35","date_gmt":"2025-12-18T15:29:35","guid":{"rendered":"https:\/\/www.littorelles.org\/?page_id=4695"},"modified":"2025-12-18T16:30:11","modified_gmt":"2025-12-18T15:30:11","slug":"conference-de-nicolas-felliers-chana-orloff-une-vie-de-legende","status":"publish","type":"page","link":"https:\/\/www.littorelles.org\/?page_id=4695","title":{"rendered":"Conf\u00e9rence de Nicolas Felliers : CHANA ORLOFF une vie de l\u00e9gende."},"content":{"rendered":"\n<p>Voici une grande artiste un peu oubli\u00e9e dont les \u0153uvres aujourd&rsquo;hui ont un&nbsp;\u00e9norme succ\u00e8s &#8211; \u00c0 Paris,&nbsp; un mus\u00e9e est enti\u00e8rement&nbsp;consacr\u00e9 \u00e0 Chana Orloff<\/p>\n\n\n\n<p>Nicola Felliers nous a, une fois de plus, enthousiasm\u00e9es<\/p>\n\n\n\n<figure class=\"wp-block-embed is-type-video is-provider-youtube wp-block-embed-youtube wp-embed-aspect-16-9 wp-has-aspect-ratio\"><div class=\"wp-block-embed__wrapper\">\n<iframe loading=\"lazy\" title=\"Comment Chana Orloff s&#039;est impos\u00e9e comme sculptrice avant-gardiste\" width=\"604\" height=\"340\" src=\"https:\/\/www.youtube.com\/embed\/O6S6Q5Evaro?feature=oembed\" frameborder=\"0\" allow=\"accelerometer; autoplay; clipboard-write; encrypted-media; gyroscope; picture-in-picture; web-share\" referrerpolicy=\"strict-origin-when-cross-origin\" allowfullscreen><\/iframe>\n<\/div><\/figure>\n\n\n\n<p>Originaire du sud-est de l&rsquo;Ukraine, huiti\u00e8me d\u2018une famille juive de neuf enfants, Chana Orloff arrive \u00e0 Paris en 1910 pour apprendre la couture. Elle deviendra une sculptrice majeure du XXe si\u00e8cle.<\/p>\n\n\n\n<p>Son chemin croisera celui de Modigliani, Soutine et d&rsquo;artistes de Montparnasse et de l&rsquo;\u00c9cole de Paris. Ses ateliers, construits pour elle par Auguste Perret, villa Seurat \u00e0 Paris, rassemblent pr\u00e8s de 200 de ses sculptures.<\/p>\n\n\n\n<p>\u00ab Chana Orloff fut l&rsquo;une des premi\u00e8res femmes \u00e0 se risquer dans le domaine de la sculpture. Elle a apport\u00e9 \u00e0 la sculpture moderne la fra\u00eecheur et la richesse du quotidien. Gr\u00e2ce \u00e0 elle, la sculpture devient le patrimoine de chacun, accessible \u00e0 chacun, et si nous n&rsquo;avions peur d&rsquo;\u00eatre mal compris, nous dirions qu&rsquo;elle fut le plus d\u00e9mocratique des sculpteurs contemporains. Mais si elle se met \u00e0 la port\u00e9e du grand public, c&rsquo;est pour lui permettre de mieux acc\u00e9der \u00e0 l&rsquo;art\u2026 \u00bb<\/p>\n\n\n\n<figure class=\"wp-block-gallery has-nested-images columns-default is-cropped wp-block-gallery-1 is-layout-flex wp-block-gallery-is-layout-flex\">\n<figure class=\"wp-block-image size-large\"><img loading=\"lazy\" decoding=\"async\" width=\"1024\" height=\"659\" data-id=\"4705\" src=\"https:\/\/www.littorelles.org\/wp-content\/uploads\/2025\/12\/Chana_Orloff_israel_05-1024x659.jpg\" alt=\"\" class=\"wp-image-4705\" srcset=\"https:\/\/www.littorelles.org\/wp-content\/uploads\/2025\/12\/Chana_Orloff_israel_05-1024x659.jpg 1024w, https:\/\/www.littorelles.org\/wp-content\/uploads\/2025\/12\/Chana_Orloff_israel_05-300x193.jpg 300w, https:\/\/www.littorelles.org\/wp-content\/uploads\/2025\/12\/Chana_Orloff_israel_05-768x494.jpg 768w, https:\/\/www.littorelles.org\/wp-content\/uploads\/2025\/12\/Chana_Orloff_israel_05.jpg 1194w\" sizes=\"auto, (max-width: 1024px) 100vw, 1024px\" \/><\/figure>\n\n\n\n<figure class=\"wp-block-image size-large\"><img loading=\"lazy\" decoding=\"async\" width=\"1024\" height=\"580\" data-id=\"4700\" src=\"https:\/\/www.littorelles.org\/wp-content\/uploads\/2025\/12\/1200x680-1024x580.jpg\" alt=\"\" class=\"wp-image-4700\" srcset=\"https:\/\/www.littorelles.org\/wp-content\/uploads\/2025\/12\/1200x680-1024x580.jpg 1024w, https:\/\/www.littorelles.org\/wp-content\/uploads\/2025\/12\/1200x680-300x170.jpg 300w, https:\/\/www.littorelles.org\/wp-content\/uploads\/2025\/12\/1200x680-768x435.jpg 768w, https:\/\/www.littorelles.org\/wp-content\/uploads\/2025\/12\/1200x680.jpg 1200w\" sizes=\"auto, (max-width: 1024px) 100vw, 1024px\" \/><\/figure>\n\n\n\n<figure class=\"wp-block-image size-large\"><img loading=\"lazy\" decoding=\"async\" width=\"799\" height=\"599\" data-id=\"4701\" src=\"https:\/\/www.littorelles.org\/wp-content\/uploads\/2025\/12\/Exposition-Chana-Orloff-Sculpter-lepoque-Musee-Zadkine-vue-de-lexpo-.jpg\" alt=\"\" class=\"wp-image-4701\" srcset=\"https:\/\/www.littorelles.org\/wp-content\/uploads\/2025\/12\/Exposition-Chana-Orloff-Sculpter-lepoque-Musee-Zadkine-vue-de-lexpo-.jpg 799w, https:\/\/www.littorelles.org\/wp-content\/uploads\/2025\/12\/Exposition-Chana-Orloff-Sculpter-lepoque-Musee-Zadkine-vue-de-lexpo--300x225.jpg 300w, https:\/\/www.littorelles.org\/wp-content\/uploads\/2025\/12\/Exposition-Chana-Orloff-Sculpter-lepoque-Musee-Zadkine-vue-de-lexpo--768x576.jpg 768w\" sizes=\"auto, (max-width: 799px) 100vw, 799px\" \/><\/figure>\n\n\n\n<figure class=\"wp-block-image size-large\"><img loading=\"lazy\" decoding=\"async\" width=\"635\" height=\"1024\" data-id=\"4702\" src=\"https:\/\/www.littorelles.org\/wp-content\/uploads\/2025\/12\/74942-635x1024.jpg\" alt=\"\" class=\"wp-image-4702\" srcset=\"https:\/\/www.littorelles.org\/wp-content\/uploads\/2025\/12\/74942-635x1024.jpg 635w, https:\/\/www.littorelles.org\/wp-content\/uploads\/2025\/12\/74942-186x300.jpg 186w, https:\/\/www.littorelles.org\/wp-content\/uploads\/2025\/12\/74942.jpg 768w\" sizes=\"auto, (max-width: 635px) 100vw, 635px\" \/><\/figure>\n\n\n\n<figure class=\"wp-block-image size-large\"><img loading=\"lazy\" decoding=\"async\" width=\"768\" height=\"768\" data-id=\"4704\" src=\"https:\/\/www.littorelles.org\/wp-content\/uploads\/2025\/12\/shot_1364121319535.jpg\" alt=\"\" class=\"wp-image-4704\" srcset=\"https:\/\/www.littorelles.org\/wp-content\/uploads\/2025\/12\/shot_1364121319535.jpg 768w, https:\/\/www.littorelles.org\/wp-content\/uploads\/2025\/12\/shot_1364121319535-300x300.jpg 300w, https:\/\/www.littorelles.org\/wp-content\/uploads\/2025\/12\/shot_1364121319535-150x150.jpg 150w\" sizes=\"auto, (max-width: 768px) 100vw, 768px\" \/><\/figure>\n\n\n\n<figure class=\"wp-block-image size-large\"><img loading=\"lazy\" decoding=\"async\" width=\"768\" height=\"772\" data-id=\"4698\" src=\"https:\/\/www.littorelles.org\/wp-content\/uploads\/2025\/12\/Chana-Orloff-1.jpg\" alt=\"\" class=\"wp-image-4698\" srcset=\"https:\/\/www.littorelles.org\/wp-content\/uploads\/2025\/12\/Chana-Orloff-1.jpg 768w, https:\/\/www.littorelles.org\/wp-content\/uploads\/2025\/12\/Chana-Orloff-1-298x300.jpg 298w, https:\/\/www.littorelles.org\/wp-content\/uploads\/2025\/12\/Chana-Orloff-1-150x150.jpg 150w\" sizes=\"auto, (max-width: 768px) 100vw, 768px\" \/><\/figure>\n\n\n\n<figure class=\"wp-block-image size-large\"><img loading=\"lazy\" decoding=\"async\" width=\"683\" height=\"1024\" data-id=\"4696\" src=\"https:\/\/www.littorelles.org\/wp-content\/uploads\/2025\/12\/n11626-d4vc9-t2-02-683x1024.jpg\" alt=\"\" class=\"wp-image-4696\" srcset=\"https:\/\/www.littorelles.org\/wp-content\/uploads\/2025\/12\/n11626-d4vc9-t2-02-683x1024.jpg 683w, https:\/\/www.littorelles.org\/wp-content\/uploads\/2025\/12\/n11626-d4vc9-t2-02-200x300.jpg 200w, https:\/\/www.littorelles.org\/wp-content\/uploads\/2025\/12\/n11626-d4vc9-t2-02.jpg 768w\" sizes=\"auto, (max-width: 683px) 100vw, 683px\" \/><\/figure>\n\n\n\n<figure class=\"wp-block-image size-large\"><img loading=\"lazy\" decoding=\"async\" width=\"1024\" height=\"639\" data-id=\"4699\" src=\"https:\/\/www.littorelles.org\/wp-content\/uploads\/2025\/12\/chana-orloff-chien-bronze-1024x639.jpg\" alt=\"\" class=\"wp-image-4699\" srcset=\"https:\/\/www.littorelles.org\/wp-content\/uploads\/2025\/12\/chana-orloff-chien-bronze-1024x639.jpg 1024w, https:\/\/www.littorelles.org\/wp-content\/uploads\/2025\/12\/chana-orloff-chien-bronze-300x187.jpg 300w, https:\/\/www.littorelles.org\/wp-content\/uploads\/2025\/12\/chana-orloff-chien-bronze-768x479.jpg 768w, https:\/\/www.littorelles.org\/wp-content\/uploads\/2025\/12\/chana-orloff-chien-bronze.jpg 1231w\" sizes=\"auto, (max-width: 1024px) 100vw, 1024px\" \/><\/figure>\n\n\n\n<figure class=\"wp-block-image size-large\"><img loading=\"lazy\" decoding=\"async\" width=\"579\" height=\"800\" data-id=\"4697\" src=\"https:\/\/www.littorelles.org\/wp-content\/uploads\/2025\/12\/M_Widhopff.jpg\" alt=\"\" class=\"wp-image-4697\" srcset=\"https:\/\/www.littorelles.org\/wp-content\/uploads\/2025\/12\/M_Widhopff.jpg 579w, https:\/\/www.littorelles.org\/wp-content\/uploads\/2025\/12\/M_Widhopff-217x300.jpg 217w\" sizes=\"auto, (max-width: 579px) 100vw, 579px\" \/><\/figure>\n\n\n\n<figure class=\"wp-block-image size-large\"><img loading=\"lazy\" decoding=\"async\" width=\"970\" height=\"768\" data-id=\"4703\" src=\"https:\/\/www.littorelles.org\/wp-content\/uploads\/2025\/12\/shana.jpg\" alt=\"\" class=\"wp-image-4703\" srcset=\"https:\/\/www.littorelles.org\/wp-content\/uploads\/2025\/12\/shana.jpg 970w, https:\/\/www.littorelles.org\/wp-content\/uploads\/2025\/12\/shana-300x238.jpg 300w, https:\/\/www.littorelles.org\/wp-content\/uploads\/2025\/12\/shana-768x608.jpg 768w\" sizes=\"auto, (max-width: 970px) 100vw, 970px\" \/><\/figure>\n<\/figure>\n","protected":false},"excerpt":{"rendered":"<p>Voici une grande artiste un peu oubli\u00e9e dont les \u0153uvres aujourd&rsquo;hui ont un&nbsp;\u00e9norme succ\u00e8s &#8211; \u00c0 Paris,&nbsp; un mus\u00e9e est enti\u00e8rement&nbsp;consacr\u00e9 \u00e0 Chana Orloff Nicola Felliers nous a, une fois de plus, enthousiasm\u00e9es Originaire du sud-est de l&rsquo;Ukraine, huiti\u00e8me d\u2018une famille juive de neuf enfants, Chana Orloff arrive \u00e0 Paris en 1910 pour apprendre la &hellip; <a href=\"https:\/\/www.littorelles.org\/?page_id=4695\" class=\"more-link\">Continuer la lecture de <span class=\"screen-reader-text\">Conf\u00e9rence de Nicolas Felliers : CHANA ORLOFF une vie de l\u00e9gende.<\/span> <span class=\"meta-nav\">&rarr;<\/span><\/a><\/p>\n","protected":false},"author":1,"featured_media":0,"parent":4290,"menu_order":0,"comment_status":"closed","ping_status":"closed","template":"","meta":{"ngg_post_thumbnail":0,"footnotes":""},"class_list":["post-4695","page","type-page","status-publish","hentry"],"_links":{"self":[{"href":"https:\/\/www.littorelles.org\/index.php?rest_route=\/wp\/v2\/pages\/4695","targetHints":{"allow":["GET"]}}],"collection":[{"href":"https:\/\/www.littorelles.org\/index.php?rest_route=\/wp\/v2\/pages"}],"about":[{"href":"https:\/\/www.littorelles.org\/index.php?rest_route=\/wp\/v2\/types\/page"}],"author":[{"embeddable":true,"href":"https:\/\/www.littorelles.org\/index.php?rest_route=\/wp\/v2\/users\/1"}],"replies":[{"embeddable":true,"href":"https:\/\/www.littorelles.org\/index.php?rest_route=%2Fwp%2Fv2%2Fcomments&post=4695"}],"version-history":[{"count":2,"href":"https:\/\/www.littorelles.org\/index.php?rest_route=\/wp\/v2\/pages\/4695\/revisions"}],"predecessor-version":[{"id":4708,"href":"https:\/\/www.littorelles.org\/index.php?rest_route=\/wp\/v2\/pages\/4695\/revisions\/4708"}],"up":[{"embeddable":true,"href":"https:\/\/www.littorelles.org\/index.php?rest_route=\/wp\/v2\/pages\/4290"}],"wp:attachment":[{"href":"https:\/\/www.littorelles.org\/index.php?rest_route=%2Fwp%2Fv2%2Fmedia&parent=4695"}],"curies":[{"name":"wp","href":"https:\/\/api.w.org\/{rel}","templated":true}]}}