{"id":4657,"date":"2025-12-18T15:53:32","date_gmt":"2025-12-18T14:53:32","guid":{"rendered":"https:\/\/www.littorelles.org\/?page_id=4657"},"modified":"2025-12-18T15:53:32","modified_gmt":"2025-12-18T14:53:32","slug":"bruxelles-art-nouveau-art-imperial-art-contemporain","status":"publish","type":"page","link":"https:\/\/www.littorelles.org\/?page_id=4657","title":{"rendered":"Bruxelles, Art Nouveau, Art Imp\u00e9rial, Art Contemporain"},"content":{"rendered":"\n<p>Nous avons eu le privil\u00e8ge d&rsquo;une visite priv\u00e9e de la maison Van Buren, un joyau de l&rsquo;Art d\u00e9co \u00e9rig\u00e9 en 1928.\u00a0Le mus\u00e9e\u00a0Van Buren est install\u00e9\u00a0dans la maison de ce couple de m\u00e9c\u00e8nes Van\u00a0 Buren, il abrite une impressionnante collection de tableaux sign\u00e9s par des artistes renomm\u00e9s du 16\u00e8me si\u00e8cle au 20\u00e8me\u00a0si\u00e8cle, comme James Ensor, Henri Fantin Latour, Constant Permeke, Gustave Van de Woestyne, Pierre Bruegel l&rsquo;ancien.<br>C &lsquo;est l&rsquo;occasion aussi de voir une maison de ma\u00eetres et de partager la vie quotidienne d&rsquo;un couple ais\u00e9 dans les ann\u00e9es 20. Vraiment une belle exp\u00e9rience !Puis nous avons visit\u00e9 les magnifiques jardins, v\u00e9ritables tr\u00e9sors de l&rsquo;art paysager avec la Roseraie et le Labyrinthe. Nous \u00e9tions toutes \u00e9merveill\u00e9es\u00a0de la qualit\u00e9 des lieux.<\/p>\n\n\n\n<p>Apr\u00e8s un d\u00e9jeuner \u00e9l\u00e9gant \u00e0 la Bourse de Bruxelles, nous avions&nbsp;rendez-vous \u00e0 la Vanhaerents Art Collection&nbsp;Elle refl\u00e8te la diversit\u00e9 et la vitalit\u00e9 des pratiques artistiques actuelles. Des peintres \u00e9tablis et \u00e9mergents&nbsp;y sont repr\u00e9sent\u00e9s avec des \u0153uvres particuli\u00e8rement monumentales : peintures, dessin, sculptures&nbsp;, installations, photographies et vid\u00e9os.&nbsp;<\/p>\n\n\n\n<p>Le m\u00e9tissage f\u00e9cond entre high et low art parcourt comme un fil rouge sa collection, avec des r\u00e9f\u00e9rences, entre autres, au cin\u00e9ma&nbsp;d&rsquo;Hitchcock, \u00e0 Mac Donald , au black m\u00e9tal ou encore la culture musicale gothique.&nbsp;<\/p>\n\n\n\n<figure class=\"wp-block-gallery has-nested-images columns-default is-cropped wp-block-gallery-1 is-layout-flex wp-block-gallery-is-layout-flex\">\n<figure class=\"wp-block-image size-large\"><img loading=\"lazy\" decoding=\"async\" width=\"1024\" height=\"768\" data-id=\"4660\" src=\"https:\/\/www.littorelles.org\/wp-content\/uploads\/2025\/12\/IMG_2345.jpg\" alt=\"\" class=\"wp-image-4660\" srcset=\"https:\/\/www.littorelles.org\/wp-content\/uploads\/2025\/12\/IMG_2345.jpg 1024w, https:\/\/www.littorelles.org\/wp-content\/uploads\/2025\/12\/IMG_2345-300x225.jpg 300w, https:\/\/www.littorelles.org\/wp-content\/uploads\/2025\/12\/IMG_2345-768x576.jpg 768w\" sizes=\"auto, (max-width: 1024px) 100vw, 1024px\" \/><\/figure>\n\n\n\n<figure class=\"wp-block-image size-large\"><img loading=\"lazy\" decoding=\"async\" width=\"768\" height=\"1024\" data-id=\"4662\" src=\"https:\/\/www.littorelles.org\/wp-content\/uploads\/2025\/12\/IMG_2346-rotated.jpg\" alt=\"\" class=\"wp-image-4662\" srcset=\"https:\/\/www.littorelles.org\/wp-content\/uploads\/2025\/12\/IMG_2346-rotated.jpg 768w, https:\/\/www.littorelles.org\/wp-content\/uploads\/2025\/12\/IMG_2346-225x300.jpg 225w\" sizes=\"auto, (max-width: 768px) 100vw, 768px\" \/><\/figure>\n\n\n\n<figure class=\"wp-block-image size-large\"><img loading=\"lazy\" decoding=\"async\" width=\"768\" height=\"1024\" data-id=\"4664\" src=\"https:\/\/www.littorelles.org\/wp-content\/uploads\/2025\/12\/IMG_2349-rotated.jpg\" alt=\"\" class=\"wp-image-4664\" srcset=\"https:\/\/www.littorelles.org\/wp-content\/uploads\/2025\/12\/IMG_2349-rotated.jpg 768w, https:\/\/www.littorelles.org\/wp-content\/uploads\/2025\/12\/IMG_2349-225x300.jpg 225w\" sizes=\"auto, (max-width: 768px) 100vw, 768px\" \/><\/figure>\n\n\n\n<figure class=\"wp-block-image size-large\"><img loading=\"lazy\" decoding=\"async\" width=\"1024\" height=\"768\" data-id=\"4665\" src=\"https:\/\/www.littorelles.org\/wp-content\/uploads\/2025\/12\/IMG_2356.jpg\" alt=\"\" class=\"wp-image-4665\" srcset=\"https:\/\/www.littorelles.org\/wp-content\/uploads\/2025\/12\/IMG_2356.jpg 1024w, https:\/\/www.littorelles.org\/wp-content\/uploads\/2025\/12\/IMG_2356-300x225.jpg 300w, https:\/\/www.littorelles.org\/wp-content\/uploads\/2025\/12\/IMG_2356-768x576.jpg 768w\" sizes=\"auto, (max-width: 1024px) 100vw, 1024px\" \/><\/figure>\n\n\n\n<figure class=\"wp-block-image size-large\"><img loading=\"lazy\" decoding=\"async\" width=\"768\" height=\"1024\" data-id=\"4666\" src=\"https:\/\/www.littorelles.org\/wp-content\/uploads\/2025\/12\/IMG_2351-rotated.jpg\" alt=\"\" class=\"wp-image-4666\" srcset=\"https:\/\/www.littorelles.org\/wp-content\/uploads\/2025\/12\/IMG_2351-rotated.jpg 768w, https:\/\/www.littorelles.org\/wp-content\/uploads\/2025\/12\/IMG_2351-225x300.jpg 225w\" sizes=\"auto, (max-width: 768px) 100vw, 768px\" \/><\/figure>\n\n\n\n<figure class=\"wp-block-image size-large\"><img loading=\"lazy\" decoding=\"async\" width=\"1024\" height=\"768\" data-id=\"4668\" src=\"https:\/\/www.littorelles.org\/wp-content\/uploads\/2025\/12\/IMG_2353.jpg\" alt=\"\" class=\"wp-image-4668\" srcset=\"https:\/\/www.littorelles.org\/wp-content\/uploads\/2025\/12\/IMG_2353.jpg 1024w, https:\/\/www.littorelles.org\/wp-content\/uploads\/2025\/12\/IMG_2353-300x225.jpg 300w, https:\/\/www.littorelles.org\/wp-content\/uploads\/2025\/12\/IMG_2353-768x576.jpg 768w\" sizes=\"auto, (max-width: 1024px) 100vw, 1024px\" \/><\/figure>\n\n\n\n<figure class=\"wp-block-image size-large\"><img loading=\"lazy\" decoding=\"async\" width=\"1024\" height=\"768\" data-id=\"4670\" src=\"https:\/\/www.littorelles.org\/wp-content\/uploads\/2025\/12\/IMG_2357-1.jpg\" alt=\"\" class=\"wp-image-4670\" srcset=\"https:\/\/www.littorelles.org\/wp-content\/uploads\/2025\/12\/IMG_2357-1.jpg 1024w, https:\/\/www.littorelles.org\/wp-content\/uploads\/2025\/12\/IMG_2357-1-300x225.jpg 300w, https:\/\/www.littorelles.org\/wp-content\/uploads\/2025\/12\/IMG_2357-1-768x576.jpg 768w\" sizes=\"auto, (max-width: 1024px) 100vw, 1024px\" \/><\/figure>\n\n\n\n<figure class=\"wp-block-image size-large\"><img loading=\"lazy\" decoding=\"async\" width=\"768\" height=\"1024\" data-id=\"4659\" src=\"https:\/\/www.littorelles.org\/wp-content\/uploads\/2025\/12\/IMG_2425-rotated.jpeg\" alt=\"\" class=\"wp-image-4659\" srcset=\"https:\/\/www.littorelles.org\/wp-content\/uploads\/2025\/12\/IMG_2425-rotated.jpeg 768w, https:\/\/www.littorelles.org\/wp-content\/uploads\/2025\/12\/IMG_2425-225x300.jpeg 225w\" sizes=\"auto, (max-width: 768px) 100vw, 768px\" \/><\/figure>\n\n\n\n<figure class=\"wp-block-image size-large\"><img loading=\"lazy\" decoding=\"async\" width=\"768\" height=\"1024\" data-id=\"4658\" src=\"https:\/\/www.littorelles.org\/wp-content\/uploads\/2025\/12\/IMG_2421-rotated.jpeg\" alt=\"\" class=\"wp-image-4658\" srcset=\"https:\/\/www.littorelles.org\/wp-content\/uploads\/2025\/12\/IMG_2421-rotated.jpeg 768w, https:\/\/www.littorelles.org\/wp-content\/uploads\/2025\/12\/IMG_2421-225x300.jpeg 225w\" sizes=\"auto, (max-width: 768px) 100vw, 768px\" \/><\/figure>\n\n\n\n<figure class=\"wp-block-image size-large\"><img loading=\"lazy\" decoding=\"async\" width=\"1024\" height=\"768\" data-id=\"4661\" src=\"https:\/\/www.littorelles.org\/wp-content\/uploads\/2025\/12\/IMG_2426.jpeg\" alt=\"\" class=\"wp-image-4661\" srcset=\"https:\/\/www.littorelles.org\/wp-content\/uploads\/2025\/12\/IMG_2426.jpeg 1024w, https:\/\/www.littorelles.org\/wp-content\/uploads\/2025\/12\/IMG_2426-300x225.jpeg 300w, https:\/\/www.littorelles.org\/wp-content\/uploads\/2025\/12\/IMG_2426-768x576.jpeg 768w\" sizes=\"auto, (max-width: 1024px) 100vw, 1024px\" \/><\/figure>\n\n\n\n<figure class=\"wp-block-image size-large\"><img loading=\"lazy\" decoding=\"async\" width=\"768\" height=\"1024\" data-id=\"4663\" src=\"https:\/\/www.littorelles.org\/wp-content\/uploads\/2025\/12\/IMG_2468-rotated.jpeg\" alt=\"\" class=\"wp-image-4663\" srcset=\"https:\/\/www.littorelles.org\/wp-content\/uploads\/2025\/12\/IMG_2468-rotated.jpeg 768w, https:\/\/www.littorelles.org\/wp-content\/uploads\/2025\/12\/IMG_2468-225x300.jpeg 225w\" sizes=\"auto, (max-width: 768px) 100vw, 768px\" \/><\/figure>\n\n\n\n<figure class=\"wp-block-image size-large\"><img loading=\"lazy\" decoding=\"async\" width=\"1024\" height=\"768\" data-id=\"4671\" src=\"https:\/\/www.littorelles.org\/wp-content\/uploads\/2025\/12\/IMG_2435.jpeg\" alt=\"\" class=\"wp-image-4671\" srcset=\"https:\/\/www.littorelles.org\/wp-content\/uploads\/2025\/12\/IMG_2435.jpeg 1024w, https:\/\/www.littorelles.org\/wp-content\/uploads\/2025\/12\/IMG_2435-300x225.jpeg 300w, https:\/\/www.littorelles.org\/wp-content\/uploads\/2025\/12\/IMG_2435-768x576.jpeg 768w\" sizes=\"auto, (max-width: 1024px) 100vw, 1024px\" \/><\/figure>\n\n\n\n<figure class=\"wp-block-image size-large\"><img loading=\"lazy\" decoding=\"async\" width=\"768\" height=\"1024\" data-id=\"4667\" src=\"https:\/\/www.littorelles.org\/wp-content\/uploads\/2025\/12\/IMG_2424-rotated.jpeg\" alt=\"\" class=\"wp-image-4667\" srcset=\"https:\/\/www.littorelles.org\/wp-content\/uploads\/2025\/12\/IMG_2424-rotated.jpeg 768w, https:\/\/www.littorelles.org\/wp-content\/uploads\/2025\/12\/IMG_2424-225x300.jpeg 225w\" sizes=\"auto, (max-width: 768px) 100vw, 768px\" \/><\/figure>\n\n\n\n<figure class=\"wp-block-image size-large\"><img loading=\"lazy\" decoding=\"async\" width=\"768\" height=\"1024\" data-id=\"4669\" src=\"https:\/\/www.littorelles.org\/wp-content\/uploads\/2025\/12\/IMG_2438-rotated.jpeg\" alt=\"\" class=\"wp-image-4669\" srcset=\"https:\/\/www.littorelles.org\/wp-content\/uploads\/2025\/12\/IMG_2438-rotated.jpeg 768w, https:\/\/www.littorelles.org\/wp-content\/uploads\/2025\/12\/IMG_2438-225x300.jpeg 225w\" sizes=\"auto, (max-width: 768px) 100vw, 768px\" \/><\/figure>\n\n\n\n<figure class=\"wp-block-image size-large\"><img loading=\"lazy\" decoding=\"async\" width=\"768\" height=\"1024\" data-id=\"4672\" src=\"https:\/\/www.littorelles.org\/wp-content\/uploads\/2025\/12\/IMG_2431-rotated.jpeg\" alt=\"\" class=\"wp-image-4672\" srcset=\"https:\/\/www.littorelles.org\/wp-content\/uploads\/2025\/12\/IMG_2431-rotated.jpeg 768w, https:\/\/www.littorelles.org\/wp-content\/uploads\/2025\/12\/IMG_2431-225x300.jpeg 225w\" sizes=\"auto, (max-width: 768px) 100vw, 768px\" \/><\/figure>\n<\/figure>\n","protected":false},"excerpt":{"rendered":"<p>Nous avons eu le privil\u00e8ge d&rsquo;une visite priv\u00e9e de la maison Van Buren, un joyau de l&rsquo;Art d\u00e9co \u00e9rig\u00e9 en 1928.\u00a0Le mus\u00e9e\u00a0Van Buren est install\u00e9\u00a0dans la maison de ce couple de m\u00e9c\u00e8nes Van\u00a0 Buren, il abrite une impressionnante collection de tableaux sign\u00e9s par des artistes renomm\u00e9s du 16\u00e8me si\u00e8cle au 20\u00e8me\u00a0si\u00e8cle, comme James Ensor, Henri &hellip; <a href=\"https:\/\/www.littorelles.org\/?page_id=4657\" class=\"more-link\">Continuer la lecture de <span class=\"screen-reader-text\">Bruxelles, Art Nouveau, Art Imp\u00e9rial, Art Contemporain<\/span> <span class=\"meta-nav\">&rarr;<\/span><\/a><\/p>\n","protected":false},"author":1,"featured_media":0,"parent":4290,"menu_order":0,"comment_status":"closed","ping_status":"closed","template":"","meta":{"ngg_post_thumbnail":0,"footnotes":""},"class_list":["post-4657","page","type-page","status-publish","hentry"],"_links":{"self":[{"href":"https:\/\/www.littorelles.org\/index.php?rest_route=\/wp\/v2\/pages\/4657","targetHints":{"allow":["GET"]}}],"collection":[{"href":"https:\/\/www.littorelles.org\/index.php?rest_route=\/wp\/v2\/pages"}],"about":[{"href":"https:\/\/www.littorelles.org\/index.php?rest_route=\/wp\/v2\/types\/page"}],"author":[{"embeddable":true,"href":"https:\/\/www.littorelles.org\/index.php?rest_route=\/wp\/v2\/users\/1"}],"replies":[{"embeddable":true,"href":"https:\/\/www.littorelles.org\/index.php?rest_route=%2Fwp%2Fv2%2Fcomments&post=4657"}],"version-history":[{"count":1,"href":"https:\/\/www.littorelles.org\/index.php?rest_route=\/wp\/v2\/pages\/4657\/revisions"}],"predecessor-version":[{"id":4673,"href":"https:\/\/www.littorelles.org\/index.php?rest_route=\/wp\/v2\/pages\/4657\/revisions\/4673"}],"up":[{"embeddable":true,"href":"https:\/\/www.littorelles.org\/index.php?rest_route=\/wp\/v2\/pages\/4290"}],"wp:attachment":[{"href":"https:\/\/www.littorelles.org\/index.php?rest_route=%2Fwp%2Fv2%2Fmedia&parent=4657"}],"curies":[{"name":"wp","href":"https:\/\/api.w.org\/{rel}","templated":true}]}}