{"id":4519,"date":"2025-07-03T14:19:35","date_gmt":"2025-07-03T13:19:35","guid":{"rendered":"https:\/\/www.littorelles.org\/?page_id=4519"},"modified":"2025-07-03T14:19:35","modified_gmt":"2025-07-03T13:19:35","slug":"corps-au-travail-corps-en-mouvement","status":"publish","type":"page","link":"https:\/\/www.littorelles.org\/?page_id=4519","title":{"rendered":"Corps au travail, corps en mouvement"},"content":{"rendered":"\n<p>Nous ne sommes&nbsp;jamais d\u00e9\u00e7ues lorsque nous nous rendons \u00e0 la Piscine de Roubaix, cette fois ci pour l&rsquo;Exposition RODIN\/BOURDELLE<br>Antoine Bourdelle (1861-1929) admira Auguste Rodin (1840-1917) de vingt ans son a\u00een\u00e9.Rodin a soutenu Bourdelle et Bourdelle fut le praticien de Rodin ; il tailla pour lui des marbres&nbsp;Cette relation donne l&rsquo;intensit\u00e9 des liens qui les ont unis et leurs vies se sont entrem\u00eal\u00e9es&nbsp;aussi l&rsquo;exposition est utile pour voir l&rsquo;influence de l&rsquo;un sur l&rsquo;autre et vice versa :&nbsp;deux cr\u00e9ateurs et deux univers plastiques, avec un retour aux sources de l&rsquo;antique et de la mati\u00e8re premi\u00e8re&nbsp; &#8211; r\u00e9flexion sur le socle et le monumental volont\u00e9 d&rsquo;\u00e9pure qui ouvrira la voie de l&rsquo;abstraction&nbsp;&nbsp;Une confrontation exceptionnelle<\/p>\n\n\n\n<figure class=\"wp-block-gallery has-nested-images columns-default is-cropped wp-block-gallery-1 is-layout-flex wp-block-gallery-is-layout-flex\">\n<figure class=\"wp-block-image size-large\"><img loading=\"lazy\" decoding=\"async\" width=\"768\" height=\"1024\" data-id=\"4522\" src=\"https:\/\/www.littorelles.org\/wp-content\/uploads\/2025\/07\/IMG_6593-1-rotated.jpg\" alt=\"\" class=\"wp-image-4522\" srcset=\"https:\/\/www.littorelles.org\/wp-content\/uploads\/2025\/07\/IMG_6593-1-rotated.jpg 768w, https:\/\/www.littorelles.org\/wp-content\/uploads\/2025\/07\/IMG_6593-1-225x300.jpg 225w\" sizes=\"auto, (max-width: 768px) 100vw, 768px\" \/><\/figure>\n\n\n\n<figure class=\"wp-block-image size-large\"><img loading=\"lazy\" decoding=\"async\" width=\"768\" height=\"1024\" data-id=\"4521\" src=\"https:\/\/www.littorelles.org\/wp-content\/uploads\/2025\/07\/IMG_6594-rotated.jpg\" alt=\"\" class=\"wp-image-4521\" srcset=\"https:\/\/www.littorelles.org\/wp-content\/uploads\/2025\/07\/IMG_6594-rotated.jpg 768w, https:\/\/www.littorelles.org\/wp-content\/uploads\/2025\/07\/IMG_6594-225x300.jpg 225w\" sizes=\"auto, (max-width: 768px) 100vw, 768px\" \/><\/figure>\n\n\n\n<figure class=\"wp-block-image size-large\"><img loading=\"lazy\" decoding=\"async\" width=\"768\" height=\"1024\" data-id=\"4523\" src=\"https:\/\/www.littorelles.org\/wp-content\/uploads\/2025\/07\/IMG_6599-rotated.jpg\" alt=\"\" class=\"wp-image-4523\" srcset=\"https:\/\/www.littorelles.org\/wp-content\/uploads\/2025\/07\/IMG_6599-rotated.jpg 768w, https:\/\/www.littorelles.org\/wp-content\/uploads\/2025\/07\/IMG_6599-225x300.jpg 225w\" sizes=\"auto, (max-width: 768px) 100vw, 768px\" \/><\/figure>\n\n\n\n<figure class=\"wp-block-image size-large\"><img loading=\"lazy\" decoding=\"async\" width=\"768\" height=\"1024\" data-id=\"4527\" src=\"https:\/\/www.littorelles.org\/wp-content\/uploads\/2025\/07\/IMG_6604-rotated.jpg\" alt=\"\" class=\"wp-image-4527\" srcset=\"https:\/\/www.littorelles.org\/wp-content\/uploads\/2025\/07\/IMG_6604-rotated.jpg 768w, https:\/\/www.littorelles.org\/wp-content\/uploads\/2025\/07\/IMG_6604-225x300.jpg 225w\" sizes=\"auto, (max-width: 768px) 100vw, 768px\" \/><\/figure>\n\n\n\n<figure class=\"wp-block-image size-large\"><img loading=\"lazy\" decoding=\"async\" width=\"768\" height=\"1024\" data-id=\"4525\" src=\"https:\/\/www.littorelles.org\/wp-content\/uploads\/2025\/07\/IMG_6620-rotated.jpg\" alt=\"\" class=\"wp-image-4525\" srcset=\"https:\/\/www.littorelles.org\/wp-content\/uploads\/2025\/07\/IMG_6620-rotated.jpg 768w, https:\/\/www.littorelles.org\/wp-content\/uploads\/2025\/07\/IMG_6620-225x300.jpg 225w\" sizes=\"auto, (max-width: 768px) 100vw, 768px\" \/><\/figure>\n\n\n\n<figure class=\"wp-block-image size-large\"><img loading=\"lazy\" decoding=\"async\" width=\"768\" height=\"1024\" data-id=\"4526\" src=\"https:\/\/www.littorelles.org\/wp-content\/uploads\/2025\/07\/IMG_6624-rotated.jpg\" alt=\"\" class=\"wp-image-4526\" srcset=\"https:\/\/www.littorelles.org\/wp-content\/uploads\/2025\/07\/IMG_6624-rotated.jpg 768w, https:\/\/www.littorelles.org\/wp-content\/uploads\/2025\/07\/IMG_6624-225x300.jpg 225w\" sizes=\"auto, (max-width: 768px) 100vw, 768px\" \/><\/figure>\n\n\n\n<figure class=\"wp-block-image size-large\"><img loading=\"lazy\" decoding=\"async\" width=\"768\" height=\"1024\" data-id=\"4524\" src=\"https:\/\/www.littorelles.org\/wp-content\/uploads\/2025\/07\/IMG_6654-rotated.jpg\" alt=\"\" class=\"wp-image-4524\" srcset=\"https:\/\/www.littorelles.org\/wp-content\/uploads\/2025\/07\/IMG_6654-rotated.jpg 768w, https:\/\/www.littorelles.org\/wp-content\/uploads\/2025\/07\/IMG_6654-225x300.jpg 225w\" sizes=\"auto, (max-width: 768px) 100vw, 768px\" \/><\/figure>\n\n\n\n<figure class=\"wp-block-image size-large\"><img loading=\"lazy\" decoding=\"async\" width=\"768\" height=\"1024\" data-id=\"4528\" src=\"https:\/\/www.littorelles.org\/wp-content\/uploads\/2025\/07\/IMG_6656-rotated.jpg\" alt=\"\" class=\"wp-image-4528\" srcset=\"https:\/\/www.littorelles.org\/wp-content\/uploads\/2025\/07\/IMG_6656-rotated.jpg 768w, https:\/\/www.littorelles.org\/wp-content\/uploads\/2025\/07\/IMG_6656-225x300.jpg 225w\" sizes=\"auto, (max-width: 768px) 100vw, 768px\" \/><\/figure>\n\n\n\n<figure class=\"wp-block-image size-large\"><img loading=\"lazy\" decoding=\"async\" width=\"768\" height=\"1024\" data-id=\"4529\" src=\"https:\/\/www.littorelles.org\/wp-content\/uploads\/2025\/07\/IMG_6658-rotated.jpg\" alt=\"\" class=\"wp-image-4529\" srcset=\"https:\/\/www.littorelles.org\/wp-content\/uploads\/2025\/07\/IMG_6658-rotated.jpg 768w, https:\/\/www.littorelles.org\/wp-content\/uploads\/2025\/07\/IMG_6658-225x300.jpg 225w\" sizes=\"auto, (max-width: 768px) 100vw, 768px\" \/><\/figure>\n\n\n\n<figure class=\"wp-block-image size-large\"><img loading=\"lazy\" decoding=\"async\" width=\"1024\" height=\"768\" data-id=\"4530\" src=\"https:\/\/www.littorelles.org\/wp-content\/uploads\/2025\/07\/IMG_6661.jpg\" alt=\"\" class=\"wp-image-4530\" srcset=\"https:\/\/www.littorelles.org\/wp-content\/uploads\/2025\/07\/IMG_6661.jpg 1024w, https:\/\/www.littorelles.org\/wp-content\/uploads\/2025\/07\/IMG_6661-300x225.jpg 300w, https:\/\/www.littorelles.org\/wp-content\/uploads\/2025\/07\/IMG_6661-768x576.jpg 768w\" sizes=\"auto, (max-width: 1024px) 100vw, 1024px\" \/><\/figure>\n\n\n\n<figure class=\"wp-block-image size-large\"><img loading=\"lazy\" decoding=\"async\" width=\"768\" height=\"1024\" data-id=\"4531\" src=\"https:\/\/www.littorelles.org\/wp-content\/uploads\/2025\/07\/IMG_6662-rotated.jpg\" alt=\"\" class=\"wp-image-4531\" srcset=\"https:\/\/www.littorelles.org\/wp-content\/uploads\/2025\/07\/IMG_6662-rotated.jpg 768w, https:\/\/www.littorelles.org\/wp-content\/uploads\/2025\/07\/IMG_6662-225x300.jpg 225w\" sizes=\"auto, (max-width: 768px) 100vw, 768px\" \/><\/figure>\n<\/figure>\n","protected":false},"excerpt":{"rendered":"<p>Nous ne sommes&nbsp;jamais d\u00e9\u00e7ues lorsque nous nous rendons \u00e0 la Piscine de Roubaix, cette fois ci pour l&rsquo;Exposition RODIN\/BOURDELLEAntoine Bourdelle (1861-1929) admira Auguste Rodin (1840-1917) de vingt ans son a\u00een\u00e9.Rodin a soutenu Bourdelle et Bourdelle fut le praticien de Rodin ; il tailla pour lui des marbres&nbsp;Cette relation donne l&rsquo;intensit\u00e9 des liens qui les ont &hellip; <a href=\"https:\/\/www.littorelles.org\/?page_id=4519\" class=\"more-link\">Continuer la lecture de <span class=\"screen-reader-text\">Corps au travail, corps en mouvement<\/span> <span class=\"meta-nav\">&rarr;<\/span><\/a><\/p>\n","protected":false},"author":1,"featured_media":0,"parent":4290,"menu_order":0,"comment_status":"closed","ping_status":"closed","template":"","meta":{"ngg_post_thumbnail":0,"footnotes":""},"class_list":["post-4519","page","type-page","status-publish","hentry"],"_links":{"self":[{"href":"https:\/\/www.littorelles.org\/index.php?rest_route=\/wp\/v2\/pages\/4519","targetHints":{"allow":["GET"]}}],"collection":[{"href":"https:\/\/www.littorelles.org\/index.php?rest_route=\/wp\/v2\/pages"}],"about":[{"href":"https:\/\/www.littorelles.org\/index.php?rest_route=\/wp\/v2\/types\/page"}],"author":[{"embeddable":true,"href":"https:\/\/www.littorelles.org\/index.php?rest_route=\/wp\/v2\/users\/1"}],"replies":[{"embeddable":true,"href":"https:\/\/www.littorelles.org\/index.php?rest_route=%2Fwp%2Fv2%2Fcomments&post=4519"}],"version-history":[{"count":1,"href":"https:\/\/www.littorelles.org\/index.php?rest_route=\/wp\/v2\/pages\/4519\/revisions"}],"predecessor-version":[{"id":4532,"href":"https:\/\/www.littorelles.org\/index.php?rest_route=\/wp\/v2\/pages\/4519\/revisions\/4532"}],"up":[{"embeddable":true,"href":"https:\/\/www.littorelles.org\/index.php?rest_route=\/wp\/v2\/pages\/4290"}],"wp:attachment":[{"href":"https:\/\/www.littorelles.org\/index.php?rest_route=%2Fwp%2Fv2%2Fmedia&parent=4519"}],"curies":[{"name":"wp","href":"https:\/\/api.w.org\/{rel}","templated":true}]}}