{"id":4360,"date":"2025-01-30T16:54:00","date_gmt":"2025-01-30T15:54:00","guid":{"rendered":"https:\/\/www.littorelles.org\/?page_id=4360"},"modified":"2025-01-30T17:31:22","modified_gmt":"2025-01-30T16:31:22","slug":"la-geostrategie-des-etats-unis","status":"publish","type":"page","link":"https:\/\/www.littorelles.org\/?page_id=4360","title":{"rendered":"La g\u00e9ostrat\u00e9gie des Etats Unis"},"content":{"rendered":"\n<p>Christian Defebvre a magistralement expliqu\u00e9 les enjeux politiques des Etats Unis d&rsquo;Am\u00e9rique et aussi donn\u00e9 les enjeux des \u00e9lections am\u00e9ricaines&nbsp;entre Kamala&nbsp;Harris et Donald Trump&nbsp;<br>Il a rappel\u00e9 la domination culturelle : en effet, depuis 1945 les EU exercent une influence&nbsp;culturelle in\u00e9gal\u00e9e sur l&rsquo;ensemble de la plan\u00e8te. \u00ab\u00a0L&rsquo;american&nbsp;way of life\u00a0\u00bb&nbsp; est un id\u00e9al&nbsp;pour de nombreuses personnes partout dans le monde. Celui- ci a \u00e9t\u00e9 mis en avant par le cin\u00e9maUne influence plan\u00e9taire : depuis la fin de la deuxi\u00e8me guerre mondiale, l&rsquo;influence des Etats-Unis n&rsquo;a jamais cess\u00e9 de grandir dans le monde, d&rsquo;abord pendant la guerre froide, puis sur l&rsquo;ensemble de la plan\u00e8te apr\u00e8s la chute de l&rsquo;URSS. Les EU disposent d&rsquo;une influence&nbsp;pr\u00e9pond\u00e9rante dans de nombreuses instances&nbsp;internationales (droit de veto&nbsp;au conseil&nbsp;de S\u00e9curit\u00e9 de l&rsquo;O. N. U &#8211; FMI &#8211; Banque Mondiale, OMC) ils interviennent dans de nombreux groupes de discussion mondiaux (G8) ou r\u00e9gionaux (sommet des Am\u00e9riques, sommet Asie pacifique) Enfin ils sont membres de nombreuses organisations r\u00e9gionales civiles (ALENA)&nbsp; ou militaires (OTAN)L&rsquo;influence des EU peut \u00e9galement&nbsp;se faire de mani\u00e8re indirecte par des pressions amicales ou pas exerc\u00e9es sur des pays \u00e9trangers (politique de la carotte et du b\u00e2ton) cela peut se faire sous la forme de promesse de financement, d&rsquo;aide \u00e9conomique, technologique, d&rsquo;acc\u00e8s privil\u00e9gi\u00e9 au march\u00e9 am\u00e9ricain(sans taxes douani\u00e8re) ou au contraire sous la forme de pression \u00e9conomique (supprimer des aides) politique ou militaire&nbsp;<br>Avec de multiples exemples, notre conf\u00e9rencier nous a donn\u00e9 un cours de g\u00e9ostrat\u00e9gie tr\u00e8s accessible et passionnant<\/p>\n\n\n\n<figure class=\"wp-block-gallery has-nested-images columns-default is-cropped wp-block-gallery-1 is-layout-flex wp-block-gallery-is-layout-flex\">\n<figure class=\"wp-block-image size-large\"><img loading=\"lazy\" decoding=\"async\" width=\"312\" height=\"312\" data-id=\"4368\" src=\"https:\/\/www.littorelles.org\/wp-content\/uploads\/2025\/01\/christian.jpg\" alt=\"\" class=\"wp-image-4368\" srcset=\"https:\/\/www.littorelles.org\/wp-content\/uploads\/2025\/01\/christian.jpg 312w, https:\/\/www.littorelles.org\/wp-content\/uploads\/2025\/01\/christian-300x300.jpg 300w, https:\/\/www.littorelles.org\/wp-content\/uploads\/2025\/01\/christian-150x150.jpg 150w\" sizes=\"auto, (max-width: 312px) 100vw, 312px\" \/><\/figure>\n\n\n\n<figure class=\"wp-block-image size-large\"><img loading=\"lazy\" decoding=\"async\" width=\"275\" height=\"183\" data-id=\"4363\" src=\"https:\/\/www.littorelles.org\/wp-content\/uploads\/2025\/01\/eu5.jpg\" alt=\"\" class=\"wp-image-4363\"\/><\/figure>\n\n\n\n<figure class=\"wp-block-image size-large\"><img loading=\"lazy\" decoding=\"async\" width=\"199\" height=\"253\" data-id=\"4364\" src=\"https:\/\/www.littorelles.org\/wp-content\/uploads\/2025\/01\/eu4.jpg\" alt=\"\" class=\"wp-image-4364\"\/><\/figure>\n\n\n\n<figure class=\"wp-block-image size-large\"><img loading=\"lazy\" decoding=\"async\" width=\"260\" height=\"194\" data-id=\"4366\" src=\"https:\/\/www.littorelles.org\/wp-content\/uploads\/2025\/01\/eu3.jpg\" alt=\"\" class=\"wp-image-4366\"\/><\/figure>\n\n\n\n<figure class=\"wp-block-image size-large\"><img loading=\"lazy\" decoding=\"async\" width=\"302\" height=\"167\" data-id=\"4365\" src=\"https:\/\/www.littorelles.org\/wp-content\/uploads\/2025\/01\/eu1.jpg\" alt=\"\" class=\"wp-image-4365\" srcset=\"https:\/\/www.littorelles.org\/wp-content\/uploads\/2025\/01\/eu1.jpg 302w, https:\/\/www.littorelles.org\/wp-content\/uploads\/2025\/01\/eu1-300x166.jpg 300w\" sizes=\"auto, (max-width: 302px) 100vw, 302px\" \/><\/figure>\n\n\n\n<figure class=\"wp-block-image size-large\"><img loading=\"lazy\" decoding=\"async\" width=\"297\" height=\"170\" data-id=\"4367\" src=\"https:\/\/www.littorelles.org\/wp-content\/uploads\/2025\/01\/eu.jpg\" alt=\"\" class=\"wp-image-4367\"\/><\/figure>\n<\/figure>\n","protected":false},"excerpt":{"rendered":"<p>Christian Defebvre a magistralement expliqu\u00e9 les enjeux politiques des Etats Unis d&rsquo;Am\u00e9rique et aussi donn\u00e9 les enjeux des \u00e9lections am\u00e9ricaines&nbsp;entre Kamala&nbsp;Harris et Donald Trump&nbsp;Il a rappel\u00e9 la domination culturelle : en effet, depuis 1945 les EU exercent une influence&nbsp;culturelle in\u00e9gal\u00e9e sur l&rsquo;ensemble de la plan\u00e8te. \u00ab\u00a0L&rsquo;american&nbsp;way of life\u00a0\u00bb&nbsp; est un id\u00e9al&nbsp;pour de nombreuses personnes partout &hellip; <a href=\"https:\/\/www.littorelles.org\/?page_id=4360\" class=\"more-link\">Continuer la lecture de <span class=\"screen-reader-text\">La g\u00e9ostrat\u00e9gie des Etats Unis<\/span> <span class=\"meta-nav\">&rarr;<\/span><\/a><\/p>\n","protected":false},"author":1,"featured_media":0,"parent":4012,"menu_order":0,"comment_status":"closed","ping_status":"closed","template":"","meta":{"ngg_post_thumbnail":0,"footnotes":""},"class_list":["post-4360","page","type-page","status-publish","hentry"],"_links":{"self":[{"href":"https:\/\/www.littorelles.org\/index.php?rest_route=\/wp\/v2\/pages\/4360","targetHints":{"allow":["GET"]}}],"collection":[{"href":"https:\/\/www.littorelles.org\/index.php?rest_route=\/wp\/v2\/pages"}],"about":[{"href":"https:\/\/www.littorelles.org\/index.php?rest_route=\/wp\/v2\/types\/page"}],"author":[{"embeddable":true,"href":"https:\/\/www.littorelles.org\/index.php?rest_route=\/wp\/v2\/users\/1"}],"replies":[{"embeddable":true,"href":"https:\/\/www.littorelles.org\/index.php?rest_route=%2Fwp%2Fv2%2Fcomments&post=4360"}],"version-history":[{"count":0,"href":"https:\/\/www.littorelles.org\/index.php?rest_route=\/wp\/v2\/pages\/4360\/revisions"}],"up":[{"embeddable":true,"href":"https:\/\/www.littorelles.org\/index.php?rest_route=\/wp\/v2\/pages\/4012"}],"wp:attachment":[{"href":"https:\/\/www.littorelles.org\/index.php?rest_route=%2Fwp%2Fv2%2Fmedia&parent=4360"}],"curies":[{"name":"wp","href":"https:\/\/api.w.org\/{rel}","templated":true}]}}