{"id":41,"date":"2013-11-06T02:57:39","date_gmt":"2013-11-06T01:57:39","guid":{"rendered":"http:\/\/localhost:81\/littorelles\/?page_id=41"},"modified":"2013-11-06T02:57:39","modified_gmt":"2013-11-06T01:57:39","slug":"bacon-rothko-conference-et-preparation-de-la-journee-a-londres","status":"publish","type":"page","link":"https:\/\/www.littorelles.org\/?page_id=41","title":{"rendered":"Bacon Rothko, Conf\u00e9rence et pr\u00e9paration de la journ\u00e9e \u00e0  Londres"},"content":{"rendered":"<p><img decoding=\"async\" class=\"ngg_displayed_gallery mceItem\" alt=\"\" src=\"littorelles.org\/index.php\/nextgen-attach_to_post\/preview\/id--1061\" \/>Conf\u00e9rence et pr\u00e9paration de la journ\u00e9e \u00e0 Londres, consacr\u00e9e \u00e0 deux grandes expositions : Bacon et Rothko, par Chantal Bertrand et Genevi\u00e8ve G\u00e9nia<br \/>\nChantal et Genevi\u00e8ve nous ont pr\u00e9sent\u00e9 chacune leur artiste f\u00e9tiche, pour pr\u00e9parer notre d\u00e9placement \u00e0 Londres, avec un diaporama complet et vari\u00e9 sur la vie des deux artistes et leurs oeuvres.<br \/>\nNous avons appr\u00e9ci\u00e9 leur \u00e9loquence et leur passion et avons mieux compris Bacon et Rothko. Ces deux artistes contemporains m\u00e9ritent des explications sur leurs oeuvres qui transposent le reflet de leur vies respectives par une palette de couleurs exceptionnelles.<\/p>\n<p>&nbsp;<\/p>\n","protected":false},"excerpt":{"rendered":"<p>Conf\u00e9rence et pr\u00e9paration de la journ\u00e9e \u00e0 Londres, consacr\u00e9e \u00e0 deux grandes expositions : Bacon et Rothko, par Chantal Bertrand et Genevi\u00e8ve G\u00e9nia Chantal et Genevi\u00e8ve nous ont pr\u00e9sent\u00e9 chacune leur artiste f\u00e9tiche, pour pr\u00e9parer notre d\u00e9placement \u00e0 Londres, avec un diaporama complet et vari\u00e9 sur la vie des deux artistes et leurs oeuvres. Nous &hellip; <a href=\"https:\/\/www.littorelles.org\/?page_id=41\" class=\"more-link\">Continuer la lecture de <span class=\"screen-reader-text\">Bacon Rothko, Conf\u00e9rence et pr\u00e9paration de la journ\u00e9e \u00e0  Londres<\/span> <span class=\"meta-nav\">&rarr;<\/span><\/a><\/p>\n","protected":false},"author":1,"featured_media":0,"parent":39,"menu_order":0,"comment_status":"closed","ping_status":"closed","template":"","meta":{"ngg_post_thumbnail":0,"footnotes":""},"class_list":["post-41","page","type-page","status-publish","hentry"],"_links":{"self":[{"href":"https:\/\/www.littorelles.org\/index.php?rest_route=\/wp\/v2\/pages\/41","targetHints":{"allow":["GET"]}}],"collection":[{"href":"https:\/\/www.littorelles.org\/index.php?rest_route=\/wp\/v2\/pages"}],"about":[{"href":"https:\/\/www.littorelles.org\/index.php?rest_route=\/wp\/v2\/types\/page"}],"author":[{"embeddable":true,"href":"https:\/\/www.littorelles.org\/index.php?rest_route=\/wp\/v2\/users\/1"}],"replies":[{"embeddable":true,"href":"https:\/\/www.littorelles.org\/index.php?rest_route=%2Fwp%2Fv2%2Fcomments&post=41"}],"version-history":[{"count":0,"href":"https:\/\/www.littorelles.org\/index.php?rest_route=\/wp\/v2\/pages\/41\/revisions"}],"up":[{"embeddable":true,"href":"https:\/\/www.littorelles.org\/index.php?rest_route=\/wp\/v2\/pages\/39"}],"wp:attachment":[{"href":"https:\/\/www.littorelles.org\/index.php?rest_route=%2Fwp%2Fv2%2Fmedia&parent=41"}],"curies":[{"name":"wp","href":"https:\/\/api.w.org\/{rel}","templated":true}]}}