{"id":4048,"date":"2024-07-31T10:27:15","date_gmt":"2024-07-31T09:27:15","guid":{"rendered":"http:\/\/littorelles.org\/?page_id=4048"},"modified":"2024-07-31T10:27:15","modified_gmt":"2024-07-31T09:27:15","slug":"les-couleurs-de-limpressionnisme-conference-de-christian-defebvre","status":"publish","type":"page","link":"https:\/\/www.littorelles.org\/?page_id=4048","title":{"rendered":"Les couleurs de l&rsquo;Impressionnisme Conf\u00e9rence de Christian DEFEBVRE"},"content":{"rendered":"\n<p>Comme \u00e0 chaque conf\u00e9rence Christian DEFEBVRE nous a passionn\u00e9s avec un sujet d&rsquo;actualit\u00e9 du monde de l&rsquo;art en 2024&nbsp; \u00ab\u00a0les couleurs de l&rsquo;Impressionnisme\u00a0\u00bb<\/p>\n\n\n\n<p><strong>L\u2019impressionnisme \u00e0 contre courant des id\u00e9es re\u00e7ues et \u00e0 l\u2019origine de l\u2019art Moderne<\/strong><\/p>\n\n\n\n<p>\u00ab&nbsp;L&rsquo;impressionnisme est un mouvement pictural apparu en France dans les ann\u00e9es 1860 en opposition \u00e0 l&rsquo;art acad\u00e9mique et visant \u00e0 repr\u00e9senter le caract\u00e8re \u00e9ph\u00e9m\u00e8re de la lumi\u00e8re et ses effets sur les couleurs et les formes, cela dans un contexte de renouveau \u00e9conomique et politique porteur de libert\u00e9s&nbsp;: lib\u00e9ralisme, socialisme, anarchie\u2026<\/p>\n\n\n\n<p>Le positivisme est un \u00e9tat d\u2019esprit, po\u00e9sie et musique en renouvellement (Schubert, Chopin, Mendelssohn)&nbsp;; d\u00e9but de la photographie avec NICEPHORE et Daguerre \u2013 \u00e9volution de la peinture avec les tubes et les pigments \u2013 possibilit\u00e9 des saisir l\u2019instant (coloris pr\u00eat \u00e0 l\u2019emploi)<\/p>\n\n\n\n<p>L\u2019impressionnisme commence en Angleterre avec Turner et Constable&nbsp;; en France c\u2019est l\u2019\u00e9cole de Barbizon avec COROT COURBET BOUDIN MANET BAZILLE MILLET.<\/p>\n\n\n\n<p>Puis tr\u00e8s vite, l\u2019Exposition universelle fait d\u00e9couvrir \u00e0&nbsp;&nbsp;l\u2019occident le japonisme&nbsp;<\/p>\n\n\n\n<p>En 1874 une soci\u00e9t\u00e9 d\u2019artiste sculpteur d\u00e9cide de faire un expo sans s\u00e9lection, ni jugement avec C\u00e9zanne et Morizot, Renoir,&nbsp;&nbsp;DEGAS, SISLEY, Caillebotte Pissarro.<\/p>\n\n\n\n<p>Puis vient l\u2019influence des galeristes \u2013 c\u2019est une aide pour faire connaitre les tableaux dans le monde entier&nbsp;&nbsp;SEURAT SIGNAC CAILLEBOTTE&nbsp;<\/p>\n\n\n\n<p>La peinture \u00e9volue et arrivent de nouveaux artistes comme GAUGHIN, les Nabis, Matisse, DERAIN, DE VLAMYNCK, ENSOR, MUNCH, VAN GOGH, CEZANE,&nbsp;&nbsp;KANDISKY, ERNST, MIRO.\u00a0\u00bb<\/p>\n\n\n\n<p><a href=\"https:\/\/www.christian-defebvre.com\">https:\/\/www.christian-defebvre.com<\/a><\/p>\n\n\n\n<figure class=\"wp-block-gallery has-nested-images columns-default is-cropped wp-block-gallery-1 is-layout-flex wp-block-gallery-is-layout-flex\">\n<figure class=\"wp-block-image size-large\"><a href=\"http:\/\/www.littorelles.org\/wp-content\/uploads\/2024\/07\/christian-defebvre.jpg\"><img decoding=\"async\" data-id=\"4051\" src=\"http:\/\/www.littorelles.org\/wp-content\/uploads\/2024\/07\/christian-defebvre.jpg\" alt=\"\" class=\"wp-image-4051\"\/><\/a><\/figure>\n\n\n\n<figure class=\"wp-block-image size-large\"><a href=\"http:\/\/www.littorelles.org\/wp-content\/uploads\/2024\/07\/In-the-Orchard.jpg\"><img decoding=\"async\" data-id=\"4049\" src=\"http:\/\/www.littorelles.org\/wp-content\/uploads\/2024\/07\/In-the-Orchard.jpg\" alt=\"\" class=\"wp-image-4049\"\/><\/a><\/figure>\n\n\n\n<figure class=\"wp-block-image size-large\"><a href=\"http:\/\/www.littorelles.org\/wp-content\/uploads\/2024\/07\/impresionn.jpg\"><img decoding=\"async\" data-id=\"4054\" src=\"http:\/\/www.littorelles.org\/wp-content\/uploads\/2024\/07\/impresionn.jpg\" alt=\"\" class=\"wp-image-4054\"\/><\/a><\/figure>\n\n\n\n<figure class=\"wp-block-image size-large\"><a href=\"http:\/\/www.littorelles.org\/wp-content\/uploads\/2024\/07\/impresionniosmue-3.jpg\"><img decoding=\"async\" data-id=\"4052\" src=\"http:\/\/www.littorelles.org\/wp-content\/uploads\/2024\/07\/impresionniosmue-3.jpg\" alt=\"\" class=\"wp-image-4052\"\/><\/a><\/figure>\n\n\n\n<figure class=\"wp-block-image size-large\"><a href=\"http:\/\/www.littorelles.org\/wp-content\/uploads\/2024\/07\/impresionnisme-2.jpg\"><img decoding=\"async\" data-id=\"4053\" src=\"http:\/\/www.littorelles.org\/wp-content\/uploads\/2024\/07\/impresionnisme-2.jpg\" alt=\"\" class=\"wp-image-4053\"\/><\/a><\/figure>\n\n\n\n<figure class=\"wp-block-image size-large\"><a href=\"http:\/\/www.littorelles.org\/wp-content\/uploads\/2024\/07\/gaughin-le-christ-jaune.jpg\"><img decoding=\"async\" data-id=\"4056\" src=\"http:\/\/www.littorelles.org\/wp-content\/uploads\/2024\/07\/gaughin-le-christ-jaune.jpg\" alt=\"\" class=\"wp-image-4056\"\/><\/a><\/figure>\n\n\n\n<figure class=\"wp-block-image size-large\"><a href=\"http:\/\/www.littorelles.org\/wp-content\/uploads\/2024\/07\/imprsssionisme.jpg\"><img decoding=\"async\" data-id=\"4050\" src=\"http:\/\/www.littorelles.org\/wp-content\/uploads\/2024\/07\/imprsssionisme.jpg\" alt=\"\" class=\"wp-image-4050\"\/><\/a><\/figure>\n\n\n\n<figure class=\"wp-block-image size-large\"><a href=\"http:\/\/www.littorelles.org\/wp-content\/uploads\/2024\/07\/caillebotte-chemin-montant.jpg\"><img decoding=\"async\" data-id=\"4055\" src=\"http:\/\/www.littorelles.org\/wp-content\/uploads\/2024\/07\/caillebotte-chemin-montant.jpg\" alt=\"\" class=\"wp-image-4055\"\/><\/a><\/figure>\n<\/figure>\n","protected":false},"excerpt":{"rendered":"<p>Comme \u00e0 chaque conf\u00e9rence Christian DEFEBVRE nous a passionn\u00e9s avec un sujet d&rsquo;actualit\u00e9 du monde de l&rsquo;art en 2024&nbsp; \u00ab\u00a0les couleurs de l&rsquo;Impressionnisme\u00a0\u00bb L\u2019impressionnisme \u00e0 contre courant des id\u00e9es re\u00e7ues et \u00e0 l\u2019origine de l\u2019art Moderne \u00ab&nbsp;L&rsquo;impressionnisme est un mouvement pictural apparu en France dans les ann\u00e9es 1860 en opposition \u00e0 l&rsquo;art acad\u00e9mique et visant &hellip; <a href=\"https:\/\/www.littorelles.org\/?page_id=4048\" class=\"more-link\">Continuer la lecture de <span class=\"screen-reader-text\">Les couleurs de l&rsquo;Impressionnisme Conf\u00e9rence de Christian DEFEBVRE<\/span> <span class=\"meta-nav\">&rarr;<\/span><\/a><\/p>\n","protected":false},"author":1,"featured_media":0,"parent":4012,"menu_order":0,"comment_status":"closed","ping_status":"closed","template":"","meta":{"ngg_post_thumbnail":0,"footnotes":""},"class_list":["post-4048","page","type-page","status-publish","hentry"],"_links":{"self":[{"href":"https:\/\/www.littorelles.org\/index.php?rest_route=\/wp\/v2\/pages\/4048","targetHints":{"allow":["GET"]}}],"collection":[{"href":"https:\/\/www.littorelles.org\/index.php?rest_route=\/wp\/v2\/pages"}],"about":[{"href":"https:\/\/www.littorelles.org\/index.php?rest_route=\/wp\/v2\/types\/page"}],"author":[{"embeddable":true,"href":"https:\/\/www.littorelles.org\/index.php?rest_route=\/wp\/v2\/users\/1"}],"replies":[{"embeddable":true,"href":"https:\/\/www.littorelles.org\/index.php?rest_route=%2Fwp%2Fv2%2Fcomments&post=4048"}],"version-history":[{"count":0,"href":"https:\/\/www.littorelles.org\/index.php?rest_route=\/wp\/v2\/pages\/4048\/revisions"}],"up":[{"embeddable":true,"href":"https:\/\/www.littorelles.org\/index.php?rest_route=\/wp\/v2\/pages\/4012"}],"wp:attachment":[{"href":"https:\/\/www.littorelles.org\/index.php?rest_route=%2Fwp%2Fv2%2Fmedia&parent=4048"}],"curies":[{"name":"wp","href":"https:\/\/api.w.org\/{rel}","templated":true}]}}