{"id":3871,"date":"2024-02-22T10:12:16","date_gmt":"2024-02-22T09:12:16","guid":{"rendered":"https:\/\/littorelles.org\/?page_id=3871"},"modified":"2024-02-22T10:12:16","modified_gmt":"2024-02-22T09:12:16","slug":"sur-la-trace-du-genocide-au-rwanda-avec-aurelie-devos","status":"publish","type":"page","link":"https:\/\/www.littorelles.org\/?page_id=3871","title":{"rendered":"Sur la trace du g\u00e9nocide au Rwanda, avec Aur\u00e9lie DEVOS"},"content":{"rendered":"\n<p>Une histoire de justice en France avec Aur\u00e9lie DEVOS<\/p>\n\n\n\n<p>C\u2019est avec clart\u00e9 et comp\u00e9tence qu\u2019 Aur\u00e9lia Devos a tenu son auditoire en haleine sur un sujet aussi&nbsp;&nbsp;grave<\/p>\n\n\n\n<p>Rwanda, Etat islamique, y\u00e9zidis\u2026 L\u2019ex-cheffe du p\u00f4le sp\u00e9cialis\u00e9 dans la lutte contre les crimes contre l\u2019humanit\u00e9 Aur\u00e9lia Devos explique en quoi l\u2019entraide p\u00e9nale internationale est n\u00e9cessaire dans ce type d\u2019enqu\u00eate.<\/p>\n\n\n\n<p>Aur\u00e9lia Devos raconte la premi\u00e8re d\u00e9cennie du p\u00f4le \u00ab Crimes contre l&rsquo;humanit\u00e9\u00a0\u00bb , un laboratoire de justice internationale qu\u2019elle a dirig\u00e9 dix ans au tribunal de Paris. Tout \u00e9tait \u00e0 inventer\u2026 Jusqu\u2019au grand jour du proc\u00e8s de Pascal Simbikangwa, condamn\u00e9 pour complicit\u00e9 du g\u00e9nocide rwandais.<\/p>\n\n\n\n<p>Pendant presque dix ans, la procureure Aur\u00e9lia Devos a incarn\u00e9 en France les poursuites contre les g\u00e9nocidaires et les criminels contre l&rsquo;humanit\u00e9\u00a0; avec des faits pr\u00e9cis, elle a d\u00e9montr\u00e9 l\u2019attitude pas toujours glorieuse des\u00a0\u00a0\u00c9tats.<\/p>\n\n\n\n<figure class=\"wp-block-gallery has-nested-images columns-default is-cropped wp-block-gallery-1 is-layout-flex wp-block-gallery-is-layout-flex\">\n<figure class=\"wp-block-image size-large\"><a href=\"https:\/\/littorelles.org\/wp-content\/uploads\/2024\/02\/aurelia.jpg\"><img decoding=\"async\" data-id=\"3874\" src=\"https:\/\/littorelles.org\/wp-content\/uploads\/2024\/02\/aurelia.jpg\" alt=\"\" class=\"wp-image-3874\"\/><\/a><\/figure>\n\n\n\n<figure class=\"wp-block-image size-large\"><a href=\"https:\/\/littorelles.org\/wp-content\/uploads\/2024\/02\/rwanda2.jpg\"><img decoding=\"async\" data-id=\"3873\" src=\"https:\/\/littorelles.org\/wp-content\/uploads\/2024\/02\/rwanda2-1024x464.jpg\" alt=\"\" class=\"wp-image-3873\"\/><\/a><\/figure>\n\n\n\n<figure class=\"wp-block-image size-large\"><a href=\"https:\/\/littorelles.org\/wp-content\/uploads\/2024\/02\/Rwanda.jpg\"><img decoding=\"async\" data-id=\"3872\" src=\"https:\/\/littorelles.org\/wp-content\/uploads\/2024\/02\/Rwanda.jpg\" alt=\"\" class=\"wp-image-3872\"\/><\/a><\/figure>\n<\/figure>\n","protected":false},"excerpt":{"rendered":"<p>Une histoire de justice en France avec Aur\u00e9lie DEVOS C\u2019est avec clart\u00e9 et comp\u00e9tence qu\u2019 Aur\u00e9lia Devos a tenu son auditoire en haleine sur un sujet aussi&nbsp;&nbsp;grave Rwanda, Etat islamique, y\u00e9zidis\u2026 L\u2019ex-cheffe du p\u00f4le sp\u00e9cialis\u00e9 dans la lutte contre les crimes contre l\u2019humanit\u00e9 Aur\u00e9lia Devos explique en quoi l\u2019entraide p\u00e9nale internationale est n\u00e9cessaire dans ce &hellip; <a href=\"https:\/\/www.littorelles.org\/?page_id=3871\" class=\"more-link\">Continuer la lecture de <span class=\"screen-reader-text\">Sur la trace du g\u00e9nocide au Rwanda, avec Aur\u00e9lie DEVOS<\/span> <span class=\"meta-nav\">&rarr;<\/span><\/a><\/p>\n","protected":false},"author":1,"featured_media":0,"parent":3766,"menu_order":0,"comment_status":"closed","ping_status":"closed","template":"","meta":{"ngg_post_thumbnail":0,"footnotes":""},"class_list":["post-3871","page","type-page","status-publish","hentry"],"_links":{"self":[{"href":"https:\/\/www.littorelles.org\/index.php?rest_route=\/wp\/v2\/pages\/3871","targetHints":{"allow":["GET"]}}],"collection":[{"href":"https:\/\/www.littorelles.org\/index.php?rest_route=\/wp\/v2\/pages"}],"about":[{"href":"https:\/\/www.littorelles.org\/index.php?rest_route=\/wp\/v2\/types\/page"}],"author":[{"embeddable":true,"href":"https:\/\/www.littorelles.org\/index.php?rest_route=\/wp\/v2\/users\/1"}],"replies":[{"embeddable":true,"href":"https:\/\/www.littorelles.org\/index.php?rest_route=%2Fwp%2Fv2%2Fcomments&post=3871"}],"version-history":[{"count":0,"href":"https:\/\/www.littorelles.org\/index.php?rest_route=\/wp\/v2\/pages\/3871\/revisions"}],"up":[{"embeddable":true,"href":"https:\/\/www.littorelles.org\/index.php?rest_route=\/wp\/v2\/pages\/3766"}],"wp:attachment":[{"href":"https:\/\/www.littorelles.org\/index.php?rest_route=%2Fwp%2Fv2%2Fmedia&parent=3871"}],"curies":[{"name":"wp","href":"https:\/\/api.w.org\/{rel}","templated":true}]}}

Sur la trace du génocide au Rwanda, avec Aurélie DEVOS

<p>Une histoire de justice en France avec Aurélie DEVOS</p>



<p>C’est avec clarté et compétence qu’ Aurélia Devos a tenu son auditoire en haleine sur un sujet aussi&nbsp;&nbsp;grave</p>



<p>Rwanda, Etat islamique, yézidis… L’ex-cheffe du pôle spécialisé dans la lutte contre les crimes contre l’humanité Aurélia Devos explique en quoi l’entraide pénale internationale est nécessaire dans ce type d’enquête.</p>



<p>Aurélia Devos raconte la première décennie du pôle « Crimes contre l&rsquo;humanité » , un laboratoire de justice internationale qu’elle a dirigé dix ans au tribunal de Paris. Tout était à inventer… Jusqu’au grand jour du procès de Pascal Simbikangwa, condamné pour complicité du génocide rwandais.</p>



<p>Pendant presque dix ans, la procureure Aurélia Devos a incarné en France les poursuites contre les génocidaires et les criminels contre l&rsquo;humanité ; avec des faits précis, elle a démontré l’attitude pas toujours glorieuse des  États.</p>



<figure class="wp-block-gallery has-nested-images columns-default is-cropped wp-block-gallery-1 is-layout-flex wp-block-gallery-is-layout-flex">
<figure class="wp-block-image size-large"><a href="https://littorelles.org/wp-content/uploads/2024/02/aurelia.jpg"><img decoding="async" data-id="3874" src="https://littorelles.org/wp-content/uploads/2024/02/aurelia.jpg" alt="" class="wp-image-3874"/></a></figure>



<figure class="wp-block-image size-large"><a href="https://littorelles.org/wp-content/uploads/2024/02/rwanda2.jpg"><img decoding="async" data-id="3873" src="https://littorelles.org/wp-content/uploads/2024/02/rwanda2-1024x464.jpg" alt="" class="wp-image-3873"/></a></figure>



<figure class="wp-block-image size-large"><a href="https://littorelles.org/wp-content/uploads/2024/02/Rwanda.jpg"><img decoding="async" data-id="3872" src="https://littorelles.org/wp-content/uploads/2024/02/Rwanda.jpg" alt="" class="wp-image-3872"/></a></figure>
</figure>

<p>Une histoire de justice en France avec Aurélie DEVOS C’est avec clarté et compétence qu’ Aurélia Devos a tenu son auditoire en haleine sur un sujet aussi&nbsp;&nbsp;grave Rwanda, Etat islamique, yézidis… L’ex-cheffe du pôle spécialisé dans la lutte contre les crimes contre l’humanité Aurélia Devos explique en quoi l’entraide pénale internationale est nécessaire dans ce &hellip; <a href="https://www.littorelles.org/?page_id=3871" class="more-link">Continuer la lecture de <span class="screen-reader-text">Sur la trace du génocide au Rwanda, avec Aurélie DEVOS</span> <span class="meta-nav">&rarr;</span></a></p>
