{"id":3823,"date":"2023-07-22T00:38:51","date_gmt":"2023-07-21T23:38:51","guid":{"rendered":"https:\/\/littorelles.org\/?page_id=3823"},"modified":"2023-07-22T00:38:51","modified_gmt":"2023-07-21T23:38:51","slug":"passion-dun-roi-lart-selon-louis-xv","status":"publish","type":"page","link":"https:\/\/www.littorelles.org\/?page_id=3823","title":{"rendered":"Passion d&rsquo;un roi : l&rsquo;Art selon Louis XV"},"content":{"rendered":"\n<p>Conf\u00e9rence de Jean Claude Bonnier<\/p>\n\n\n<div class=\"wp-block-image\">\n<figure class=\"aligncenter size-full is-resized\"><a href=\"https:\/\/littorelles.org\/wp-content\/uploads\/2023\/07\/jean-claude.jpeg\"><img decoding=\"async\" src=\"https:\/\/littorelles.org\/wp-content\/uploads\/2023\/07\/jean-claude.jpeg\" alt=\"\" class=\"wp-image-3824\" width=\"200\"\/><\/a><\/figure>\n<\/div>\n\n\n<p>Louis XV est n\u00e9 et mort \u00e0 Versailles ; c&rsquo;est un cas unique parmi les rois de France. Au-del\u00e0 d&rsquo;un cas individuel, Jean Claude Bonnier a \u00e9tudi\u00e9 le rapport entre les gouts du monarque et l&rsquo;\u00e9volution de l&rsquo;art au XVIII\u00e8me.Notre conf\u00e9rencier a soulign\u00e9 l&rsquo;int\u00e9r\u00eat r\u00e9el pour l&rsquo;historien\u00a0 de ce le spectacle somptueux offert par l&rsquo;exposition du Palais de Versailles<\/p>\n\n\n\n<p>Les objets pr\u00e9sent\u00e9s dans l\u2019exposition racontaient ainsi Louis XV&nbsp;: le chasseur, l\u2019amoureux des arts, le b\u00e2tisseur, son rapport aux sciences mais aussi son entourage le plus proche.<\/p>\n\n\n\n<p>Cette histoire etait racont\u00e9e par des tableaux, dont certains comme le portrait de Madame de Pompadour \u00e0 son m\u00e9tier \u00e0 broder ont \u00e9t\u00e9 pr\u00eat\u00e9s par la\u00a0<strong>nationale Gallery de Londres<\/strong>, des objets comme la c\u00e9l\u00e8bre Commode de la chambre de Louis XV \u00e0 Versailles pr\u00eat\u00e9 par la Wallas Collection (Londres). Cette pi\u00e8ce est d\u2019ailleurs le point d\u2019orgue de l\u2019exposition, qui d\u00e9bute par une autre \u0153uvre tout aussi remarquable : la\u00a0<strong>pendule de Passement<\/strong>. Nous avons vu les pi\u00e8ces importantes de l&rsquo;exposition, \u00a0 mais en plus avons pu visiter virtuellement les appartements de la ma\u00eetresse du roi.<\/p>\n\n\n\n<figure class=\"wp-block-gallery has-nested-images columns-6 is-cropped wp-block-gallery-1 is-layout-flex wp-block-gallery-is-layout-flex\">\n<figure class=\"wp-block-image size-large\"><a href=\"https:\/\/littorelles.org\/wp-content\/uploads\/2023\/07\/X4V.jpg\"><img decoding=\"async\" data-id=\"3826\" src=\"https:\/\/littorelles.org\/wp-content\/uploads\/2023\/07\/X4V.jpg\" alt=\"\" class=\"wp-image-3826\"\/><\/a><\/figure>\n\n\n\n<figure class=\"wp-block-image size-large\"><a href=\"https:\/\/littorelles.org\/wp-content\/uploads\/2023\/07\/XV-8.jpg\"><img decoding=\"async\" data-id=\"3827\" src=\"https:\/\/littorelles.org\/wp-content\/uploads\/2023\/07\/XV-8.jpg\" alt=\"\" class=\"wp-image-3827\"\/><\/a><\/figure>\n\n\n\n<figure class=\"wp-block-image size-large\"><a href=\"https:\/\/littorelles.org\/wp-content\/uploads\/2023\/07\/xv1.jpg\"><img decoding=\"async\" data-id=\"3828\" src=\"https:\/\/littorelles.org\/wp-content\/uploads\/2023\/07\/xv1.jpg\" alt=\"\" class=\"wp-image-3828\"\/><\/a><\/figure>\n\n\n\n<figure class=\"wp-block-image size-large\"><a href=\"https:\/\/littorelles.org\/wp-content\/uploads\/2023\/07\/XV5.jpg\"><img decoding=\"async\" data-id=\"3830\" src=\"https:\/\/littorelles.org\/wp-content\/uploads\/2023\/07\/XV5.jpg\" alt=\"\" class=\"wp-image-3830\"\/><\/a><\/figure>\n\n\n\n<figure class=\"wp-block-image size-large\"><a href=\"https:\/\/littorelles.org\/wp-content\/uploads\/2023\/07\/XV9.jpg\"><img decoding=\"async\" data-id=\"3825\" src=\"https:\/\/littorelles.org\/wp-content\/uploads\/2023\/07\/XV9.jpg\" alt=\"\" class=\"wp-image-3825\"\/><\/a><\/figure>\n\n\n\n<figure class=\"wp-block-image size-large\"><a href=\"https:\/\/littorelles.org\/wp-content\/uploads\/2023\/07\/XV10.jpg\"><img decoding=\"async\" data-id=\"3829\" src=\"https:\/\/littorelles.org\/wp-content\/uploads\/2023\/07\/XV10-1024x576.jpg\" alt=\"\" class=\"wp-image-3829\"\/><\/a><\/figure>\n<\/figure>\n","protected":false},"excerpt":{"rendered":"<p>Conf\u00e9rence de Jean Claude Bonnier Louis XV est n\u00e9 et mort \u00e0 Versailles ; c&rsquo;est un cas unique parmi les rois de France. Au-del\u00e0 d&rsquo;un cas individuel, Jean Claude Bonnier a \u00e9tudi\u00e9 le rapport entre les gouts du monarque et l&rsquo;\u00e9volution de l&rsquo;art au XVIII\u00e8me.Notre conf\u00e9rencier a soulign\u00e9 l&rsquo;int\u00e9r\u00eat r\u00e9el pour l&rsquo;historien\u00a0 de ce le &hellip; <a href=\"https:\/\/www.littorelles.org\/?page_id=3823\" class=\"more-link\">Continuer la lecture de <span class=\"screen-reader-text\">Passion d&rsquo;un roi : l&rsquo;Art selon Louis XV<\/span> <span class=\"meta-nav\">&rarr;<\/span><\/a><\/p>\n","protected":false},"author":1,"featured_media":0,"parent":3766,"menu_order":0,"comment_status":"closed","ping_status":"closed","template":"","meta":{"ngg_post_thumbnail":0,"footnotes":""},"class_list":["post-3823","page","type-page","status-publish","hentry"],"_links":{"self":[{"href":"https:\/\/www.littorelles.org\/index.php?rest_route=\/wp\/v2\/pages\/3823","targetHints":{"allow":["GET"]}}],"collection":[{"href":"https:\/\/www.littorelles.org\/index.php?rest_route=\/wp\/v2\/pages"}],"about":[{"href":"https:\/\/www.littorelles.org\/index.php?rest_route=\/wp\/v2\/types\/page"}],"author":[{"embeddable":true,"href":"https:\/\/www.littorelles.org\/index.php?rest_route=\/wp\/v2\/users\/1"}],"replies":[{"embeddable":true,"href":"https:\/\/www.littorelles.org\/index.php?rest_route=%2Fwp%2Fv2%2Fcomments&post=3823"}],"version-history":[{"count":0,"href":"https:\/\/www.littorelles.org\/index.php?rest_route=\/wp\/v2\/pages\/3823\/revisions"}],"up":[{"embeddable":true,"href":"https:\/\/www.littorelles.org\/index.php?rest_route=\/wp\/v2\/pages\/3766"}],"wp:attachment":[{"href":"https:\/\/www.littorelles.org\/index.php?rest_route=%2Fwp%2Fv2%2Fmedia&parent=3823"}],"curies":[{"name":"wp","href":"https:\/\/api.w.org\/{rel}","templated":true}]}}