{"id":3599,"date":"2023-02-05T21:00:11","date_gmt":"2023-02-05T20:00:11","guid":{"rendered":"https:\/\/littorelles.org\/?page_id=3599"},"modified":"2023-02-05T21:00:11","modified_gmt":"2023-02-05T20:00:11","slug":"bruxelles-hotel-de-la-monnaie-et-cimetiere-de-laeken","status":"publish","type":"page","link":"https:\/\/www.littorelles.org\/?page_id=3599","title":{"rendered":"Bruxelles H\u00f4tel de la Monnaie et cimeti\u00e8re de Laeken"},"content":{"rendered":"\n<p>Une journ\u00e9e qui a du \u00eatre improvis\u00e9e en partie car il n&rsquo;est jamais simple d&rsquo;organiser une sortie \u00e0 Bruxelles, au dernier moment la visite comment\u00e9e peut \u00eatre annul\u00e9e si un \u00e9v\u00e9nement important \u00e0 lieu ; malgr\u00e9 tout nous avons pass\u00e9 une journ\u00e9e excellente.<br><br>Le matin nous sommes all\u00e9es comme pr\u00e9vu \u00e0 l\u2019h\u00f4tel de la Monnaie, superbe Op\u00e9ra qui rend vivant la culture bruxelloise avec ses spectacles classiques et contemporains ; l&rsquo;\u00e9difice a \u00e9t\u00e9 ouvert au public il y a deux ans apr\u00e8s plusieurs ann\u00e9es de travaux.<\/p>\n\n\n\n<figure class=\"wp-block-gallery has-nested-images columns-default is-cropped wp-block-gallery-1 is-layout-flex wp-block-gallery-is-layout-flex\">\n<figure class=\"wp-block-image size-large\"><a href=\"https:\/\/littorelles.org\/wp-content\/uploads\/2023\/02\/310120798_623999189386111_3431801296455657446_n.jpg\"><img decoding=\"async\" data-id=\"3603\" src=\"https:\/\/littorelles.org\/wp-content\/uploads\/2023\/02\/310120798_623999189386111_3431801296455657446_n-751x1024.jpg\" alt=\"\" class=\"wp-image-3603\"\/><\/a><\/figure>\n\n\n\n<figure class=\"wp-block-image size-large\"><a href=\"https:\/\/littorelles.org\/wp-content\/uploads\/2023\/02\/GUAP9100.jpg\"><img decoding=\"async\" data-id=\"3601\" src=\"https:\/\/littorelles.org\/wp-content\/uploads\/2023\/02\/GUAP9100.jpg\" alt=\"\" class=\"wp-image-3601\"\/><\/a><\/figure>\n\n\n\n<figure class=\"wp-block-image size-large\"><a href=\"https:\/\/littorelles.org\/wp-content\/uploads\/2023\/02\/Hotel-de-la-Monnaie.jpg\"><img decoding=\"async\" data-id=\"3600\" src=\"https:\/\/littorelles.org\/wp-content\/uploads\/2023\/02\/Hotel-de-la-Monnaie.jpg\" alt=\"\" class=\"wp-image-3600\"\/><\/a><\/figure>\n\n\n\n<figure class=\"wp-block-image size-large\"><a href=\"https:\/\/littorelles.org\/wp-content\/uploads\/2023\/02\/310790010_623999112719452_8430879617943311737_n.jpg\"><img decoding=\"async\" data-id=\"3602\" src=\"https:\/\/littorelles.org\/wp-content\/uploads\/2023\/02\/310790010_623999112719452_8430879617943311737_n-1024x426.jpg\" alt=\"\" class=\"wp-image-3602\"\/><\/a><\/figure>\n\n\n\n<figure class=\"wp-block-image size-large\"><a href=\"https:\/\/littorelles.org\/wp-content\/uploads\/2023\/02\/NCGC6852.jpg\"><img decoding=\"async\" data-id=\"3604\" src=\"https:\/\/littorelles.org\/wp-content\/uploads\/2023\/02\/NCGC6852.jpg\" alt=\"\" class=\"wp-image-3604\"\/><\/a><\/figure>\n\n\n\n<figure class=\"wp-block-image size-large\"><a href=\"https:\/\/littorelles.org\/wp-content\/uploads\/2023\/02\/XZOA8752.jpg\"><img decoding=\"async\" data-id=\"3605\" src=\"https:\/\/littorelles.org\/wp-content\/uploads\/2023\/02\/XZOA8752.jpg\" alt=\"\" class=\"wp-image-3605\"\/><\/a><\/figure>\n\n\n\n<figure class=\"wp-block-image size-large\"><a href=\"https:\/\/littorelles.org\/wp-content\/uploads\/2023\/02\/YAQK2130.jpg\"><img decoding=\"async\" data-id=\"3606\" src=\"https:\/\/littorelles.org\/wp-content\/uploads\/2023\/02\/YAQK2130.jpg\" alt=\"\" class=\"wp-image-3606\"\/><\/a><\/figure>\n<\/figure>\n\n\n\n<p>Le d\u00e9jeuner fut tr\u00e8s sympathique car Chantal nous a r\u00e9serv\u00e9 un restaurant (last minute) g\u00e9r\u00e9 par une \u0153uvre de bienfaisance qui ne manquait pas de relief et le repas fut tr\u00e8s sympathique<\/p>\n\n\n\n<p><strong>L&rsquo;apr\u00e8s midi, le Cimeti\u00e8re de Laeken<\/strong><br>Le cimeti\u00e8re de Laeken est le plus ancien cimeti\u00e8re de la r\u00e9gion de Bruxelles-Capitale. Il fait partie des cimeti\u00e8res paroissiaux.<\/p>\n\n\n\n<p>D&rsquo;une superficie de 6 hectares, le cimeti\u00e8re de Laeken accueille la derni\u00e8re demeure de nombreux bruxellois c\u00e9l\u00e8bres (voir la rubrique A voir). Ce cimeti\u00e8re tr\u00e8s min\u00e9ral accueille des sculptures et divers joyaux architecturaux. Ils font de ce lieu un v\u00e9ritable mus\u00e9e \u00e0 ciel ouvert. On y retrouve les bourgmestres les artistes et les personnes politiques de Belgique souvent avec des monuments fun\u00e9raires remarquables.<\/p>\n\n\n\n<figure class=\"wp-block-gallery has-nested-images columns-default is-cropped wp-block-gallery-2 is-layout-flex wp-block-gallery-is-layout-flex\">\n<figure class=\"wp-block-image size-large\"><a href=\"https:\/\/littorelles.org\/wp-content\/uploads\/2023\/02\/laeken8.jpg\"><img decoding=\"async\" data-id=\"3611\" src=\"https:\/\/littorelles.org\/wp-content\/uploads\/2023\/02\/laeken8.jpg\" alt=\"\" class=\"wp-image-3611\"\/><\/a><\/figure>\n\n\n\n<figure class=\"wp-block-image size-large\"><a href=\"https:\/\/littorelles.org\/wp-content\/uploads\/2023\/02\/laeken-2.jpg\"><img decoding=\"async\" data-id=\"3609\" src=\"https:\/\/littorelles.org\/wp-content\/uploads\/2023\/02\/laeken-2.jpg\" alt=\"\" class=\"wp-image-3609\"\/><\/a><\/figure>\n\n\n\n<figure class=\"wp-block-image size-large\"><a href=\"https:\/\/littorelles.org\/wp-content\/uploads\/2023\/02\/Laeken-3.jpg\"><img decoding=\"async\" data-id=\"3608\" src=\"https:\/\/littorelles.org\/wp-content\/uploads\/2023\/02\/Laeken-3.jpg\" alt=\"\" class=\"wp-image-3608\"\/><\/a><\/figure>\n\n\n\n<figure class=\"wp-block-image size-large\"><a href=\"https:\/\/littorelles.org\/wp-content\/uploads\/2023\/02\/laeken.jpg\"><img decoding=\"async\" data-id=\"3607\" src=\"https:\/\/littorelles.org\/wp-content\/uploads\/2023\/02\/laeken.jpg\" alt=\"\" class=\"wp-image-3607\"\/><\/a><\/figure>\n\n\n\n<figure class=\"wp-block-image size-large\"><a href=\"https:\/\/littorelles.org\/wp-content\/uploads\/2023\/02\/Laeken4.jpg\"><img decoding=\"async\" data-id=\"3610\" src=\"https:\/\/littorelles.org\/wp-content\/uploads\/2023\/02\/Laeken4.jpg\" alt=\"\" class=\"wp-image-3610\"\/><\/a><\/figure>\n\n\n\n<figure class=\"wp-block-image size-large\"><a href=\"https:\/\/littorelles.org\/wp-content\/uploads\/2023\/02\/laeken5.jpg\"><img decoding=\"async\" data-id=\"3612\" src=\"https:\/\/littorelles.org\/wp-content\/uploads\/2023\/02\/laeken5.jpg\" alt=\"\" class=\"wp-image-3612\"\/><\/a><\/figure>\n<\/figure>\n","protected":false},"excerpt":{"rendered":"<p>Une journ\u00e9e qui a du \u00eatre improvis\u00e9e en partie car il n&rsquo;est jamais simple d&rsquo;organiser une sortie \u00e0 Bruxelles, au dernier moment la visite comment\u00e9e peut \u00eatre annul\u00e9e si un \u00e9v\u00e9nement important \u00e0 lieu ; malgr\u00e9 tout nous avons pass\u00e9 une journ\u00e9e excellente. Le matin nous sommes all\u00e9es comme pr\u00e9vu \u00e0 l\u2019h\u00f4tel de la Monnaie, &hellip; <a href=\"https:\/\/www.littorelles.org\/?page_id=3599\" class=\"more-link\">Continuer la lecture de <span class=\"screen-reader-text\">Bruxelles H\u00f4tel de la Monnaie et cimeti\u00e8re de Laeken<\/span> <span class=\"meta-nav\">&rarr;<\/span><\/a><\/p>\n","protected":false},"author":1,"featured_media":0,"parent":3460,"menu_order":0,"comment_status":"closed","ping_status":"closed","template":"","meta":{"ngg_post_thumbnail":0,"footnotes":""},"class_list":["post-3599","page","type-page","status-publish","hentry"],"_links":{"self":[{"href":"https:\/\/www.littorelles.org\/index.php?rest_route=\/wp\/v2\/pages\/3599","targetHints":{"allow":["GET"]}}],"collection":[{"href":"https:\/\/www.littorelles.org\/index.php?rest_route=\/wp\/v2\/pages"}],"about":[{"href":"https:\/\/www.littorelles.org\/index.php?rest_route=\/wp\/v2\/types\/page"}],"author":[{"embeddable":true,"href":"https:\/\/www.littorelles.org\/index.php?rest_route=\/wp\/v2\/users\/1"}],"replies":[{"embeddable":true,"href":"https:\/\/www.littorelles.org\/index.php?rest_route=%2Fwp%2Fv2%2Fcomments&post=3599"}],"version-history":[{"count":0,"href":"https:\/\/www.littorelles.org\/index.php?rest_route=\/wp\/v2\/pages\/3599\/revisions"}],"up":[{"embeddable":true,"href":"https:\/\/www.littorelles.org\/index.php?rest_route=\/wp\/v2\/pages\/3460"}],"wp:attachment":[{"href":"https:\/\/www.littorelles.org\/index.php?rest_route=%2Fwp%2Fv2%2Fmedia&parent=3599"}],"curies":[{"name":"wp","href":"https:\/\/api.w.org\/{rel}","templated":true}]}}