{"id":3507,"date":"2022-07-07T02:22:03","date_gmt":"2022-07-07T01:22:03","guid":{"rendered":"https:\/\/littorelles.org\/?page_id=3507"},"modified":"2022-07-07T02:22:03","modified_gmt":"2022-07-07T01:22:03","slug":"le-yoga-des-yeux-avec-capucine-clayton-professeur-de-yoga","status":"publish","type":"page","link":"https:\/\/www.littorelles.org\/?page_id=3507","title":{"rendered":"Le Yoga des Yeux avec Capucine CLAYTON Professeur de Yoga"},"content":{"rendered":"\n<p>\u00ab\u00a0Le Yoga : c&rsquo;est l&rsquo;occasion d&rsquo;\u00eatre soi chaque jour un peu plus. Parce qu&rsquo;il nous fait voyager au c\u0153ur de nous m\u00eame, au plus proche de notre \u00e2me et de nos convictions profondes. Quand le corps se d\u00e9tend, c&rsquo;est l&rsquo;\u00eatre tout entier qui respire&#8230;Nos yeux sont le miroir de l&rsquo;\u00e2me. Comme des petits enfants, ils ont besoin d&rsquo;\u00eatre amus\u00e9s mais aussi qu&rsquo;on prenne soin d&rsquo;eux&#8230; Et alors, cela se d\u00e9sencombre. Un peu comme si l&rsquo;on d\u00e9sencombrait un grenier de tous ces vieux principes, de tout ce qu&rsquo;on abandonn\u00e9 l\u00e0 et qui prend de la place&#8230;Au final, bien souvent au c\u0153ur du fatras, on retrouve ce qu&rsquo;en quoi l&rsquo;on croit vraiment, ce qui nous fait vibrer. Et bien souvent c&rsquo;est tr\u00e8s simple.Alors on voit plus clair&#8230;On se r\u00e9v\u00e8le&#8230;Cela s&rsquo;\u00e9claircit et la vie devient plus l\u00e9g\u00e8re, le chemin vers nos r\u00eaves se dessine.. on souritOn nettoie son espace, on lib\u00e8re son regard.\u00a0\u00bb&nbsp;texte de Capucine Clayton<\/p>\n\n\n\n<p>Capucine CLAYTON, professeur de Yoga\u00a0 nous a fait faire des exercices tr\u00e8s convaincants pour reposer nos yeux et nous lib\u00e9rer sur le moment de nos tensions.Apr\u00e8s une description anatomique de l&rsquo;oeil et des explications m\u00e9dicales,<br>elle a d\u00e9montr\u00e9,\u00a0 par des exercices, que nous pouvions am\u00e9liorer notre perception des choses et soulager notre regard.<br>L&rsquo;apr\u00e8s midi \u00e9tait tr\u00e8s professionnelle et nous avons r\u00e9ellement eu un moment de d\u00e9tente.Capucine a fait du Yoga sa profession ;\u00a0 elle peut recevoir des patientes int\u00e9ress\u00e9es chez elle \u00e0 Wimereux<\/p>\n\n\n\n<figure class=\"wp-block-gallery has-nested-images columns-default is-cropped wp-block-gallery-1 is-layout-flex wp-block-gallery-is-layout-flex\">\n<figure class=\"wp-block-image size-large is-style-default\"><a href=\"https:\/\/littorelles.org\/wp-content\/uploads\/2022\/07\/IMG_4777-rotated.jpg\"><img decoding=\"async\" data-id=\"3508\" src=\"https:\/\/littorelles.org\/wp-content\/uploads\/2022\/07\/IMG_4777-rotated.jpg\" alt=\"\" class=\"wp-image-3508\"\/><\/a><\/figure>\n\n\n\n<figure class=\"wp-block-image size-large is-style-default\"><a href=\"https:\/\/littorelles.org\/wp-content\/uploads\/2022\/07\/IMG_4771.jpg\"><img decoding=\"async\" data-id=\"3509\" src=\"https:\/\/littorelles.org\/wp-content\/uploads\/2022\/07\/IMG_4771.jpg\" alt=\"\" class=\"wp-image-3509\"\/><\/a><\/figure>\n\n\n\n<figure class=\"wp-block-image size-large is-style-default\"><a href=\"https:\/\/littorelles.org\/wp-content\/uploads\/2022\/07\/IMG_4774-rotated.jpg\"><img decoding=\"async\" data-id=\"3510\" src=\"https:\/\/littorelles.org\/wp-content\/uploads\/2022\/07\/IMG_4774-rotated.jpg\" alt=\"\" class=\"wp-image-3510\"\/><\/a><\/figure>\n<\/figure>\n","protected":false},"excerpt":{"rendered":"<p>\u00ab\u00a0Le Yoga : c&rsquo;est l&rsquo;occasion d&rsquo;\u00eatre soi chaque jour un peu plus. Parce qu&rsquo;il nous fait voyager au c\u0153ur de nous m\u00eame, au plus proche de notre \u00e2me et de nos convictions profondes. Quand le corps se d\u00e9tend, c&rsquo;est l&rsquo;\u00eatre tout entier qui respire&#8230;Nos yeux sont le miroir de l&rsquo;\u00e2me. Comme des petits enfants, ils &hellip; <a href=\"https:\/\/www.littorelles.org\/?page_id=3507\" class=\"more-link\">Continuer la lecture de <span class=\"screen-reader-text\">Le Yoga des Yeux avec Capucine CLAYTON Professeur de Yoga<\/span> <span class=\"meta-nav\">&rarr;<\/span><\/a><\/p>\n","protected":false},"author":1,"featured_media":0,"parent":3460,"menu_order":0,"comment_status":"closed","ping_status":"closed","template":"","meta":{"ngg_post_thumbnail":0,"footnotes":""},"class_list":["post-3507","page","type-page","status-publish","hentry"],"_links":{"self":[{"href":"https:\/\/www.littorelles.org\/index.php?rest_route=\/wp\/v2\/pages\/3507","targetHints":{"allow":["GET"]}}],"collection":[{"href":"https:\/\/www.littorelles.org\/index.php?rest_route=\/wp\/v2\/pages"}],"about":[{"href":"https:\/\/www.littorelles.org\/index.php?rest_route=\/wp\/v2\/types\/page"}],"author":[{"embeddable":true,"href":"https:\/\/www.littorelles.org\/index.php?rest_route=\/wp\/v2\/users\/1"}],"replies":[{"embeddable":true,"href":"https:\/\/www.littorelles.org\/index.php?rest_route=%2Fwp%2Fv2%2Fcomments&post=3507"}],"version-history":[{"count":0,"href":"https:\/\/www.littorelles.org\/index.php?rest_route=\/wp\/v2\/pages\/3507\/revisions"}],"up":[{"embeddable":true,"href":"https:\/\/www.littorelles.org\/index.php?rest_route=\/wp\/v2\/pages\/3460"}],"wp:attachment":[{"href":"https:\/\/www.littorelles.org\/index.php?rest_route=%2Fwp%2Fv2%2Fmedia&parent=3507"}],"curies":[{"name":"wp","href":"https:\/\/api.w.org\/{rel}","templated":true}]}}