{"id":3387,"date":"2022-02-14T03:30:51","date_gmt":"2022-02-14T02:30:51","guid":{"rendered":"https:\/\/littorelles.org\/?page_id=3387"},"modified":"2022-02-14T03:30:51","modified_gmt":"2022-02-14T02:30:51","slug":"3387-2","status":"publish","type":"page","link":"https:\/\/www.littorelles.org\/?page_id=3387","title":{"rendered":"H\u00f4tel de la Marine &#8211; Paris &#8211; 2021"},"content":{"rendered":"\n<p>Une visite incontournable \u00e0 Paris apr\u00e8s tant d&rsquo;ann\u00e9es de r\u00e9novation !\u00a0L&rsquo;H\u00f4tel de la Marine<\/p>\n\n\n\n<p><em>L&rsquo;H\u00f4tel de la Marine est un monument embl\u00e9matique de la Place de la Concorde &#8211;&nbsp;&nbsp;C&rsquo;est un superbe ensemble architectural cr\u00e9\u00e9 au XVIII<sup>e<\/sup>&nbsp;si\u00e8cle \u00e9difi\u00e9 par Ange-Jacques Gabriel, Premier architecte du Roi &#8211;&nbsp;&nbsp;Il abrita jusqu\u2019en 1798 le Garde-Meuble de la Couronne avant de devenir, pendant plus de deux-cents ans, le si\u00e8ge du minist\u00e8re de la Marine.<\/em><\/p>\n\n\n\n<p><em>\u00a0R\u00e9cemment ouvert au public apr\u00e8s des mois de r\u00e9novation, ce fut un grand bonheur de visiter les appartements du XVIII<sup>e<\/sup>\u00a0si\u00e8cle remeubl\u00e9s, les salons d\u2019apparat et les restaurants dans un b\u00e2timent enti\u00e8rement restaur\u00e9 par le\u00a0Centre des monuments nationaux.<\/em><\/p>\n\n\n\n<figure class=\"wp-block-embed is-type-video is-provider-youtube wp-block-embed-youtube wp-embed-aspect-16-9 wp-has-aspect-ratio\"><div class=\"wp-block-embed__wrapper\">\n<iframe loading=\"lazy\" title=\"OUVERTURE - Rendez-vous \u00e0 l&#039;H\u00f4tel de la Marine \u00e0 Paris !\" width=\"604\" height=\"340\" src=\"https:\/\/www.youtube.com\/embed\/BofT9MVFFbE?feature=oembed\" frameborder=\"0\" allow=\"accelerometer; autoplay; clipboard-write; encrypted-media; gyroscope; picture-in-picture; web-share\" referrerpolicy=\"strict-origin-when-cross-origin\" allowfullscreen><\/iframe>\n<\/div><\/figure>\n\n\n\n<h2 class=\"wp-block-heading\" id=\"l-installation-du-garde-meuble-de-la-couronne\">L\u2019installation du Garde-Meuble de la Couronne<\/h2>\n\n\n\n<p>L\u2019institution \u00e9tait charg\u00e9e du choix, de l\u2019achat et de l\u2019entretien du mobilier du roi, allant&nbsp;<strong>du lit \u00e0 la simple chaise<\/strong>. Elle avait \u00e9galement en charge&nbsp;<strong>&nbsp;la conservation des collections royales d\u2019armes et d\u2019armures, d\u2019\u00e9toffes et de tentures, de vases de pierres dures, de bronzes et enfin des diamants de la Couronne, mais aussi&nbsp;<\/strong><strong>des batteries de cuisine et du linge de maison !<\/strong><\/p>\n\n\n\n<h2 class=\"wp-block-heading\" id=\"le-siege-du-ministere-de-la-marine-pendant-226-ans\">Le si\u00e8ge du minist\u00e8re de la Marine pendant 226 ans&nbsp;<\/h2>\n\n\n\n<p>D\u00e8s le d\u00e9but de la R\u00e9volution, le roi Louis XVI quitte Versailles pour Paris.<br><strong>Toutes les administrations de l\u2019\u00c9tat pr\u00e9sentes \u00e0 Versailles durent donc regagner la capitale.<\/strong><br>Mais un obstacle de taille se dresse :&nbsp;<strong>o\u00f9 les installer \u00e0 Paris ?<\/strong>&nbsp;Le minist\u00e8re de la Marine, avec \u00e0 sa t\u00eate le comte de La Luzerne et Jean-Baptiste Berthier,&nbsp;<strong>s\u2019installa dans le palais abritant le Garde-Meuble en 1789.<\/strong><\/p>\n\n\n\n<p>Dans un premier temps, la Marine occupa des espaces au deuxi\u00e8me \u00e9tage et \u00e0 l\u2019ouest du premier \u00e9tage. Il lui fallu moins de 10 ans avant de pouvoir occuper le b\u00e2timent dans son ensemble.\u00a0<strong>C\u2019est le d\u00e9but de deux si\u00e8cles de pr\u00e9sence de cette administration dans ce palais qui portera d\u00e9sormais le nom d\u2019H\u00f4tel de la Marine.<\/strong>\u00a0Ce n\u2019est qu\u2019en 2015 que le minist\u00e8re de la Marine quitta le b\u00e2timent.\u00a0\u00bb<\/p>\n\n\n\n<figure class=\"wp-block-gallery has-nested-images columns-default is-cropped wp-block-gallery-1 is-layout-flex wp-block-gallery-is-layout-flex\">\n<figure class=\"wp-block-image size-large is-style-default\"><a href=\"https:\/\/littorelles.org\/wp-content\/uploads\/2022\/02\/IMG_0692.jpg\"><img decoding=\"async\" data-id=\"3393\" src=\"https:\/\/littorelles.org\/wp-content\/uploads\/2022\/02\/IMG_0692.jpg\" alt=\"\" class=\"wp-image-3393\"\/><\/a><\/figure>\n\n\n\n<figure class=\"wp-block-image size-large is-style-default\"><a href=\"https:\/\/littorelles.org\/wp-content\/uploads\/2022\/02\/IMG_0694-rotated.jpg\"><img decoding=\"async\" data-id=\"3396\" src=\"https:\/\/littorelles.org\/wp-content\/uploads\/2022\/02\/IMG_0694-rotated.jpg\" alt=\"\" class=\"wp-image-3396\"\/><\/a><\/figure>\n\n\n\n<figure class=\"wp-block-image size-large is-style-default\"><a href=\"https:\/\/littorelles.org\/wp-content\/uploads\/2022\/02\/IMG_0701.jpg\"><img decoding=\"async\" data-id=\"3392\" src=\"https:\/\/littorelles.org\/wp-content\/uploads\/2022\/02\/IMG_0701.jpg\" alt=\"\" class=\"wp-image-3392\"\/><\/a><\/figure>\n\n\n\n<figure class=\"wp-block-image size-large is-style-default\"><a href=\"https:\/\/littorelles.org\/wp-content\/uploads\/2022\/02\/IMG_0704-rotated.jpg\"><img decoding=\"async\" data-id=\"3395\" src=\"https:\/\/littorelles.org\/wp-content\/uploads\/2022\/02\/IMG_0704-rotated.jpg\" alt=\"\" class=\"wp-image-3395\"\/><\/a><\/figure>\n\n\n\n<figure class=\"wp-block-image size-large is-style-default\"><a href=\"https:\/\/littorelles.org\/wp-content\/uploads\/2022\/02\/IMG_0708-rotated.jpg\"><img decoding=\"async\" data-id=\"3391\" src=\"https:\/\/littorelles.org\/wp-content\/uploads\/2022\/02\/IMG_0708-rotated.jpg\" alt=\"\" class=\"wp-image-3391\"\/><\/a><\/figure>\n\n\n\n<figure class=\"wp-block-image size-large is-style-default\"><a href=\"https:\/\/littorelles.org\/wp-content\/uploads\/2022\/02\/IMG_0709-rotated.jpg\"><img decoding=\"async\" data-id=\"3394\" src=\"https:\/\/littorelles.org\/wp-content\/uploads\/2022\/02\/IMG_0709-rotated.jpg\" alt=\"\" class=\"wp-image-3394\"\/><\/a><\/figure>\n\n\n\n<figure class=\"wp-block-image size-large is-style-default\"><a href=\"https:\/\/littorelles.org\/wp-content\/uploads\/2022\/02\/IMG_0711.jpg\"><img decoding=\"async\" data-id=\"3397\" src=\"https:\/\/littorelles.org\/wp-content\/uploads\/2022\/02\/IMG_0711.jpg\" alt=\"\" class=\"wp-image-3397\"\/><\/a><\/figure>\n\n\n\n<figure class=\"wp-block-image size-large is-style-default\"><a href=\"https:\/\/littorelles.org\/wp-content\/uploads\/2022\/02\/IMG_0713-rotated.jpg\"><img decoding=\"async\" data-id=\"3398\" src=\"https:\/\/littorelles.org\/wp-content\/uploads\/2022\/02\/IMG_0713-rotated.jpg\" alt=\"\" class=\"wp-image-3398\"\/><\/a><\/figure>\n\n\n\n<figure class=\"wp-block-image size-large is-style-default\"><a href=\"https:\/\/littorelles.org\/wp-content\/uploads\/2022\/02\/IMG_0715.jpg\"><img decoding=\"async\" data-id=\"3399\" src=\"https:\/\/littorelles.org\/wp-content\/uploads\/2022\/02\/IMG_0715.jpg\" alt=\"\" class=\"wp-image-3399\"\/><\/a><\/figure>\n<\/figure>\n","protected":false},"excerpt":{"rendered":"<p>Une visite incontournable \u00e0 Paris apr\u00e8s tant d&rsquo;ann\u00e9es de r\u00e9novation !\u00a0L&rsquo;H\u00f4tel de la Marine L&rsquo;H\u00f4tel de la Marine est un monument embl\u00e9matique de la Place de la Concorde &#8211;&nbsp;&nbsp;C&rsquo;est un superbe ensemble architectural cr\u00e9\u00e9 au XVIIIe&nbsp;si\u00e8cle \u00e9difi\u00e9 par Ange-Jacques Gabriel, Premier architecte du Roi &#8211;&nbsp;&nbsp;Il abrita jusqu\u2019en 1798 le Garde-Meuble de la Couronne avant de &hellip; <a href=\"https:\/\/www.littorelles.org\/?page_id=3387\" class=\"more-link\">Continuer la lecture de <span class=\"screen-reader-text\">H\u00f4tel de la Marine &#8211; Paris &#8211; 2021<\/span> <span class=\"meta-nav\">&rarr;<\/span><\/a><\/p>\n","protected":false},"author":1,"featured_media":0,"parent":3280,"menu_order":0,"comment_status":"closed","ping_status":"closed","template":"","meta":{"ngg_post_thumbnail":0,"footnotes":""},"class_list":["post-3387","page","type-page","status-publish","hentry"],"_links":{"self":[{"href":"https:\/\/www.littorelles.org\/index.php?rest_route=\/wp\/v2\/pages\/3387","targetHints":{"allow":["GET"]}}],"collection":[{"href":"https:\/\/www.littorelles.org\/index.php?rest_route=\/wp\/v2\/pages"}],"about":[{"href":"https:\/\/www.littorelles.org\/index.php?rest_route=\/wp\/v2\/types\/page"}],"author":[{"embeddable":true,"href":"https:\/\/www.littorelles.org\/index.php?rest_route=\/wp\/v2\/users\/1"}],"replies":[{"embeddable":true,"href":"https:\/\/www.littorelles.org\/index.php?rest_route=%2Fwp%2Fv2%2Fcomments&post=3387"}],"version-history":[{"count":0,"href":"https:\/\/www.littorelles.org\/index.php?rest_route=\/wp\/v2\/pages\/3387\/revisions"}],"up":[{"embeddable":true,"href":"https:\/\/www.littorelles.org\/index.php?rest_route=\/wp\/v2\/pages\/3280"}],"wp:attachment":[{"href":"https:\/\/www.littorelles.org\/index.php?rest_route=%2Fwp%2Fv2%2Fmedia&parent=3387"}],"curies":[{"name":"wp","href":"https:\/\/api.w.org\/{rel}","templated":true}]}}

Hôtel de la Marine &#8211; Paris &#8211; 2021

<p>Une visite incontournable à Paris après tant d&rsquo;années de rénovation ! L&rsquo;Hôtel de la Marine</p>



<p><em>L&rsquo;Hôtel de la Marine est un monument emblématique de la Place de la Concorde &#8211;&nbsp;&nbsp;C&rsquo;est un superbe ensemble architectural créé au XVIII<sup>e</sup>&nbsp;siècle édifié par Ange-Jacques Gabriel, Premier architecte du Roi &#8211;&nbsp;&nbsp;Il abrita jusqu’en 1798 le Garde-Meuble de la Couronne avant de devenir, pendant plus de deux-cents ans, le siège du ministère de la Marine.</em></p>



<p><em> Récemment ouvert au public après des mois de rénovation, ce fut un grand bonheur de visiter les appartements du XVIII<sup>e</sup> siècle remeublés, les salons d’apparat et les restaurants dans un bâtiment entièrement restauré par le Centre des monuments nationaux.</em></p>



<figure class="wp-block-embed is-type-video is-provider-youtube wp-block-embed-youtube wp-embed-aspect-16-9 wp-has-aspect-ratio"><div class="wp-block-embed__wrapper">
<iframe loading="lazy" title="OUVERTURE - Rendez-vous à l&#039;Hôtel de la Marine à Paris !" width="604" height="340" src="https://www.youtube.com/embed/BofT9MVFFbE?feature=oembed" frameborder="0" allow="accelerometer; autoplay; clipboard-write; encrypted-media; gyroscope; picture-in-picture; web-share" referrerpolicy="strict-origin-when-cross-origin" allowfullscreen></iframe>
</div></figure>



<h2 class="wp-block-heading" id="l-installation-du-garde-meuble-de-la-couronne">L’installation du Garde-Meuble de la Couronne</h2>



<p>L’institution était chargée du choix, de l’achat et de l’entretien du mobilier du roi, allant&nbsp;<strong>du lit à la simple chaise</strong>. Elle avait également en charge&nbsp;<strong>&nbsp;la conservation des collections royales d’armes et d’armures, d’étoffes et de tentures, de vases de pierres dures, de bronzes et enfin des diamants de la Couronne, mais aussi&nbsp;</strong><strong>des batteries de cuisine et du linge de maison !</strong></p>



<h2 class="wp-block-heading" id="le-siege-du-ministere-de-la-marine-pendant-226-ans">Le siège du ministère de la Marine pendant 226 ans&nbsp;</h2>



<p>Dès le début de la Révolution, le roi Louis XVI quitte Versailles pour Paris.<br><strong>Toutes les administrations de l’État présentes à Versailles durent donc regagner la capitale.</strong><br>Mais un obstacle de taille se dresse :&nbsp;<strong>où les installer à Paris ?</strong>&nbsp;Le ministère de la Marine, avec à sa tête le comte de La Luzerne et Jean-Baptiste Berthier,&nbsp;<strong>s’installa dans le palais abritant le Garde-Meuble en 1789.</strong></p>



<p>Dans un premier temps, la Marine occupa des espaces au deuxième étage et à l’ouest du premier étage. Il lui fallu moins de 10 ans avant de pouvoir occuper le bâtiment dans son ensemble. <strong>C’est le début de deux siècles de présence de cette administration dans ce palais qui portera désormais le nom d’Hôtel de la Marine.</strong> Ce n’est qu’en 2015 que le ministère de la Marine quitta le bâtiment. »</p>



<figure class="wp-block-gallery has-nested-images columns-default is-cropped wp-block-gallery-1 is-layout-flex wp-block-gallery-is-layout-flex">
<figure class="wp-block-image size-large is-style-default"><a href="https://littorelles.org/wp-content/uploads/2022/02/IMG_0692.jpg"><img decoding="async" data-id="3393" src="https://littorelles.org/wp-content/uploads/2022/02/IMG_0692.jpg" alt="" class="wp-image-3393"/></a></figure>



<figure class="wp-block-image size-large is-style-default"><a href="https://littorelles.org/wp-content/uploads/2022/02/IMG_0694-rotated.jpg"><img decoding="async" data-id="3396" src="https://littorelles.org/wp-content/uploads/2022/02/IMG_0694-rotated.jpg" alt="" class="wp-image-3396"/></a></figure>



<figure class="wp-block-image size-large is-style-default"><a href="https://littorelles.org/wp-content/uploads/2022/02/IMG_0701.jpg"><img decoding="async" data-id="3392" src="https://littorelles.org/wp-content/uploads/2022/02/IMG_0701.jpg" alt="" class="wp-image-3392"/></a></figure>



<figure class="wp-block-image size-large is-style-default"><a href="https://littorelles.org/wp-content/uploads/2022/02/IMG_0704-rotated.jpg"><img decoding="async" data-id="3395" src="https://littorelles.org/wp-content/uploads/2022/02/IMG_0704-rotated.jpg" alt="" class="wp-image-3395"/></a></figure>



<figure class="wp-block-image size-large is-style-default"><a href="https://littorelles.org/wp-content/uploads/2022/02/IMG_0708-rotated.jpg"><img decoding="async" data-id="3391" src="https://littorelles.org/wp-content/uploads/2022/02/IMG_0708-rotated.jpg" alt="" class="wp-image-3391"/></a></figure>



<figure class="wp-block-image size-large is-style-default"><a href="https://littorelles.org/wp-content/uploads/2022/02/IMG_0709-rotated.jpg"><img decoding="async" data-id="3394" src="https://littorelles.org/wp-content/uploads/2022/02/IMG_0709-rotated.jpg" alt="" class="wp-image-3394"/></a></figure>



<figure class="wp-block-image size-large is-style-default"><a href="https://littorelles.org/wp-content/uploads/2022/02/IMG_0711.jpg"><img decoding="async" data-id="3397" src="https://littorelles.org/wp-content/uploads/2022/02/IMG_0711.jpg" alt="" class="wp-image-3397"/></a></figure>



<figure class="wp-block-image size-large is-style-default"><a href="https://littorelles.org/wp-content/uploads/2022/02/IMG_0713-rotated.jpg"><img decoding="async" data-id="3398" src="https://littorelles.org/wp-content/uploads/2022/02/IMG_0713-rotated.jpg" alt="" class="wp-image-3398"/></a></figure>



<figure class="wp-block-image size-large is-style-default"><a href="https://littorelles.org/wp-content/uploads/2022/02/IMG_0715.jpg"><img decoding="async" data-id="3399" src="https://littorelles.org/wp-content/uploads/2022/02/IMG_0715.jpg" alt="" class="wp-image-3399"/></a></figure>
</figure>

<p>Une visite incontournable à Paris après tant d&rsquo;années de rénovation ! L&rsquo;Hôtel de la Marine L&rsquo;Hôtel de la Marine est un monument emblématique de la Place de la Concorde &#8211;&nbsp;&nbsp;C&rsquo;est un superbe ensemble architectural créé au XVIIIe&nbsp;siècle édifié par Ange-Jacques Gabriel, Premier architecte du Roi &#8211;&nbsp;&nbsp;Il abrita jusqu’en 1798 le Garde-Meuble de la Couronne avant de &hellip; <a href="https://www.littorelles.org/?page_id=3387" class="more-link">Continuer la lecture de <span class="screen-reader-text">Hôtel de la Marine &#8211; Paris &#8211; 2021</span> <span class="meta-nav">&rarr;</span></a></p>
