{"id":3170,"date":"2019-10-25T03:41:29","date_gmt":"2019-10-25T02:41:29","guid":{"rendered":"http:\/\/littorelles.org\/?page_id=3170"},"modified":"2019-10-25T03:41:29","modified_gmt":"2019-10-25T02:41:29","slug":"paris-luxe-calme-et-volupte","status":"publish","type":"page","link":"https:\/\/www.littorelles.org\/?page_id=3170","title":{"rendered":"Paris \u00a0\u00bb Luxe, calme et volupt\u00e9 \u00ab\u00a0"},"content":{"rendered":"\n<p> Une journ\u00e9e parisienne sans stress car il s&rsquo;agissait pas de se retrouver dans la foule d&rsquo;une grande exposition. Nous avons visit\u00e9 le Mus\u00e9e Gustave Moreau<br>Avec ce bel h\u00f4tel particulier de la rue de la Rochefoucauld, nous entrions aussi dans les \u0153uvres d&rsquo;un peintre : Gustave Moreau qui \u00ab\u00a0lui\u00a0\u00bb \u00e9tait accept\u00e9 au salon officiel des beaux Arts alors que son contemporain \u00c9douard Manet en \u00e9tait \u00e9cart\u00e9.<br>Une \u0153uvre symbolique fourmillant de d\u00e9tails r\u00e9v\u00e9l\u00e9s par nous passionnante guide de la journ\u00e9e : Maud Hacker.<br>Apr\u00e8s un repas bien sympathique dans la galerie Vivienne et la d\u00e9couverte de ce quartiers aux nombreux passages \u00e0 la belle architecture, nous avons termin\u00e9 par le palais Royal. Maud nous a cont\u00e9 avec talent l&rsquo;histoire et la petite histoire de ce&nbsp; lieu prestigieux. Une excellente sortie ! <\/p>\n\n\n\n<ul class=\"wp-block-gallery columns-4 is-cropped wp-block-gallery-1 is-layout-flex wp-block-gallery-is-layout-flex\"><li class=\"blocks-gallery-item\"><figure><a href=\"littorelles.org\/wp-content\/uploads\/2019\/10\/8-Large-576x1024.jpg\"><img decoding=\"async\" src=\"littorelles.org\/wp-content\/uploads\/2019\/10\/8-Large-576x1024.jpg\" alt=\"\" data-id=\"3172\" data-link=\"littorelles.org\/?attachment_id=3172\" class=\"wp-image-3172\"\/><\/a><\/figure><\/li><li class=\"blocks-gallery-item\"><figure><a href=\"littorelles.org\/wp-content\/uploads\/2019\/10\/3-DSCN4861-Large-1024x768.jpg\"><img decoding=\"async\" src=\"littorelles.org\/wp-content\/uploads\/2019\/10\/3-DSCN4861-Large-1024x768.jpg\" alt=\"\" data-id=\"3177\" data-link=\"littorelles.org\/?attachment_id=3177\" class=\"wp-image-3177\"\/><\/a><\/figure><\/li><li class=\"blocks-gallery-item\"><figure><a href=\"littorelles.org\/wp-content\/uploads\/2019\/10\/7-Large-1024x768.jpg\"><img decoding=\"async\" src=\"littorelles.org\/wp-content\/uploads\/2019\/10\/7-Large-1024x768.jpg\" alt=\"\" data-id=\"3174\" data-link=\"littorelles.org\/?attachment_id=3174\" class=\"wp-image-3174\"\/><\/a><\/figure><\/li><li class=\"blocks-gallery-item\"><figure><a href=\"littorelles.org\/wp-content\/uploads\/2019\/10\/4-Large.jpg\"><img decoding=\"async\" src=\"littorelles.org\/wp-content\/uploads\/2019\/10\/4-Large.jpg\" alt=\"\" data-id=\"3173\" data-link=\"littorelles.org\/?attachment_id=3173\" class=\"wp-image-3173\"\/><\/a><\/figure><\/li><li class=\"blocks-gallery-item\"><figure><a href=\"littorelles.org\/wp-content\/uploads\/2019\/10\/6-Large-1024x768.jpg\"><img decoding=\"async\" src=\"littorelles.org\/wp-content\/uploads\/2019\/10\/6-Large-1024x768.jpg\" alt=\"\" data-id=\"3175\" data-link=\"littorelles.org\/?attachment_id=3175\" class=\"wp-image-3175\"\/><\/a><\/figure><\/li><li class=\"blocks-gallery-item\"><figure><a href=\"littorelles.org\/wp-content\/uploads\/2019\/10\/3-Large-1024x768.jpg\"><img decoding=\"async\" src=\"littorelles.org\/wp-content\/uploads\/2019\/10\/3-Large-1024x768.jpg\" alt=\"\" data-id=\"3176\" data-link=\"littorelles.org\/?attachment_id=3176\" class=\"wp-image-3176\"\/><\/a><\/figure><\/li><li class=\"blocks-gallery-item\"><figure><a href=\"littorelles.org\/wp-content\/uploads\/2019\/10\/2-Large-1024x768.jpg\"><img decoding=\"async\" src=\"littorelles.org\/wp-content\/uploads\/2019\/10\/2-Large-1024x768.jpg\" alt=\"\" data-id=\"3178\" data-link=\"littorelles.org\/?attachment_id=3178\" class=\"wp-image-3178\"\/><\/a><\/figure><\/li><li class=\"blocks-gallery-item\"><figure><a href=\"littorelles.org\/wp-content\/uploads\/2019\/10\/1-Large-1024x768.jpg\"><img decoding=\"async\" src=\"littorelles.org\/wp-content\/uploads\/2019\/10\/1-Large-1024x768.jpg\" alt=\"\" data-id=\"3179\" data-link=\"littorelles.org\/?attachment_id=3179\" class=\"wp-image-3179\"\/><\/a><\/figure><\/li><li class=\"blocks-gallery-item\"><figure><a href=\"littorelles.org\/wp-content\/uploads\/2019\/10\/TLCW4537-Large-1024x576.jpg\"><img decoding=\"async\" src=\"littorelles.org\/wp-content\/uploads\/2019\/10\/TLCW4537-Large-1024x576.jpg\" alt=\"\" data-id=\"3171\" data-link=\"littorelles.org\/?attachment_id=3171\" class=\"wp-image-3171\"\/><\/a><\/figure><\/li><\/ul>\n","protected":false},"excerpt":{"rendered":"<p>Une journ\u00e9e parisienne sans stress car il s&rsquo;agissait pas de se retrouver dans la foule d&rsquo;une grande exposition. Nous avons visit\u00e9 le Mus\u00e9e Gustave MoreauAvec ce bel h\u00f4tel particulier de la rue de la Rochefoucauld, nous entrions aussi dans les \u0153uvres d&rsquo;un peintre : Gustave Moreau qui \u00ab\u00a0lui\u00a0\u00bb \u00e9tait accept\u00e9 au salon officiel des beaux &hellip; <a href=\"https:\/\/www.littorelles.org\/?page_id=3170\" class=\"more-link\">Continuer la lecture de <span class=\"screen-reader-text\">Paris \u00a0\u00bb Luxe, calme et volupt\u00e9 \u00ab\u00a0<\/span> <span class=\"meta-nav\">&rarr;<\/span><\/a><\/p>\n","protected":false},"author":1,"featured_media":0,"parent":2887,"menu_order":0,"comment_status":"closed","ping_status":"closed","template":"","meta":{"ngg_post_thumbnail":0,"footnotes":""},"class_list":["post-3170","page","type-page","status-publish","hentry"],"_links":{"self":[{"href":"https:\/\/www.littorelles.org\/index.php?rest_route=\/wp\/v2\/pages\/3170","targetHints":{"allow":["GET"]}}],"collection":[{"href":"https:\/\/www.littorelles.org\/index.php?rest_route=\/wp\/v2\/pages"}],"about":[{"href":"https:\/\/www.littorelles.org\/index.php?rest_route=\/wp\/v2\/types\/page"}],"author":[{"embeddable":true,"href":"https:\/\/www.littorelles.org\/index.php?rest_route=\/wp\/v2\/users\/1"}],"replies":[{"embeddable":true,"href":"https:\/\/www.littorelles.org\/index.php?rest_route=%2Fwp%2Fv2%2Fcomments&post=3170"}],"version-history":[{"count":0,"href":"https:\/\/www.littorelles.org\/index.php?rest_route=\/wp\/v2\/pages\/3170\/revisions"}],"up":[{"embeddable":true,"href":"https:\/\/www.littorelles.org\/index.php?rest_route=\/wp\/v2\/pages\/2887"}],"wp:attachment":[{"href":"https:\/\/www.littorelles.org\/index.php?rest_route=%2Fwp%2Fv2%2Fmedia&parent=3170"}],"curies":[{"name":"wp","href":"https:\/\/api.w.org\/{rel}","templated":true}]}}