{"id":3080,"date":"2019-09-18T00:46:50","date_gmt":"2019-09-17T23:46:50","guid":{"rendered":"http:\/\/littorelles.org\/?page_id=3080"},"modified":"2019-09-18T00:46:50","modified_gmt":"2019-09-17T23:46:50","slug":"un-noel-colore-et-musical-a-la-matelote","status":"publish","type":"page","link":"https:\/\/www.littorelles.org\/?page_id=3080","title":{"rendered":"Un No\u00ebl color\u00e9 et musical \u00e0 la Matelote"},"content":{"rendered":"\n<p>\n\nChacune \u00e9tait ravie de ce No\u00ebl 2018 \u00e0 la matelote !<br>Le matin apr\u00e8s l&rsquo;accueil, Marion Lamarque, artiste designer et passionn\u00e9e par la couleur,&nbsp; nous a expliqu\u00e9 les effets des diff\u00e9rentes couleurs sur notre comportementChaque couleur a sa sp\u00e9cificit\u00e9 sur notre cerveau &#8211; et l&rsquo;on peut percevoir diff\u00e9remment les couleurs selon qu&rsquo;on est homme ou femme.<br>Elle nous a expliqu\u00e9 son m\u00e9tier de designer et le lien qu&rsquo;elle r\u00e9alise entre l&rsquo;art et l&rsquo; industrie<br>Il faut colorier le monde pour ne pas vivre dans un monde monotone ;&nbsp; les pays et les cultures donnent un sens diff\u00e9rent aux couleurs<\/p>\n\n\n\n<p>Nous aurions pu \u00e9couter longtemps Marion sur le sujet des couleurs, mais un repas raffin\u00e9 nous \u00e9tait propos\u00e9 \u00e0 l&rsquo;occasion de la f\u00eate de No\u00ebl et il fallait passer \u00e0 table.<br>&nbsp;Anastassia Ludmil, professeur de chant&nbsp; et pianiste nous a enthousiasm\u00e9es par des chants profanes et aussi de No\u00ebl bulgare pour terminer cette magnifique journ\u00e9e.<br>Chaque LITTORELLES est r\u00e9partie avec un livre de l&rsquo;Imprimerie Nationale ;&nbsp; cela a \u00e9t\u00e9 tr\u00e8s appr\u00e9ci\u00e9. <\/p>\n\n\n\n<ul class=\"wp-block-gallery columns-3 is-cropped wp-block-gallery-1 is-layout-flex wp-block-gallery-is-layout-flex\"><li class=\"blocks-gallery-item\"><figure><a href=\"littorelles.org\/wp-content\/uploads\/2019\/09\/Noel_matelote-1.jpg\"><img decoding=\"async\" src=\"littorelles.org\/wp-content\/uploads\/2019\/09\/Noel_matelote-1.jpg\" alt=\"\" data-id=\"3083\" data-link=\"littorelles.org\/?attachment_id=3083\" class=\"wp-image-3083\"\/><\/a><\/figure><\/li><li class=\"blocks-gallery-item\"><figure><a href=\"littorelles.org\/wp-content\/uploads\/2019\/09\/Noel_matelote-1-2.jpg\"><img decoding=\"async\" src=\"littorelles.org\/wp-content\/uploads\/2019\/09\/Noel_matelote-1-2.jpg\" alt=\"\" data-id=\"3103\" data-link=\"littorelles.org\/?attachment_id=3103\" class=\"wp-image-3103\"\/><\/a><\/figure><\/li><li class=\"blocks-gallery-item\"><figure><a href=\"littorelles.org\/wp-content\/uploads\/2019\/09\/Noel_matelote-2.jpg\"><img decoding=\"async\" src=\"littorelles.org\/wp-content\/uploads\/2019\/09\/Noel_matelote-2.jpg\" alt=\"\" data-id=\"3084\" data-link=\"littorelles.org\/?attachment_id=3084\" class=\"wp-image-3084\"\/><\/a><\/figure><\/li><li class=\"blocks-gallery-item\"><figure><a href=\"littorelles.org\/wp-content\/uploads\/2019\/09\/Noel_matelote-3.jpg\"><img decoding=\"async\" src=\"littorelles.org\/wp-content\/uploads\/2019\/09\/Noel_matelote-3.jpg\" alt=\"\" data-id=\"3085\" data-link=\"littorelles.org\/?attachment_id=3085\" class=\"wp-image-3085\"\/><\/a><\/figure><\/li><li class=\"blocks-gallery-item\"><figure><a href=\"littorelles.org\/wp-content\/uploads\/2019\/09\/Noel_matelote-5.jpg\"><img decoding=\"async\" src=\"littorelles.org\/wp-content\/uploads\/2019\/09\/Noel_matelote-5.jpg\" alt=\"\" data-id=\"3087\" data-link=\"littorelles.org\/?attachment_id=3087\" class=\"wp-image-3087\"\/><\/a><\/figure><\/li><li class=\"blocks-gallery-item\"><figure><a href=\"littorelles.org\/wp-content\/uploads\/2019\/09\/Noel_matelote-6.jpg\"><img decoding=\"async\" src=\"littorelles.org\/wp-content\/uploads\/2019\/09\/Noel_matelote-6.jpg\" alt=\"\" data-id=\"3088\" data-link=\"littorelles.org\/?attachment_id=3088\" class=\"wp-image-3088\"\/><\/a><\/figure><\/li><li class=\"blocks-gallery-item\"><figure><a href=\"littorelles.org\/wp-content\/uploads\/2019\/09\/Noel_matelote-7.jpg\"><img decoding=\"async\" src=\"littorelles.org\/wp-content\/uploads\/2019\/09\/Noel_matelote-7.jpg\" alt=\"\" data-id=\"3089\" data-link=\"littorelles.org\/?attachment_id=3089\" class=\"wp-image-3089\"\/><\/a><\/figure><\/li><li class=\"blocks-gallery-item\"><figure><a href=\"littorelles.org\/wp-content\/uploads\/2019\/09\/Noel_matelote-8.jpg\"><img decoding=\"async\" src=\"littorelles.org\/wp-content\/uploads\/2019\/09\/Noel_matelote-8.jpg\" alt=\"\" data-id=\"3090\" data-link=\"littorelles.org\/?attachment_id=3090\" class=\"wp-image-3090\"\/><\/a><\/figure><\/li><li class=\"blocks-gallery-item\"><figure><a href=\"littorelles.org\/wp-content\/uploads\/2019\/09\/Noel_matelote-9.jpg\"><img decoding=\"async\" src=\"littorelles.org\/wp-content\/uploads\/2019\/09\/Noel_matelote-9.jpg\" alt=\"\" data-id=\"3091\" data-link=\"littorelles.org\/?attachment_id=3091\" class=\"wp-image-3091\"\/><\/a><\/figure><\/li><li class=\"blocks-gallery-item\"><figure><a href=\"littorelles.org\/wp-content\/uploads\/2019\/09\/Noel_matelote-10.jpg\"><img decoding=\"async\" src=\"littorelles.org\/wp-content\/uploads\/2019\/09\/Noel_matelote-10.jpg\" alt=\"\" data-id=\"3092\" data-link=\"littorelles.org\/?attachment_id=3092\" class=\"wp-image-3092\"\/><\/a><\/figure><\/li><li class=\"blocks-gallery-item\"><figure><a href=\"littorelles.org\/wp-content\/uploads\/2019\/09\/Noel_matelote-11.jpg\"><img decoding=\"async\" src=\"littorelles.org\/wp-content\/uploads\/2019\/09\/Noel_matelote-11.jpg\" alt=\"\" data-id=\"3093\" data-link=\"littorelles.org\/?attachment_id=3093\" class=\"wp-image-3093\"\/><\/a><\/figure><\/li><li class=\"blocks-gallery-item\"><figure><a href=\"littorelles.org\/wp-content\/uploads\/2019\/09\/Noel_matelote-12.jpg\"><img decoding=\"async\" src=\"littorelles.org\/wp-content\/uploads\/2019\/09\/Noel_matelote-12.jpg\" alt=\"\" data-id=\"3094\" data-link=\"littorelles.org\/?attachment_id=3094\" class=\"wp-image-3094\"\/><\/a><\/figure><\/li><li class=\"blocks-gallery-item\"><figure><a href=\"littorelles.org\/wp-content\/uploads\/2019\/09\/Noel_matelote-13.jpg\"><img decoding=\"async\" src=\"littorelles.org\/wp-content\/uploads\/2019\/09\/Noel_matelote-13.jpg\" alt=\"\" data-id=\"3095\" data-link=\"littorelles.org\/?attachment_id=3095\" class=\"wp-image-3095\"\/><\/a><\/figure><\/li><li class=\"blocks-gallery-item\"><figure><a href=\"littorelles.org\/wp-content\/uploads\/2019\/09\/Noel_matelote-14.jpg\"><img decoding=\"async\" src=\"littorelles.org\/wp-content\/uploads\/2019\/09\/Noel_matelote-14.jpg\" alt=\"\" data-id=\"3096\" data-link=\"littorelles.org\/?attachment_id=3096\" class=\"wp-image-3096\"\/><\/a><\/figure><\/li><li class=\"blocks-gallery-item\"><figure><a href=\"littorelles.org\/wp-content\/uploads\/2019\/09\/Noel_matelote-15.jpg\"><img decoding=\"async\" src=\"littorelles.org\/wp-content\/uploads\/2019\/09\/Noel_matelote-15.jpg\" alt=\"\" data-id=\"3097\" data-link=\"littorelles.org\/?attachment_id=3097\" class=\"wp-image-3097\"\/><\/a><\/figure><\/li><li class=\"blocks-gallery-item\"><figure><a href=\"littorelles.org\/wp-content\/uploads\/2019\/09\/Noel_matelote-16.jpg\"><img decoding=\"async\" src=\"littorelles.org\/wp-content\/uploads\/2019\/09\/Noel_matelote-16.jpg\" alt=\"\" data-id=\"3098\" data-link=\"littorelles.org\/?attachment_id=3098\" class=\"wp-image-3098\"\/><\/a><\/figure><\/li><li class=\"blocks-gallery-item\"><figure><a href=\"littorelles.org\/wp-content\/uploads\/2019\/09\/Noel_matelote-17.jpg\"><img decoding=\"async\" src=\"littorelles.org\/wp-content\/uploads\/2019\/09\/Noel_matelote-17.jpg\" alt=\"\" data-id=\"3099\" data-link=\"littorelles.org\/?attachment_id=3099\" class=\"wp-image-3099\"\/><\/a><\/figure><\/li><li class=\"blocks-gallery-item\"><figure><a href=\"littorelles.org\/wp-content\/uploads\/2019\/09\/Noel_matelote-18.jpg\"><img decoding=\"async\" src=\"littorelles.org\/wp-content\/uploads\/2019\/09\/Noel_matelote-18.jpg\" alt=\"\" data-id=\"3100\" data-link=\"littorelles.org\/?attachment_id=3100\" class=\"wp-image-3100\"\/><\/a><\/figure><\/li><li class=\"blocks-gallery-item\"><figure><a href=\"littorelles.org\/wp-content\/uploads\/2019\/09\/Noel_matelote-19.jpg\"><img decoding=\"async\" src=\"littorelles.org\/wp-content\/uploads\/2019\/09\/Noel_matelote-19.jpg\" alt=\"\" data-id=\"3101\" data-link=\"littorelles.org\/?attachment_id=3101\" class=\"wp-image-3101\"\/><\/a><\/figure><\/li><li class=\"blocks-gallery-item\"><figure><a href=\"littorelles.org\/wp-content\/uploads\/2019\/09\/Noel_matelote-20.jpg\"><img decoding=\"async\" src=\"littorelles.org\/wp-content\/uploads\/2019\/09\/Noel_matelote-20.jpg\" alt=\"\" data-id=\"3102\" data-link=\"littorelles.org\/?attachment_id=3102\" class=\"wp-image-3102\"\/><\/a><\/figure><\/li><\/ul>\n","protected":false},"excerpt":{"rendered":"<p>Chacune \u00e9tait ravie de ce No\u00ebl 2018 \u00e0 la matelote !Le matin apr\u00e8s l&rsquo;accueil, Marion Lamarque, artiste designer et passionn\u00e9e par la couleur,&nbsp; nous a expliqu\u00e9 les effets des diff\u00e9rentes couleurs sur notre comportementChaque couleur a sa sp\u00e9cificit\u00e9 sur notre cerveau &#8211; et l&rsquo;on peut percevoir diff\u00e9remment les couleurs selon qu&rsquo;on est homme ou femme.Elle &hellip; <a href=\"https:\/\/www.littorelles.org\/?page_id=3080\" class=\"more-link\">Continuer la lecture de <span class=\"screen-reader-text\">Un No\u00ebl color\u00e9 et musical \u00e0 la Matelote<\/span> <span class=\"meta-nav\">&rarr;<\/span><\/a><\/p>\n","protected":false},"author":1,"featured_media":0,"parent":2887,"menu_order":13,"comment_status":"closed","ping_status":"closed","template":"","meta":{"ngg_post_thumbnail":0,"footnotes":""},"class_list":["post-3080","page","type-page","status-publish","hentry"],"_links":{"self":[{"href":"https:\/\/www.littorelles.org\/index.php?rest_route=\/wp\/v2\/pages\/3080","targetHints":{"allow":["GET"]}}],"collection":[{"href":"https:\/\/www.littorelles.org\/index.php?rest_route=\/wp\/v2\/pages"}],"about":[{"href":"https:\/\/www.littorelles.org\/index.php?rest_route=\/wp\/v2\/types\/page"}],"author":[{"embeddable":true,"href":"https:\/\/www.littorelles.org\/index.php?rest_route=\/wp\/v2\/users\/1"}],"replies":[{"embeddable":true,"href":"https:\/\/www.littorelles.org\/index.php?rest_route=%2Fwp%2Fv2%2Fcomments&post=3080"}],"version-history":[{"count":0,"href":"https:\/\/www.littorelles.org\/index.php?rest_route=\/wp\/v2\/pages\/3080\/revisions"}],"up":[{"embeddable":true,"href":"https:\/\/www.littorelles.org\/index.php?rest_route=\/wp\/v2\/pages\/2887"}],"wp:attachment":[{"href":"https:\/\/www.littorelles.org\/index.php?rest_route=%2Fwp%2Fv2%2Fmedia&parent=3080"}],"curies":[{"name":"wp","href":"https:\/\/api.w.org\/{rel}","templated":true}]}}