{"id":2949,"date":"2019-09-17T23:16:37","date_gmt":"2019-09-17T22:16:37","guid":{"rendered":"http:\/\/littorelles.org\/?page_id=2949"},"modified":"2019-09-17T23:16:37","modified_gmt":"2019-09-17T22:16:37","slug":"lille-intenso-mexicano","status":"publish","type":"page","link":"https:\/\/www.littorelles.org\/?page_id=2949","title":{"rendered":"Lille Intenso Mexicano"},"content":{"rendered":"\n<p> Une courte balade dans le Vieux Lille et nous sommes arriv\u00e9es au Mus\u00e9e de l&rsquo;Hospice Comtesse pour l&rsquo;exposition Mexicaine INTENSO MEXICANO<br>48 peintures gravures et photographies de la collection permanente du Mus\u00e9o de Arte Moderno de Mexico\u00a0 de la R\u00e9volution de 1910 jusqu&rsquo;au tournant du XX\u00e8me si\u00e8cle : \u0153uvres de Frida Kahlo, Diego Rivera, Jos\u00e9 Clemente Orozco, Francisco Toledo, Manuel Alvarez Bravo, Graciela Iturbide, German Venegas et Daniel Lezama)<br>Des \u0153uvres fortes et color\u00e9es nous ont \u00e9t\u00e9 pr\u00e9sent\u00e9es et comment\u00e9es &#8211;\u00a0 c&rsquo;\u00e9tait passionnant et cela nous a permis de\u00a0 conna\u00eetre les probl\u00e8mes r\u00e9currents du Mexique et de sa population. <\/p>\n\n\n\n<ul class=\"wp-block-gallery columns-3 is-cropped wp-block-gallery-1 is-layout-flex wp-block-gallery-is-layout-flex\"><li class=\"blocks-gallery-item\"><figure><a href=\"littorelles.org\/wp-content\/uploads\/2019\/09\/Lille_Intenso_Mexicano-1.jpg\"><img decoding=\"async\" src=\"littorelles.org\/wp-content\/uploads\/2019\/09\/Lille_Intenso_Mexicano-1.jpg\" alt=\"\" data-id=\"2953\" data-link=\"littorelles.org\/?attachment_id=2953\" class=\"wp-image-2953\"\/><\/a><\/figure><\/li><li class=\"blocks-gallery-item\"><figure><a href=\"littorelles.org\/wp-content\/uploads\/2019\/09\/Lille_Intenso_Mexicano-2.jpg\"><img decoding=\"async\" src=\"littorelles.org\/wp-content\/uploads\/2019\/09\/Lille_Intenso_Mexicano-2.jpg\" alt=\"\" data-id=\"2954\" data-link=\"littorelles.org\/?attachment_id=2954\" class=\"wp-image-2954\"\/><\/a><\/figure><\/li><li class=\"blocks-gallery-item\"><figure><a href=\"littorelles.org\/wp-content\/uploads\/2019\/09\/Lille_Intenso_Mexicano-3.jpg\"><img decoding=\"async\" src=\"littorelles.org\/wp-content\/uploads\/2019\/09\/Lille_Intenso_Mexicano-3.jpg\" alt=\"\" data-id=\"2955\" data-link=\"littorelles.org\/?attachment_id=2955\" class=\"wp-image-2955\"\/><\/a><\/figure><\/li><li class=\"blocks-gallery-item\"><figure><a href=\"littorelles.org\/wp-content\/uploads\/2019\/09\/Lille_Intenso_Mexicano-4.jpg\"><img decoding=\"async\" src=\"littorelles.org\/wp-content\/uploads\/2019\/09\/Lille_Intenso_Mexicano-4.jpg\" alt=\"\" data-id=\"2956\" data-link=\"littorelles.org\/?attachment_id=2956\" class=\"wp-image-2956\"\/><\/a><\/figure><\/li><li class=\"blocks-gallery-item\"><figure><a href=\"littorelles.org\/wp-content\/uploads\/2019\/09\/Lille_Intenso_Mexicano-5.jpg\"><img decoding=\"async\" src=\"littorelles.org\/wp-content\/uploads\/2019\/09\/Lille_Intenso_Mexicano-5.jpg\" alt=\"\" data-id=\"2957\" data-link=\"littorelles.org\/?attachment_id=2957\" class=\"wp-image-2957\"\/><\/a><\/figure><\/li><li class=\"blocks-gallery-item\"><figure><a href=\"littorelles.org\/wp-content\/uploads\/2019\/09\/Lille_Intenso_Mexicano-7.jpg\"><img decoding=\"async\" src=\"littorelles.org\/wp-content\/uploads\/2019\/09\/Lille_Intenso_Mexicano-7.jpg\" alt=\"\" data-id=\"2959\" data-link=\"littorelles.org\/?attachment_id=2959\" class=\"wp-image-2959\"\/><\/a><\/figure><\/li><li class=\"blocks-gallery-item\"><figure><a href=\"littorelles.org\/wp-content\/uploads\/2019\/09\/Lille_Intenso_Mexicano-8.jpg\"><img decoding=\"async\" src=\"littorelles.org\/wp-content\/uploads\/2019\/09\/Lille_Intenso_Mexicano-8.jpg\" alt=\"\" data-id=\"2960\" data-link=\"littorelles.org\/?attachment_id=2960\" class=\"wp-image-2960\"\/><\/a><\/figure><\/li><li class=\"blocks-gallery-item\"><figure><a href=\"littorelles.org\/wp-content\/uploads\/2019\/09\/Lille_Intenso_Mexicano-11.jpg\"><img decoding=\"async\" src=\"littorelles.org\/wp-content\/uploads\/2019\/09\/Lille_Intenso_Mexicano-11.jpg\" alt=\"\" data-id=\"2963\" data-link=\"littorelles.org\/?attachment_id=2963\" class=\"wp-image-2963\"\/><\/a><\/figure><\/li><li class=\"blocks-gallery-item\"><figure><a href=\"littorelles.org\/wp-content\/uploads\/2019\/09\/Lille_Intenso_Mexicano-12.jpg\"><img decoding=\"async\" src=\"littorelles.org\/wp-content\/uploads\/2019\/09\/Lille_Intenso_Mexicano-12.jpg\" alt=\"\" data-id=\"2964\" data-link=\"littorelles.org\/?attachment_id=2964\" class=\"wp-image-2964\"\/><\/a><\/figure><\/li><li class=\"blocks-gallery-item\"><figure><a href=\"littorelles.org\/wp-content\/uploads\/2019\/09\/Lille_Intenso_Mexicano-6.jpg\"><img decoding=\"async\" src=\"littorelles.org\/wp-content\/uploads\/2019\/09\/Lille_Intenso_Mexicano-6.jpg\" alt=\"\" data-id=\"2958\" data-link=\"littorelles.org\/?attachment_id=2958\" class=\"wp-image-2958\"\/><\/a><\/figure><\/li><li class=\"blocks-gallery-item\"><figure><a href=\"littorelles.org\/wp-content\/uploads\/2019\/09\/Lille_Intenso_Mexicano-9.jpg\"><img decoding=\"async\" src=\"littorelles.org\/wp-content\/uploads\/2019\/09\/Lille_Intenso_Mexicano-9.jpg\" alt=\"\" data-id=\"2961\" data-link=\"littorelles.org\/?attachment_id=2961\" class=\"wp-image-2961\"\/><\/a><\/figure><\/li><li class=\"blocks-gallery-item\"><figure><a href=\"littorelles.org\/wp-content\/uploads\/2019\/09\/Lille_Intenso_Mexicano-10.jpg\"><img decoding=\"async\" src=\"littorelles.org\/wp-content\/uploads\/2019\/09\/Lille_Intenso_Mexicano-10.jpg\" alt=\"\" data-id=\"2962\" data-link=\"littorelles.org\/?attachment_id=2962\" class=\"wp-image-2962\"\/><\/a><\/figure><\/li><\/ul>\n","protected":false},"excerpt":{"rendered":"<p>Une courte balade dans le Vieux Lille et nous sommes arriv\u00e9es au Mus\u00e9e de l&rsquo;Hospice Comtesse pour l&rsquo;exposition Mexicaine INTENSO MEXICANO48 peintures gravures et photographies de la collection permanente du Mus\u00e9o de Arte Moderno de Mexico\u00a0 de la R\u00e9volution de 1910 jusqu&rsquo;au tournant du XX\u00e8me si\u00e8cle : \u0153uvres de Frida Kahlo, Diego Rivera, Jos\u00e9 Clemente &hellip; <a href=\"https:\/\/www.littorelles.org\/?page_id=2949\" class=\"more-link\">Continuer la lecture de <span class=\"screen-reader-text\">Lille Intenso Mexicano<\/span> <span class=\"meta-nav\">&rarr;<\/span><\/a><\/p>\n","protected":false},"author":1,"featured_media":0,"parent":2887,"menu_order":4,"comment_status":"closed","ping_status":"closed","template":"","meta":{"ngg_post_thumbnail":0,"footnotes":""},"class_list":["post-2949","page","type-page","status-publish","hentry"],"_links":{"self":[{"href":"https:\/\/www.littorelles.org\/index.php?rest_route=\/wp\/v2\/pages\/2949","targetHints":{"allow":["GET"]}}],"collection":[{"href":"https:\/\/www.littorelles.org\/index.php?rest_route=\/wp\/v2\/pages"}],"about":[{"href":"https:\/\/www.littorelles.org\/index.php?rest_route=\/wp\/v2\/types\/page"}],"author":[{"embeddable":true,"href":"https:\/\/www.littorelles.org\/index.php?rest_route=\/wp\/v2\/users\/1"}],"replies":[{"embeddable":true,"href":"https:\/\/www.littorelles.org\/index.php?rest_route=%2Fwp%2Fv2%2Fcomments&post=2949"}],"version-history":[{"count":0,"href":"https:\/\/www.littorelles.org\/index.php?rest_route=\/wp\/v2\/pages\/2949\/revisions"}],"up":[{"embeddable":true,"href":"https:\/\/www.littorelles.org\/index.php?rest_route=\/wp\/v2\/pages\/2887"}],"wp:attachment":[{"href":"https:\/\/www.littorelles.org\/index.php?rest_route=%2Fwp%2Fv2%2Fmedia&parent=2949"}],"curies":[{"name":"wp","href":"https:\/\/api.w.org\/{rel}","templated":true}]}}