{"id":2934,"date":"2019-09-17T23:14:36","date_gmt":"2019-09-17T22:14:36","guid":{"rendered":"http:\/\/littorelles.org\/?page_id=2934"},"modified":"2019-09-17T23:14:36","modified_gmt":"2019-09-17T22:14:36","slug":"lille-3000-eldorado","status":"publish","type":"page","link":"https:\/\/www.littorelles.org\/?page_id=2934","title":{"rendered":"Lille 3000 Eldorado"},"content":{"rendered":"\n<p>\n\nLILLE a vu grand cette ann\u00e9e avec les expositions fantastiques \u00ab\u00a0ELDORADO\u00a0\u00bb&nbsp;&nbsp; L&rsquo;invit\u00e9 d&rsquo;honneur \u00e9tait le Mexique avec ses artistes contemporains et ses cultures populaires<br>Nous somme revenues conquises par l&rsquo;utilit\u00e9 de telles expositions !<\/p>\n\n\n\n<p>Le mythe de l&rsquo;Eldorado est apparu dans la r\u00e9gion de Bogot\u00e1 vers 1536 ;\u00a0 il\u00a0 a \u00e9t\u00e9 rapidement \u00e9t\u00e9 relay\u00e9 par les conquistadors espagnols qui y ont cru sur la base de r\u00e9cits de voyage de Francisco de Oreillana et\u00a0 dans le cadre du mythe pus ancien des cit\u00e9s d&rsquo;or.<br>Le tri Postal repr\u00e9sentait les mythes : les mondes r\u00eav\u00e9s, la Ru\u00e9e vers l&rsquo;or, l&rsquo;Eldorado sans fin &#8211; des \u0153uvres contemporaines choc et explicites sur notre monde contemporain.<br>Chacune a pu r\u00e9fl\u00e9chir et discuter avec la conf\u00e9renci\u00e8re, c&rsquo;\u00e9tait passionnant\u00a0 ! <\/p>\n\n\n\n<ul class=\"wp-block-gallery columns-3 is-cropped wp-block-gallery-1 is-layout-flex wp-block-gallery-is-layout-flex\"><li class=\"blocks-gallery-item\"><figure><a href=\"littorelles.org\/wp-content\/uploads\/2019\/09\/Lille_3000_Eldorado-1.jpg\"><img decoding=\"async\" src=\"littorelles.org\/wp-content\/uploads\/2019\/09\/Lille_3000_Eldorado-1.jpg\" alt=\"\" data-id=\"2935\" data-link=\"littorelles.org\/?attachment_id=2935\" class=\"wp-image-2935\"\/><\/a><\/figure><\/li><li class=\"blocks-gallery-item\"><figure><a href=\"littorelles.org\/wp-content\/uploads\/2019\/09\/Lille_3000_Eldorado-2.jpg\"><img decoding=\"async\" src=\"littorelles.org\/wp-content\/uploads\/2019\/09\/Lille_3000_Eldorado-2.jpg\" alt=\"\" data-id=\"2936\" data-link=\"littorelles.org\/?attachment_id=2936\" class=\"wp-image-2936\"\/><\/a><\/figure><\/li><li class=\"blocks-gallery-item\"><figure><a href=\"littorelles.org\/wp-content\/uploads\/2019\/09\/Lille_3000_Eldorado-3.jpg\"><img decoding=\"async\" src=\"littorelles.org\/wp-content\/uploads\/2019\/09\/Lille_3000_Eldorado-3.jpg\" alt=\"\" data-id=\"2937\" data-link=\"littorelles.org\/?attachment_id=2937\" class=\"wp-image-2937\"\/><\/a><\/figure><\/li><li class=\"blocks-gallery-item\"><figure><a href=\"littorelles.org\/wp-content\/uploads\/2019\/09\/Lille_3000_Eldorado-4.jpg\"><img decoding=\"async\" src=\"littorelles.org\/wp-content\/uploads\/2019\/09\/Lille_3000_Eldorado-4.jpg\" alt=\"\" data-id=\"2938\" data-link=\"littorelles.org\/?attachment_id=2938\" class=\"wp-image-2938\"\/><\/a><\/figure><\/li><li class=\"blocks-gallery-item\"><figure><a href=\"littorelles.org\/wp-content\/uploads\/2019\/09\/Lille_3000_Eldorado-5.jpg\"><img decoding=\"async\" src=\"littorelles.org\/wp-content\/uploads\/2019\/09\/Lille_3000_Eldorado-5.jpg\" alt=\"\" data-id=\"2939\" data-link=\"littorelles.org\/?attachment_id=2939\" class=\"wp-image-2939\"\/><\/a><\/figure><\/li><li class=\"blocks-gallery-item\"><figure><a href=\"littorelles.org\/wp-content\/uploads\/2019\/09\/Lille_3000_Eldorado-6.jpg\"><img decoding=\"async\" src=\"littorelles.org\/wp-content\/uploads\/2019\/09\/Lille_3000_Eldorado-6.jpg\" alt=\"\" data-id=\"2940\" data-link=\"littorelles.org\/?attachment_id=2940\" class=\"wp-image-2940\"\/><\/a><\/figure><\/li><li class=\"blocks-gallery-item\"><figure><a href=\"littorelles.org\/wp-content\/uploads\/2019\/09\/Lille_3000_Eldorado-7.jpg\"><img decoding=\"async\" src=\"littorelles.org\/wp-content\/uploads\/2019\/09\/Lille_3000_Eldorado-7.jpg\" alt=\"\" data-id=\"2941\" data-link=\"littorelles.org\/?attachment_id=2941\" class=\"wp-image-2941\"\/><\/a><\/figure><\/li><li class=\"blocks-gallery-item\"><figure><a href=\"littorelles.org\/wp-content\/uploads\/2019\/09\/Lille_3000_Eldorado-8.jpg\"><img decoding=\"async\" src=\"littorelles.org\/wp-content\/uploads\/2019\/09\/Lille_3000_Eldorado-8.jpg\" alt=\"\" data-id=\"2943\" data-link=\"littorelles.org\/?attachment_id=2943\" class=\"wp-image-2943\"\/><\/a><\/figure><\/li><li class=\"blocks-gallery-item\"><figure><a href=\"littorelles.org\/wp-content\/uploads\/2019\/09\/Lille_3000_Eldorado-9.jpg\"><img decoding=\"async\" src=\"littorelles.org\/wp-content\/uploads\/2019\/09\/Lille_3000_Eldorado-9.jpg\" alt=\"\" data-id=\"2944\" data-link=\"littorelles.org\/?attachment_id=2944\" class=\"wp-image-2944\"\/><\/a><\/figure><\/li><li class=\"blocks-gallery-item\"><figure><a href=\"littorelles.org\/wp-content\/uploads\/2019\/09\/Lille_3000_Eldorado-10.jpg\"><img decoding=\"async\" src=\"littorelles.org\/wp-content\/uploads\/2019\/09\/Lille_3000_Eldorado-10.jpg\" alt=\"\" data-id=\"2945\" data-link=\"littorelles.org\/?attachment_id=2945\" class=\"wp-image-2945\"\/><\/a><\/figure><\/li><li class=\"blocks-gallery-item\"><figure><a href=\"littorelles.org\/wp-content\/uploads\/2019\/09\/Lille_3000_Eldorado-11.jpg\"><img decoding=\"async\" src=\"littorelles.org\/wp-content\/uploads\/2019\/09\/Lille_3000_Eldorado-11.jpg\" alt=\"\" data-id=\"2946\" data-link=\"littorelles.org\/?attachment_id=2946\" class=\"wp-image-2946\"\/><\/a><\/figure><\/li><li class=\"blocks-gallery-item\"><figure><a href=\"littorelles.org\/wp-content\/uploads\/2019\/09\/Lille_3000_Eldorado-12.jpg\"><img decoding=\"async\" src=\"littorelles.org\/wp-content\/uploads\/2019\/09\/Lille_3000_Eldorado-12.jpg\" alt=\"\" data-id=\"2947\" data-link=\"littorelles.org\/?attachment_id=2947\" class=\"wp-image-2947\"\/><\/a><\/figure><\/li><\/ul>\n","protected":false},"excerpt":{"rendered":"<p>LILLE a vu grand cette ann\u00e9e avec les expositions fantastiques \u00ab\u00a0ELDORADO\u00a0\u00bb&nbsp;&nbsp; L&rsquo;invit\u00e9 d&rsquo;honneur \u00e9tait le Mexique avec ses artistes contemporains et ses cultures populairesNous somme revenues conquises par l&rsquo;utilit\u00e9 de telles expositions ! Le mythe de l&rsquo;Eldorado est apparu dans la r\u00e9gion de Bogot\u00e1 vers 1536 ;\u00a0 il\u00a0 a \u00e9t\u00e9 rapidement \u00e9t\u00e9 relay\u00e9 par les &hellip; <a href=\"https:\/\/www.littorelles.org\/?page_id=2934\" class=\"more-link\">Continuer la lecture de <span class=\"screen-reader-text\">Lille 3000 Eldorado<\/span> <span class=\"meta-nav\">&rarr;<\/span><\/a><\/p>\n","protected":false},"author":1,"featured_media":0,"parent":2887,"menu_order":3,"comment_status":"closed","ping_status":"closed","template":"","meta":{"ngg_post_thumbnail":0,"footnotes":""},"class_list":["post-2934","page","type-page","status-publish","hentry"],"_links":{"self":[{"href":"https:\/\/www.littorelles.org\/index.php?rest_route=\/wp\/v2\/pages\/2934","targetHints":{"allow":["GET"]}}],"collection":[{"href":"https:\/\/www.littorelles.org\/index.php?rest_route=\/wp\/v2\/pages"}],"about":[{"href":"https:\/\/www.littorelles.org\/index.php?rest_route=\/wp\/v2\/types\/page"}],"author":[{"embeddable":true,"href":"https:\/\/www.littorelles.org\/index.php?rest_route=\/wp\/v2\/users\/1"}],"replies":[{"embeddable":true,"href":"https:\/\/www.littorelles.org\/index.php?rest_route=%2Fwp%2Fv2%2Fcomments&post=2934"}],"version-history":[{"count":0,"href":"https:\/\/www.littorelles.org\/index.php?rest_route=\/wp\/v2\/pages\/2934\/revisions"}],"up":[{"embeddable":true,"href":"https:\/\/www.littorelles.org\/index.php?rest_route=\/wp\/v2\/pages\/2887"}],"wp:attachment":[{"href":"https:\/\/www.littorelles.org\/index.php?rest_route=%2Fwp%2Fv2%2Fmedia&parent=2934"}],"curies":[{"name":"wp","href":"https:\/\/api.w.org\/{rel}","templated":true}]}}