{"id":2637,"date":"2018-08-22T23:47:43","date_gmt":"2018-08-22T22:47:43","guid":{"rendered":"http:\/\/littorelles.org\/?page_id=2637"},"modified":"2018-08-22T23:47:43","modified_gmt":"2018-08-22T22:47:43","slug":"jean-francois-millet","status":"publish","type":"page","link":"https:\/\/www.littorelles.org\/?page_id=2637","title":{"rendered":"Jean Fran\u00e7ois Millet"},"content":{"rendered":"ngg_shortcode_0_placeholder\n<p>&nbsp;<\/p>\n<div><span style=\"font-size: large;\">L&rsquo;Ang\u00e9lus est sans doute avec la Joconde le tableau le plus c\u00e9l\u00e8bre de l&rsquo;Art Occidental<\/span><\/div>\n<div>&nbsp;<\/div>\n<div><span style=\"font-size: large;\">Cette grande r\u00e9trospective au Palais des Beaux Arts de Lille a mis en lumi\u00e8re un artiste profond\u00e9ment inventif et dessinateur talentueux . Trop souvent \u00e9tiquet\u00e9 \u00ab\u00a0Peintre paysan\u00a0\u00bb ses peintures r\u00eavent avant tout un univers sensible et po\u00e9tique. Il fut un peintre hors norme qui a profond\u00e9ment marqu\u00e9 Van Gogh , Pissarro, Seurat, Gauguin<\/span><\/div>\n<div>&nbsp;<\/div>\n<div><span style=\"font-size: large;\">Aves Des Glaneuses (1857) et surtout l&rsquo;Ang\u00e9lus (1859) Jean Fran\u00e7ois Millet, d\u00e9clin\u00e9s de toutes les mani\u00e8res possibles (gravures, bibelots, calendriers&#8230;) Jean Fran\u00e7ois Millet a contribu\u00e9 \u00e0 forger le mythe d&rsquo;une France \u00e9ternelle enracin\u00e9e dans son pass\u00e9 paysan.<\/span><\/div>\n","protected":false},"excerpt":{"rendered":"<p>&nbsp; L&rsquo;Ang\u00e9lus est sans doute avec la Joconde le tableau le plus c\u00e9l\u00e8bre de l&rsquo;Art Occidental &nbsp; Cette grande r\u00e9trospective au Palais des Beaux Arts de Lille a mis en lumi\u00e8re un artiste profond\u00e9ment inventif et dessinateur talentueux . Trop souvent \u00e9tiquet\u00e9 \u00ab\u00a0Peintre paysan\u00a0\u00bb ses peintures r\u00eavent avant tout un univers sensible et po\u00e9tique. Il &hellip; <a href=\"https:\/\/www.littorelles.org\/?page_id=2637\" class=\"more-link\">Continuer la lecture de <span class=\"screen-reader-text\">Jean Fran\u00e7ois Millet<\/span> <span class=\"meta-nav\">&rarr;<\/span><\/a><\/p>\n","protected":false},"author":1,"featured_media":0,"parent":2543,"menu_order":0,"comment_status":"closed","ping_status":"closed","template":"","meta":{"ngg_post_thumbnail":0,"footnotes":""},"class_list":["post-2637","page","type-page","status-publish","hentry"],"_links":{"self":[{"href":"https:\/\/www.littorelles.org\/index.php?rest_route=\/wp\/v2\/pages\/2637","targetHints":{"allow":["GET"]}}],"collection":[{"href":"https:\/\/www.littorelles.org\/index.php?rest_route=\/wp\/v2\/pages"}],"about":[{"href":"https:\/\/www.littorelles.org\/index.php?rest_route=\/wp\/v2\/types\/page"}],"author":[{"embeddable":true,"href":"https:\/\/www.littorelles.org\/index.php?rest_route=\/wp\/v2\/users\/1"}],"replies":[{"embeddable":true,"href":"https:\/\/www.littorelles.org\/index.php?rest_route=%2Fwp%2Fv2%2Fcomments&post=2637"}],"version-history":[{"count":0,"href":"https:\/\/www.littorelles.org\/index.php?rest_route=\/wp\/v2\/pages\/2637\/revisions"}],"up":[{"embeddable":true,"href":"https:\/\/www.littorelles.org\/index.php?rest_route=\/wp\/v2\/pages\/2543"}],"wp:attachment":[{"href":"https:\/\/www.littorelles.org\/index.php?rest_route=%2Fwp%2Fv2%2Fmedia&parent=2637"}],"curies":[{"name":"wp","href":"https:\/\/api.w.org\/{rel}","templated":true}]}}