{"id":2493,"date":"2017-07-16T21:02:14","date_gmt":"2017-07-16T20:02:14","guid":{"rendered":"http:\/\/littorelles.org\/?page_id=2493"},"modified":"2017-07-16T21:02:14","modified_gmt":"2017-07-16T20:02:14","slug":"lheure-exquise-concert-flute-et-harpe","status":"publish","type":"page","link":"https:\/\/www.littorelles.org\/?page_id=2493","title":{"rendered":"L&rsquo;heure exquise &#8211; Concert Fl\u00fbte et Harpe"},"content":{"rendered":"<blockquote>ngg_shortcode_0_placeholder<\/blockquote>\n<p>A voir : &nbsp;<a style=\"font-size: 1.125rem; font-style: italic;\" href=\"https:\/\/www.arte.tv\/de\/videos\/077612-001-A\/europa-open-air-des-hr-sinfonieorchesters-und-der-europaeischen-zentralbank\/\">Orchestre symphonique dans lequel se produisent les artistes du concert de cette soir\u00e9e LITTORELLES<\/a><\/p>\n<p>Nos 2 artistes, Anne Sophie Bertrand \u00e0 la Harpe et Sarah Louvion \u00e0 la Fl\u00fbte, nous ont offert une belle heure exquise autour des \u0153uvres de Bach, Debussy, Faur\u00e9, St Sa\u00ebns, et Piazzolla : un moment de gr\u00e2ce et d&rsquo;enchantement pour tous les participants.<\/p>\n<p>&nbsp;<\/p>\n<p>Apr\u00e8s le sens de l&rsquo;ou\u00efe, nous sommes pass\u00e9es au sens du go\u00fbt, avec le menu soign\u00e9 de la matelote<\/p>\n<blockquote>\n<p style=\"text-align: center;\">La lune blanche<br \/>\nluit dans les bois<br \/>\nde chaque branche<br \/>\npart une voix<br \/>\no bien aim\u00e9e<\/p>\n<p style=\"text-align: center;\">L&rsquo;\u00e9tang refl\u00e8te<br \/>\nprofond miroir<br \/>\nla silhouette<br \/>\ndu saule noir<br \/>\no\u00f9 le vent pleure<br \/>\nr\u00eavons c&rsquo;est l&rsquo;heure<\/p>\n<p style=\"text-align: center;\">Un vaste et tendre apaisement<br \/>\nsemble descendre<br \/>\ndu firmament<br \/>\nque l&rsquo;astre irise&#8230;<\/p>\n<p style=\"text-align: center;\">C&rsquo;est l&rsquo;heure exquise<\/p>\n<p style=\"text-align: center;\">Paul VERLAINE<\/p>\n<\/blockquote>\n","protected":false},"excerpt":{"rendered":"<p>A voir : &nbsp;Orchestre symphonique dans lequel se produisent les artistes du concert de cette soir\u00e9e LITTORELLES Nos 2 artistes, Anne Sophie Bertrand \u00e0 la Harpe et Sarah Louvion \u00e0 la Fl\u00fbte, nous ont offert une belle heure exquise autour des \u0153uvres de Bach, Debussy, Faur\u00e9, St Sa\u00ebns, et Piazzolla : un moment de gr\u00e2ce &hellip; <a href=\"https:\/\/www.littorelles.org\/?page_id=2493\" class=\"more-link\">Continuer la lecture de <span class=\"screen-reader-text\">L&rsquo;heure exquise &#8211; Concert Fl\u00fbte et Harpe<\/span> <span class=\"meta-nav\">&rarr;<\/span><\/a><\/p>\n","protected":false},"author":1,"featured_media":0,"parent":1481,"menu_order":0,"comment_status":"closed","ping_status":"closed","template":"","meta":{"ngg_post_thumbnail":0,"footnotes":""},"class_list":["post-2493","page","type-page","status-publish","hentry"],"_links":{"self":[{"href":"https:\/\/www.littorelles.org\/index.php?rest_route=\/wp\/v2\/pages\/2493","targetHints":{"allow":["GET"]}}],"collection":[{"href":"https:\/\/www.littorelles.org\/index.php?rest_route=\/wp\/v2\/pages"}],"about":[{"href":"https:\/\/www.littorelles.org\/index.php?rest_route=\/wp\/v2\/types\/page"}],"author":[{"embeddable":true,"href":"https:\/\/www.littorelles.org\/index.php?rest_route=\/wp\/v2\/users\/1"}],"replies":[{"embeddable":true,"href":"https:\/\/www.littorelles.org\/index.php?rest_route=%2Fwp%2Fv2%2Fcomments&post=2493"}],"version-history":[{"count":0,"href":"https:\/\/www.littorelles.org\/index.php?rest_route=\/wp\/v2\/pages\/2493\/revisions"}],"up":[{"embeddable":true,"href":"https:\/\/www.littorelles.org\/index.php?rest_route=\/wp\/v2\/pages\/1481"}],"wp:attachment":[{"href":"https:\/\/www.littorelles.org\/index.php?rest_route=%2Fwp%2Fv2%2Fmedia&parent=2493"}],"curies":[{"name":"wp","href":"https:\/\/api.w.org\/{rel}","templated":true}]}}

L&rsquo;heure exquise &#8211; Concert Flûte et Harpe

<blockquote>ngg_shortcode_0_placeholder</blockquote>
<p>A voir : &nbsp;<a style="font-size: 1.125rem; font-style: italic;" href="https://www.arte.tv/de/videos/077612-001-A/europa-open-air-des-hr-sinfonieorchesters-und-der-europaeischen-zentralbank/">Orchestre symphonique dans lequel se produisent les artistes du concert de cette soirée LITTORELLES</a></p>
<p>Nos 2 artistes, Anne Sophie Bertrand à la Harpe et Sarah Louvion à la Flûte, nous ont offert une belle heure exquise autour des œuvres de Bach, Debussy, Fauré, St Saëns, et Piazzolla : un moment de grâce et d&rsquo;enchantement pour tous les participants.</p>
<p>&nbsp;</p>
<p>Après le sens de l&rsquo;ouïe, nous sommes passées au sens du goût, avec le menu soigné de la matelote</p>
<blockquote>
<p style="text-align: center;">La lune blanche<br />
luit dans les bois<br />
de chaque branche<br />
part une voix<br />
o bien aimée</p>
<p style="text-align: center;">L&rsquo;étang reflète<br />
profond miroir<br />
la silhouette<br />
du saule noir<br />
où le vent pleure<br />
rêvons c&rsquo;est l&rsquo;heure</p>
<p style="text-align: center;">Un vaste et tendre apaisement<br />
semble descendre<br />
du firmament<br />
que l&rsquo;astre irise&#8230;</p>
<p style="text-align: center;">C&rsquo;est l&rsquo;heure exquise</p>
<p style="text-align: center;">Paul VERLAINE</p>
</blockquote>

<p>A voir : &nbsp;Orchestre symphonique dans lequel se produisent les artistes du concert de cette soirée LITTORELLES Nos 2 artistes, Anne Sophie Bertrand à la Harpe et Sarah Louvion à la Flûte, nous ont offert une belle heure exquise autour des œuvres de Bach, Debussy, Fauré, St Saëns, et Piazzolla : un moment de grâce &hellip; <a href="https://www.littorelles.org/?page_id=2493" class="more-link">Continuer la lecture de <span class="screen-reader-text">L&rsquo;heure exquise &#8211; Concert Flûte et Harpe</span> <span class="meta-nav">&rarr;</span></a></p>
