{"id":240,"date":"2014-01-19T23:07:11","date_gmt":"2014-01-19T22:07:11","guid":{"rendered":"http:\/\/littorelles.org\/?page_id=240"},"modified":"2014-01-19T23:07:11","modified_gmt":"2014-01-19T22:07:11","slug":"0-ile-de-france-picardie","status":"publish","type":"page","link":"https:\/\/www.littorelles.org\/?page_id=240","title":{"rendered":"Ile de France\/ Picardie"},"content":{"rendered":"<p>Des Ch\u00e2teaux en Picardie<br \/>\nCoeur historique de Paris, l\u2019Ile Saint Louis<br \/>\nL\u2019Hotel de Lassay<br \/>\nParis envo\u00fbtant, Paris Captivant<br \/>\nParis, le mus\u00e9e du juda\u00efsme et le quartier juif<br \/>\nQuai Branly : une passerelle entre les cultures<br \/>\nQuand Versailles \u00e9tait meubl\u00e9 d\u2019argent<br \/>\nVersailles<br \/>\nVisite de l\u2019Assembl\u00e9e Nationale<\/p>\n","protected":false},"excerpt":{"rendered":"<p>Des Ch\u00e2teaux en Picardie Coeur historique de Paris, l\u2019Ile Saint Louis L\u2019Hotel de Lassay Paris envo\u00fbtant, Paris Captivant Paris, le mus\u00e9e du juda\u00efsme et le quartier juif Quai Branly : une passerelle entre les cultures Quand Versailles \u00e9tait meubl\u00e9 d\u2019argent Versailles Visite de l\u2019Assembl\u00e9e Nationale<\/p>\n","protected":false},"author":1,"featured_media":0,"parent":37,"menu_order":0,"comment_status":"closed","ping_status":"open","template":"","meta":{"ngg_post_thumbnail":0,"footnotes":""},"class_list":["post-240","page","type-page","status-publish","hentry"],"_links":{"self":[{"href":"https:\/\/www.littorelles.org\/index.php?rest_route=\/wp\/v2\/pages\/240","targetHints":{"allow":["GET"]}}],"collection":[{"href":"https:\/\/www.littorelles.org\/index.php?rest_route=\/wp\/v2\/pages"}],"about":[{"href":"https:\/\/www.littorelles.org\/index.php?rest_route=\/wp\/v2\/types\/page"}],"author":[{"embeddable":true,"href":"https:\/\/www.littorelles.org\/index.php?rest_route=\/wp\/v2\/users\/1"}],"replies":[{"embeddable":true,"href":"https:\/\/www.littorelles.org\/index.php?rest_route=%2Fwp%2Fv2%2Fcomments&post=240"}],"version-history":[{"count":0,"href":"https:\/\/www.littorelles.org\/index.php?rest_route=\/wp\/v2\/pages\/240\/revisions"}],"up":[{"embeddable":true,"href":"https:\/\/www.littorelles.org\/index.php?rest_route=\/wp\/v2\/pages\/37"}],"wp:attachment":[{"href":"https:\/\/www.littorelles.org\/index.php?rest_route=%2Fwp%2Fv2%2Fmedia&parent=240"}],"curies":[{"name":"wp","href":"https:\/\/api.w.org\/{rel}","templated":true}]}}