{"id":1640,"date":"2017-04-02T02:24:05","date_gmt":"2017-04-02T01:24:05","guid":{"rendered":"http:\/\/littorelles.org\/?page_id=1640"},"modified":"2017-04-02T02:24:05","modified_gmt":"2017-04-02T01:24:05","slug":"jardins-en-belgique-au-chateau-de-court-saint-etienne","status":"publish","type":"page","link":"https:\/\/www.littorelles.org\/?page_id=1640","title":{"rendered":"Jardins en Belgique au ch\u00e2teau de Court Saint Etienne"},"content":{"rendered":"<div>La Comtesse V\u00e9ronique Goblet d&rsquo;Alviella&nbsp;nous a accueillies &nbsp;et guid\u00e9es tout au long de la visite. Elle est passionn\u00e9e de jardins, &nbsp;de buis, des arbres fruitiers et de potager.<\/div>\n<div>&nbsp;<\/div>\n<div>Nous avons particip\u00e9 \u00e0 une grande promenade dans le parc bien dessin\u00e9 et vallonn\u00e9 avec la pr\u00e9sence de plans d&rsquo;eau&nbsp; qui soulignent la majest\u00e9 des lieux<\/div>\n<div>Une belle le\u00e7on de botanique !<\/div>\n<div>&nbsp;<\/div>\n<div>ngg_shortcode_0_placeholder<\/div>\n","protected":false},"excerpt":{"rendered":"<p>La Comtesse V\u00e9ronique Goblet d&rsquo;Alviella&nbsp;nous a accueillies &nbsp;et guid\u00e9es tout au long de la visite. Elle est passionn\u00e9e de jardins, &nbsp;de buis, des arbres fruitiers et de potager. &nbsp; Nous avons particip\u00e9 \u00e0 une grande promenade dans le parc bien dessin\u00e9 et vallonn\u00e9 avec la pr\u00e9sence de plans d&rsquo;eau&nbsp; qui soulignent la majest\u00e9 des lieux &hellip; <a href=\"https:\/\/www.littorelles.org\/?page_id=1640\" class=\"more-link\">Continuer la lecture de <span class=\"screen-reader-text\">Jardins en Belgique au ch\u00e2teau de Court Saint Etienne<\/span> <span class=\"meta-nav\">&rarr;<\/span><\/a><\/p>\n","protected":false},"author":1,"featured_media":0,"parent":1481,"menu_order":0,"comment_status":"closed","ping_status":"closed","template":"","meta":{"ngg_post_thumbnail":0,"footnotes":""},"class_list":["post-1640","page","type-page","status-publish","hentry"],"_links":{"self":[{"href":"https:\/\/www.littorelles.org\/index.php?rest_route=\/wp\/v2\/pages\/1640","targetHints":{"allow":["GET"]}}],"collection":[{"href":"https:\/\/www.littorelles.org\/index.php?rest_route=\/wp\/v2\/pages"}],"about":[{"href":"https:\/\/www.littorelles.org\/index.php?rest_route=\/wp\/v2\/types\/page"}],"author":[{"embeddable":true,"href":"https:\/\/www.littorelles.org\/index.php?rest_route=\/wp\/v2\/users\/1"}],"replies":[{"embeddable":true,"href":"https:\/\/www.littorelles.org\/index.php?rest_route=%2Fwp%2Fv2%2Fcomments&post=1640"}],"version-history":[{"count":0,"href":"https:\/\/www.littorelles.org\/index.php?rest_route=\/wp\/v2\/pages\/1640\/revisions"}],"up":[{"embeddable":true,"href":"https:\/\/www.littorelles.org\/index.php?rest_route=\/wp\/v2\/pages\/1481"}],"wp:attachment":[{"href":"https:\/\/www.littorelles.org\/index.php?rest_route=%2Fwp%2Fv2%2Fmedia&parent=1640"}],"curies":[{"name":"wp","href":"https:\/\/api.w.org\/{rel}","templated":true}]}}