{"id":1483,"date":"2017-04-02T00:49:35","date_gmt":"2017-04-01T23:49:35","guid":{"rendered":"http:\/\/littorelles.org\/?page_id=1483"},"modified":"2017-04-02T00:49:35","modified_gmt":"2017-04-01T23:49:35","slug":"le-chemin-de-damas-avec-christian-chesnot","status":"publish","type":"page","link":"https:\/\/www.littorelles.org\/?page_id=1483","title":{"rendered":"Le chemin de Damas avec Christian CHESNOT"},"content":{"rendered":"<p>Christian Chesnot, grand reporter, est venu nous entretenir de son livre \u00ab\u00a0Les chemins de Damas\u00a0\u00bb. Avec simplicit\u00e9 il nous a tenu en haleine tout au long de son expos\u00e9.<\/p>\n<p>\u00ab\u00a0Ce livre explore les m\u00e9andres de quarante ann\u00e9es de relations entre la France et la Syrie. Des relations jalonn\u00e9es de cadavres, d&rsquo;affrontements, mais aussi de lunes de miel tant spectaculaires qu&rsquo;\u00e9pisodiques. Quarante ans pendant lesquels Paris et Damas n&rsquo;ont cess\u00e9 de faire des affaires sans interrompre le fil d&rsquo;une coop\u00e9ration s\u00e9curitaire aux aspects parfois inavouables.<br \/>\nChristian Chesnot et Georges Malbrunot r\u00e9v\u00e8lent le dossier noir de cette relation quasi schizophr\u00e9nique. Ils montrent que les dirigeants fran\u00e7ais ont sous-estim\u00e9 la solidit\u00e9 du r\u00e9gime de Damas, un monstre froid aux moeurs politiques implacables dont ils n&rsquo;ignoraient pourtant rien de la f\u00e9rocit\u00e9\u00a0\u00bb<\/p>\n<p><a href=\"littorelles.org\/wp-content\/uploads\/2017\/04\/christine.jpg\"><img loading=\"lazy\" decoding=\"async\" class=\"aligncenter size-full wp-image-1484\" src=\"littorelles.org\/wp-content\/uploads\/2017\/04\/christine.jpg\" alt=\"\" width=\"640\" height=\"480\"><\/a> <a href=\"littorelles.org\/wp-content\/uploads\/2017\/04\/damas.jpg\"><img loading=\"lazy\" decoding=\"async\" class=\"aligncenter size-full wp-image-1485\" src=\"littorelles.org\/wp-content\/uploads\/2017\/04\/damas.jpg\" alt=\"\" width=\"514\" height=\"800\"><\/a><\/p>\n","protected":false},"excerpt":{"rendered":"<p>Christian Chesnot, grand reporter, est venu nous entretenir de son livre \u00ab\u00a0Les chemins de Damas\u00a0\u00bb. Avec simplicit\u00e9 il nous a tenu en haleine tout au long de son expos\u00e9. \u00ab\u00a0Ce livre explore les m\u00e9andres de quarante ann\u00e9es de relations entre la France et la Syrie. Des relations jalonn\u00e9es de cadavres, d&rsquo;affrontements, mais aussi de lunes &hellip; <a href=\"https:\/\/www.littorelles.org\/?page_id=1483\" class=\"more-link\">Continuer la lecture de <span class=\"screen-reader-text\">Le chemin de Damas avec Christian CHESNOT<\/span> <span class=\"meta-nav\">&rarr;<\/span><\/a><\/p>\n","protected":false},"author":1,"featured_media":0,"parent":1481,"menu_order":0,"comment_status":"closed","ping_status":"closed","template":"","meta":{"ngg_post_thumbnail":0,"footnotes":""},"class_list":["post-1483","page","type-page","status-publish","hentry"],"_links":{"self":[{"href":"https:\/\/www.littorelles.org\/index.php?rest_route=\/wp\/v2\/pages\/1483","targetHints":{"allow":["GET"]}}],"collection":[{"href":"https:\/\/www.littorelles.org\/index.php?rest_route=\/wp\/v2\/pages"}],"about":[{"href":"https:\/\/www.littorelles.org\/index.php?rest_route=\/wp\/v2\/types\/page"}],"author":[{"embeddable":true,"href":"https:\/\/www.littorelles.org\/index.php?rest_route=\/wp\/v2\/users\/1"}],"replies":[{"embeddable":true,"href":"https:\/\/www.littorelles.org\/index.php?rest_route=%2Fwp%2Fv2%2Fcomments&post=1483"}],"version-history":[{"count":0,"href":"https:\/\/www.littorelles.org\/index.php?rest_route=\/wp\/v2\/pages\/1483\/revisions"}],"up":[{"embeddable":true,"href":"https:\/\/www.littorelles.org\/index.php?rest_route=\/wp\/v2\/pages\/1481"}],"wp:attachment":[{"href":"https:\/\/www.littorelles.org\/index.php?rest_route=%2Fwp%2Fv2%2Fmedia&parent=1483"}],"curies":[{"name":"wp","href":"https:\/\/api.w.org\/{rel}","templated":true}]}}