{"id":1481,"date":"2017-04-02T00:46:01","date_gmt":"2017-04-01T23:46:01","guid":{"rendered":"http:\/\/littorelles.org\/?page_id=1481"},"modified":"2017-04-02T00:46:01","modified_gmt":"2017-04-01T23:46:01","slug":"2016-2017","status":"publish","type":"page","link":"https:\/\/www.littorelles.org\/?page_id=1481","title":{"rendered":"2016 \/ 2017"},"content":{"rendered":"<p>Les activit\u00e9s de 2016 et 2017<\/p>\n<p><a href=\"littorelles.org\/?page_id=1540\">Aire-sur-la-Lys<\/a><\/p>\n<p><a href=\"littorelles.org\/?page_id=1945\">Amadeo Modigliani au LAM de Villeneuve d\u2019Ascq<\/a><\/p>\n<p><a href=\"littorelles.org\/?page_id=1808\">Ch\u00e2teau d\u2019Eu<\/a><\/p>\n<p><a href=\"littorelles.org\/?page_id=1612\">Ch\u00e2teau de Cocove \u2013 Repas de No\u00ebl<\/a><\/p>\n<p><a href=\"littorelles.org\/?page_id=1592\">Ch\u00e2teau et Jardins WALMER (Angleterre)<\/a><\/p>\n<p><a href=\"littorelles.org\/?page_id=1880\">Collection Chtchoukine \u00e0 la Fondation Vuitton<\/a><\/p>\n<p><a href=\"littorelles.org\/?page_id=1764\">Constellation \u2013 Pi\u00e8ce de Th\u00e9\u00e2tre<\/a><\/p>\n<p><a href=\"littorelles.org\/?page_id=1652\">Exposition VAN GOGH \u00e0 Mons<\/a><\/p>\n<p><a href=\"littorelles.org\/?page_id=1848\">Hamlet avec Passiflore<\/a><\/p>\n<p><a href=\"littorelles.org\/?page_id=1860\">Jade, des empereurs chinois \u00e0 l\u2019Art d\u00e9co \u2013 Mus\u00e9e Guimet<\/a><\/p>\n<p><a href=\"littorelles.org\/?page_id=1684\">Jardin de Maizicourt<\/a><\/p>\n<p><a href=\"littorelles.org\/?page_id=1640\">Jardins en Belgique au ch\u00e2teau de Court Saint Etienne<\/a><\/p>\n<p><a href=\"littorelles.org\/?page_id=1475\">Jean et Marie Roulland conf\u00e9rence de Bruno VOUTERS<\/a><\/p>\n<p><a href=\"littorelles.org\/?page_id=1508\">L\u2019Art D\u00e9co \u00e0 Saint Quentin<\/a><\/p>\n<p><a href=\"littorelles.org\/?page_id=1664\">La Chartreuse de Neuville-sous-Montreuil<\/a><\/p>\n<p><a href=\"littorelles.org\/?page_id=1913\">La guerre au nom de Dieu, hier et aujourd\u2019hui<\/a><\/p>\n<p><a href=\"littorelles.org\/?page_id=1483\">Le chemin de Damas avec Christian CHESNOT<\/a><\/p>\n<p><a href=\"littorelles.org\/?page_id=1528\">Le Familist\u00e8re \u00e0 Guise<\/a><\/p>\n<p><a href=\"littorelles.org\/?page_id=1828\">Le jardin japonais, un sanctuaire spirituel<\/a><\/p>\n<p><a href=\"littorelles.org\/?page_id=1744\">Le Sidaner au Mus\u00e9e du Touquet<\/a><\/p>\n<p><a href=\"littorelles.org\/?page_id=1933\">Les grandes peurs de J\u00e9r\u00f4me Bosch pr\u00e9sent\u00e9es par Guy TETELAIN<\/a><\/p>\n<p><a href=\"littorelles.org\/?page_id=1552\">Louvre Lens \u2013 Dansez embrassez qui vous voudrez<\/a><\/p>\n<p><a href=\"littorelles.org\/?page_id=1724\">Louvre Lens \u2013 les d\u00e9sastres de la guerre<\/a><\/p>\n<p><a href=\"littorelles.org\/?page_id=1487\">Montmartre avec Passiflore<\/a><\/p>\n<p><a href=\"littorelles.org\/?page_id=1580\">Northbourne park school, visite d\u2019une \u00e9cole anglaise<\/a><\/p>\n<p><a href=\"littorelles.org\/?page_id=1900\">Pour l\u2019amour de l\u2019Art de Monique VANLAER<\/a><\/p>\n<p><a href=\"littorelles.org\/?page_id=1780\">Vall\u00e9e de la Bresle<\/a><\/p>\n<p><a href=\"littorelles.org\/?page_id=1712\">Versailles s\u2019invite \u00e0 Arras<\/a><\/p>\n<p><a href=\"littorelles.org\/?page_id=1965\">Villa Cavrois, un ch\u00e2teau moderne<\/a><\/p>\n","protected":false},"excerpt":{"rendered":"<p>Les activit\u00e9s de 2016 et 2017 Aire-sur-la-Lys Amadeo Modigliani au LAM de Villeneuve d\u2019Ascq Ch\u00e2teau d\u2019Eu Ch\u00e2teau de Cocove \u2013 Repas de No\u00ebl Ch\u00e2teau et Jardins WALMER (Angleterre) Collection Chtchoukine \u00e0 la Fondation Vuitton Constellation \u2013 Pi\u00e8ce de Th\u00e9\u00e2tre Exposition VAN GOGH \u00e0 Mons Hamlet avec Passiflore Jade, des empereurs chinois \u00e0 l\u2019Art d\u00e9co \u2013 &hellip; <a href=\"https:\/\/www.littorelles.org\/?page_id=1481\" class=\"more-link\">Continuer la lecture de <span class=\"screen-reader-text\">2016 \/ 2017<\/span> <span class=\"meta-nav\">&rarr;<\/span><\/a><\/p>\n","protected":false},"author":1,"featured_media":0,"parent":0,"menu_order":6,"comment_status":"closed","ping_status":"closed","template":"","meta":{"ngg_post_thumbnail":0,"footnotes":""},"class_list":["post-1481","page","type-page","status-publish","hentry"],"_links":{"self":[{"href":"https:\/\/www.littorelles.org\/index.php?rest_route=\/wp\/v2\/pages\/1481","targetHints":{"allow":["GET"]}}],"collection":[{"href":"https:\/\/www.littorelles.org\/index.php?rest_route=\/wp\/v2\/pages"}],"about":[{"href":"https:\/\/www.littorelles.org\/index.php?rest_route=\/wp\/v2\/types\/page"}],"author":[{"embeddable":true,"href":"https:\/\/www.littorelles.org\/index.php?rest_route=\/wp\/v2\/users\/1"}],"replies":[{"embeddable":true,"href":"https:\/\/www.littorelles.org\/index.php?rest_route=%2Fwp%2Fv2%2Fcomments&post=1481"}],"version-history":[{"count":0,"href":"https:\/\/www.littorelles.org\/index.php?rest_route=\/wp\/v2\/pages\/1481\/revisions"}],"wp:attachment":[{"href":"https:\/\/www.littorelles.org\/index.php?rest_route=%2Fwp%2Fv2%2Fmedia&parent=1481"}],"curies":[{"name":"wp","href":"https:\/\/api.w.org\/{rel}","templated":true}]}}