{"id":1135,"date":"2014-02-23T16:24:17","date_gmt":"2014-02-23T15:24:17","guid":{"rendered":"http:\/\/littorelles.org\/?page_id=1135"},"modified":"2014-02-23T16:24:17","modified_gmt":"2014-02-23T15:24:17","slug":"ostende-2","status":"publish","type":"page","link":"https:\/\/www.littorelles.org\/?page_id=1135","title":{"rendered":"Une journ\u00e9e \u00e0 Ostende"},"content":{"rendered":"<p><img decoding=\"async\" class=\"ngg_displayed_gallery mceItem\" alt=\"\" src=\"littorelles.org\/index.php\/nextgen-attach_to_post\/preview\/id--1136\" \/><\/p>\n<p>Nous avons eu un \u00e9l\u00e9gant D\u00e9jeuner au Fort Napol\u00e9on, un restaurant \u00e9tabli au c\u0153ur des dunes dans un fort octogonal sur l&rsquo;ordre de Napol\u00e9on qui \u00e0 lui seul valait la visite. Depuis la terrasse, nous avions une vue sur le phare, le port et les dunes.<\/p>\n<p>Puis nous sommes all\u00e9es au Mus\u00e9e d&rsquo;Art Moderne d&rsquo;Ostende concernant l&rsquo;art plastique bels du 20\u00e8me si\u00e8cle \u00e0 aujourd&rsquo;hui mais aussi les peintres belges comme Ensor, Spilliaert pr\u00e9curseurs de l&rsquo;art moderne et contemporain, de Constandt Permeke et Gis De Smet de expressionnisme flamand, des surr\u00e9alistes Paul Delvaux et Ren\u00e9 Magritte.<\/p>\n<p>Apr\u00e8s une promenade sous les galeries Royales que nous avons trouv\u00e9es tr\u00e8s ab\u00eem\u00e9es, \u00a0nous sommes rentr\u00e9es ravies \u00e0 Calais et Boulogne.<\/p>\n<p>&nbsp;<\/p>\n<p><img decoding=\"async\" class=\"ngg_displayed_gallery mceItem\" alt=\"\" src=\"littorelles.org\/index.php\/nextgen-attach_to_post\/preview\/id--1137\" \/><\/p>\n","protected":false},"excerpt":{"rendered":"<p>Nous avons eu un \u00e9l\u00e9gant D\u00e9jeuner au Fort Napol\u00e9on, un restaurant \u00e9tabli au c\u0153ur des dunes dans un fort octogonal sur l&rsquo;ordre de Napol\u00e9on qui \u00e0 lui seul valait la visite. Depuis la terrasse, nous avions une vue sur le phare, le port et les dunes. Puis nous sommes all\u00e9es au Mus\u00e9e d&rsquo;Art Moderne d&rsquo;Ostende &hellip; <a href=\"https:\/\/www.littorelles.org\/?page_id=1135\" class=\"more-link\">Continuer la lecture de <span class=\"screen-reader-text\">Une journ\u00e9e \u00e0 Ostende<\/span> <span class=\"meta-nav\">&rarr;<\/span><\/a><\/p>\n","protected":false},"author":1,"featured_media":0,"parent":148,"menu_order":0,"comment_status":"closed","ping_status":"open","template":"","meta":{"ngg_post_thumbnail":0,"footnotes":""},"class_list":["post-1135","page","type-page","status-publish","hentry"],"_links":{"self":[{"href":"https:\/\/www.littorelles.org\/index.php?rest_route=\/wp\/v2\/pages\/1135","targetHints":{"allow":["GET"]}}],"collection":[{"href":"https:\/\/www.littorelles.org\/index.php?rest_route=\/wp\/v2\/pages"}],"about":[{"href":"https:\/\/www.littorelles.org\/index.php?rest_route=\/wp\/v2\/types\/page"}],"author":[{"embeddable":true,"href":"https:\/\/www.littorelles.org\/index.php?rest_route=\/wp\/v2\/users\/1"}],"replies":[{"embeddable":true,"href":"https:\/\/www.littorelles.org\/index.php?rest_route=%2Fwp%2Fv2%2Fcomments&post=1135"}],"version-history":[{"count":0,"href":"https:\/\/www.littorelles.org\/index.php?rest_route=\/wp\/v2\/pages\/1135\/revisions"}],"up":[{"embeddable":true,"href":"https:\/\/www.littorelles.org\/index.php?rest_route=\/wp\/v2\/pages\/148"}],"wp:attachment":[{"href":"https:\/\/www.littorelles.org\/index.php?rest_route=%2Fwp%2Fv2%2Fmedia&parent=1135"}],"curies":[{"name":"wp","href":"https:\/\/api.w.org\/{rel}","templated":true}]}}